NOAA-style Climate Reports

- as reported from this site (LasCruces-Weather.com) beginning 04-03-07

2023: Jan | Feb | Mar | Apr | May | Jun | Jul | Aug | Sep | Oct | Nov | Dec 
2022: Jan | Feb | Mar | Apr | May | Jun | Jul | Aug | Sep | Oct | Nov | Dec 
2021: Jan | Feb | Mar | Apr | May | Jun | Jul | Aug | Sep | Oct | Nov | Dec 
2020: Jan | Feb | Mar | Apr | May | Jun | Jul | Aug | Sep | Oct | Nov | Dec 
2019: Jan | Feb | Mar | Apr | May | Jun | Jul | Aug | Sep | Oct | Nov | Dec 
2018: Jan | Feb | Mar | Apr | May | Jun | Jul | Aug | Sep | Oct | Nov | Dec 
2017: Jan | Feb | Mar | Apr | May | Jun | Jul | Aug | Sep | Oct | Nov | Dec 
2016: Jan | Feb | Mar | Apr | May | Jun | Jul | Aug | Sep | Oct | Nov | Dec 
2015: Jan | Feb | Mar | Apr | May | Jun | Jul | Aug | Sep | Oct | Nov | Dec 
2014: Jan | Feb | Mar | Apr | May | Jun | Jul | Aug | Sep | Oct | Nov | Dec 
2013: Jan | Feb | Mar | Apr | May | Jun | Jul | Aug | Sep | Oct | Nov | Dec 
2012: Jan | Feb | Mar | Apr | May | Jun | Jul | Aug | Sep | Oct | Nov | Dec 
2011: Jan | Feb | Mar | Apr | May | Jun | Jul | Aug | Sep | Oct | Nov | Dec 
2010: Jan | Feb | Mar | Apr | May | Jun | Jul | Aug | Sep | Oct | Nov | Dec 
2009: Jan | Feb | Mar | Apr | May | Jun | Jul | Aug | Sep | Oct | Nov | Dec 
2008: Jan | Feb | Mar | Apr | May | Jun | Jul | Aug | Sep | Oct | Nov | Dec 
2007: Jan | Feb | Mar | Apr | May | Jun | Jul | Aug | Sep | Oct | Nov | Dec 

Report for 2013 02
MONTHLY CLIMATOLOGICAL SUMMARY for FEB. 2013 NAME: C32 CITY: Las Cruces|East Mesa STATE: NM ELEV: 4474 ft LAT: 32 24' 08" N LONG: 106 41' 01" W TEMPERATURE (F), RAIN (in), WIND SPEED (mph) HEAT COOL AVG MEAN DEG DEG WIND DOM DAY TEMP HIGH TIME LOW TIME DAYS DAYS RAIN SPEED HIGH TIME DIR ------------------------------------------------------------------------------------ 1 42.5 61.4 3:05p 25.1 6:30a 22.5 0.0 0.00 2.6 9.0 1:30p E 2 44.4 64.1 4:00p 27.5 3:45a 20.6 0.0 0.00 3.3 12.0 9:45a NE 3 47.9 60.4 3:05p 35.6 6:20a 17.1 0.0 0.00 2.8 18.0 6:55p NE 4 49.5 62.0 3:10p 35.7 6:50a 15.4 0.0 0.00 3.1 15.0 12:15p SE 5 48.8 66.1 3:10p 34.2 7:00a 16.2 0.0 0.00 3.1 17.0 3:45p SE 6 52.5 65.0 2:45p 38.4 7:30a 12.5 0.0 0.00 4.2 18.0 3:40p WSW 7 50.0 63.5 2:55p 34.6 7:10a 15.0 0.0 0.00 3.1 19.0 10:30p E 8 54.0 66.9 2:50p 39.2 7:30a 11.0 0.1 0.00 5.5 24.0 11:05a S 9 46.8 55.7 12:30p 36.5 10:55p 18.2 0.0 0.00 8.8 33.0 1:30p W 10 39.0 51.6 3:55p 27.8 4:50a 26.0 0.0 0.00 3.5 16.0 1:00p SE 11 41.1 57.1 2:45p 24.9 7:15a 23.8 0.0 0.00 4.1 23.0 3:40p E 12 37.3 47.8 4:20p 27.2 11:20p 27.7 0.0 0.00 4.7 20.0 12:10p NNW 13 37.7 53.9 3:50p 22.9 7:25a 27.3 0.0 0.00 3.5 13.0 1:30p NE 14 40.9 58.7 4:00p 21.8 3:00a 24.1 0.0 0.00 3.1 13.0 4:10p N 15 41.3 56.7 4:05p 29.5 5:20a 23.7 0.0 0.00 3.1 19.0 2:45p NE 16 41.8 59.3 4:00p 22.5 6:50a 23.2 0.0 0.00 2.5 9.0 8:55a ESE 17 47.6 66.1 3:10p 25.8 5:00a 17.4 0.0 0.00 4.3 22.0 3:05p SSW 18 51.7 63.3 2:35p 37.9 7:30a 13.3 0.0 0.00 3.8 15.0 1:40a SSE 19 45.6 59.1 11:30a 30.0 7:15a 19.4 0.0 0.04 5.3 23.0 2:55p S 20 46.0 58.3 1:05p 31.3 12:00m 19.0 0.0 0.01 9.1 34.0 1:30p WSW 21 37.4 49.2 2:30p 28.0 7:10a 27.6 0.0 0.00 6.5 21.0 1:55p SW 22 40.5 52.8 3:10p 26.5 6:20a 24.5 0.0 0.00 5.6 25.0 5:40p WSW 23 43.0 58.6 3:00p 24.5 5:45a 22.0 0.0 0.00 4.4 21.0 1:50p SSW 24 41.1 53.9 11:15a 27.7 11:35p 23.9 0.0 0.00 6.9 33.0 1:50p W 25 36.7 51.6 5:10p 20.9 5:50a 28.3 0.0 0.00 3.6 15.0 1:35p NNW 26 44.0 62.9 3:05p 25.7 2:40a 21.0 0.0 0.00 6.9 32.0 3:50p N 27 37.6 50.6 3:25p 22.0 6:20a 27.4 0.0 0.00 3.2 11.0 4:10a NNE 28 38.7 55.8 3:50p 20.5 4:50a 26.3 0.0 0.00 2.7 20.0 2:15p NNE ------------------------------------------------------------------------------------- 43.8 66.9 8 20.5 28 594.4 0.1 0.05 4.4 34.0 20 SW Max >= 90.0: 0 Max <= 32.0: 0 Min <= 32.0: 20 Min <= 0.0: 0 Max Rain: 0.04 ON 02/19/13 Days of Rain: 1 (>.01 in) 0 (>.1 in) 0 (>1 in) Heat Base: 65.0 Cool Base: 65.0 Method: Integration