NOAA-style Climate Reports

- as reported from this site (LasCruces-Weather.com) beginning 04-03-07

2023: Jan | Feb | Mar | Apr | May | Jun | Jul | Aug | Sep | Oct | Nov | Dec 
2022: Jan | Feb | Mar | Apr | May | Jun | Jul | Aug | Sep | Oct | Nov | Dec 
2021: Jan | Feb | Mar | Apr | May | Jun | Jul | Aug | Sep | Oct | Nov | Dec 
2020: Jan | Feb | Mar | Apr | May | Jun | Jul | Aug | Sep | Oct | Nov | Dec 
2019: Jan | Feb | Mar | Apr | May | Jun | Jul | Aug | Sep | Oct | Nov | Dec 
2018: Jan | Feb | Mar | Apr | May | Jun | Jul | Aug | Sep | Oct | Nov | Dec 
2017: Jan | Feb | Mar | Apr | May | Jun | Jul | Aug | Sep | Oct | Nov | Dec 
2016: Jan | Feb | Mar | Apr | May | Jun | Jul | Aug | Sep | Oct | Nov | Dec 
2015: Jan | Feb | Mar | Apr | May | Jun | Jul | Aug | Sep | Oct | Nov | Dec 
2014: Jan | Feb | Mar | Apr | May | Jun | Jul | Aug | Sep | Oct | Nov | Dec 
2013: Jan | Feb | Mar | Apr | May | Jun | Jul | Aug | Sep | Oct | Nov | Dec 
2012: Jan | Feb | Mar | Apr | May | Jun | Jul | Aug | Sep | Oct | Nov | Dec 
2011: Jan | Feb | Mar | Apr | May | Jun | Jul | Aug | Sep | Oct | Nov | Dec 
2010: Jan | Feb | Mar | Apr | May | Jun | Jul | Aug | Sep | Oct | Nov | Dec 
2009: Jan | Feb | Mar | Apr | May | Jun | Jul | Aug | Sep | Oct | Nov | Dec 
2008: Jan | Feb | Mar | Apr | May | Jun | Jul | Aug | Sep | Oct | Nov | Dec 
2007: Jan | Feb | Mar | Apr | May | Jun | Jul | Aug | Sep | Oct | Nov | Dec 

Report for 2013 01
MONTHLY CLIMATOLOGICAL SUMMARY for JAN. 2013 NAME: C32 CITY: Las Cruces|East Mesa STATE: NM ELEV: 4474 ft LAT: 32 24' 08" N LONG: 106 41' 01" W TEMPERATURE (F), RAIN (in), WIND SPEED (mph) HEAT COOL AVG MEAN DEG DEG WIND DOM DAY TEMP HIGH TIME LOW TIME DAYS DAYS RAIN SPEED HIGH TIME DIR ------------------------------------------------------------------------------------ 1 32.0 44.2 3:00p 20.9 6:35a 33.0 0.0 0.00 2.3 10.0 12:20a E 2 30.7 46.3 3:20p 20.0 5:10a 34.3 0.0 0.00 4.4 14.0 12:10p N 3 27.8 34.3 11:30a 21.1 4:30a 37.2 0.0 0.01 2.1 14.0 4:55a NW 4 28.2 33.0 3:55p 24.2 11:25p 37.4 0.0 0.10 1.4 6.0 12:45p S 5 24.4 31.6 4:35p 15.5 7:40a 40.6 0.0 0.00 2.0 8.0 9:10a ESE 6 31.3 45.0 3:20p 18.0 3:30a 33.7 0.0 0.04 1.6 7.0 8:50a ENE 7 40.9 53.4 2:45p 28.3 7:30a 24.1 0.0 0.00 2.9 18.0 12:00m N 8 42.5 57.9 4:20p 30.6 8:05a 22.5 0.0 0.00 3.9 18.0 12:05a N 9 42.4 58.6 1:20p 30.1 7:30a 22.6 0.0 0.00 4.9 18.0 1:10p NNE 10 44.0 55.0 3:15p 29.3 7:40a 21.0 0.0 0.00 4.3 19.0 9:05p S 11 43.4 50.2 12:05a 27.9 11:50p 21.6 0.0 0.00 7.7 27.0 2:20p WSW 12 30.6 40.2 1:40p 20.9 11:30p 34.4 0.0 0.00 4.6 22.0 1:15p WSW 13 26.1 38.8 3:15p 10.7 7:20a 38.9 0.0 0.00 2.3 12.0 1:20p E 14 27.8 40.9 1:50p 14.6 6:45a 37.1 0.0 0.00 3.6 19.0 2:15p WSW 15 24.2 34.5 2:35p 15.8 7:25a 40.8 0.0 0.00 5.2 19.0 3:35p NNW 16 28.6 46.1 4:15p 15.4 2:05a 36.4 0.0 0.00 2.7 10.0 8:25a NE 17 36.9 55.2 4:30p 20.6 3:10a 28.0 0.0 0.00 3.0 11.0 8:25a NE 18 38.5 55.4 3:15p 24.6 7:35a 26.5 0.0 0.00 2.4 9.0 8:10a NE 19 40.0 60.5 3:35p 22.0 5:00a 25.0 0.0 0.00 3.7 12.0 9:00a NNE 20 41.6 61.8 3:50p 27.5 7:15a 23.4 0.0 0.00 3.5 13.0 9:20a NE 21 43.3 62.5 3:20p 29.9 7:15a 21.7 0.0 0.00 3.8 11.0 2:05a NE 22 44.7 65.7 4:25p 32.3 6:20a 20.3 0.0 0.00 4.2 14.0 2:50p NE 23 46.5 67.0 2:30p 30.9 3:20a 18.7 0.1 0.00 3.1 11.0 8:45a NE 24 51.6 66.2 2:05p 32.9 4:15a 13.4 0.0 0.00 2.7 10.0 2:05p NE 25 52.8 64.9 2:30p 41.8 3:55a 12.2 0.0 0.00 1.9 8.0 1:30p SSE 26 54.7 66.5 3:00p 46.8 7:45a 10.3 0.0 0.04 3.4 22.0 5:15p SSW 27 53.3 61.9 3:25p 46.7 11:20p 11.7 0.0 0.00 4.4 23.0 12:05p WSW 28 51.3 61.3 2:30p 42.7 7:20a 13.7 0.0 0.00 7.2 28.0 12:50p WSW 29 38.0 43.7 12:05a 31.7 11:55p 27.0 0.0 0.00 9.3 35.0 12:20p W 30 35.9 48.6 3:55p 24.3 7:15a 29.1 0.0 0.00 3.0 19.0 12:35p NE 31 39.8 55.1 3:10p 22.2 7:30a 25.2 0.0 0.00 2.7 13.0 10:25a NNE ------------------------------------------------------------------------------------- 38.5 67.0 23 10.7 13 821.8 0.1 0.19 3.7 35.0 29 NE Max >= 90.0: 0 Max <= 32.0: 1 Min <= 32.0: 25 Min <= 0.0: 0 Max Rain: 0.10 ON 01/04/13 Days of Rain: 3 (>.01 in) 0 (>.1 in) 0 (>1 in) Heat Base: 65.0 Cool Base: 65.0 Method: Integration