NOAA-style Climate Reports

- as reported from this site (LasCruces-Weather.com) beginning 04-03-07

2023: Jan | Feb | Mar | Apr | May | Jun | Jul | Aug | Sep | Oct | Nov | Dec 
2022: Jan | Feb | Mar | Apr | May | Jun | Jul | Aug | Sep | Oct | Nov | Dec 
2021: Jan | Feb | Mar | Apr | May | Jun | Jul | Aug | Sep | Oct | Nov | Dec 
2020: Jan | Feb | Mar | Apr | May | Jun | Jul | Aug | Sep | Oct | Nov | Dec 
2019: Jan | Feb | Mar | Apr | May | Jun | Jul | Aug | Sep | Oct | Nov | Dec 
2018: Jan | Feb | Mar | Apr | May | Jun | Jul | Aug | Sep | Oct | Nov | Dec 
2017: Jan | Feb | Mar | Apr | May | Jun | Jul | Aug | Sep | Oct | Nov | Dec 
2016: Jan | Feb | Mar | Apr | May | Jun | Jul | Aug | Sep | Oct | Nov | Dec 
2015: Jan | Feb | Mar | Apr | May | Jun | Jul | Aug | Sep | Oct | Nov | Dec 
2014: Jan | Feb | Mar | Apr | May | Jun | Jul | Aug | Sep | Oct | Nov | Dec 
2013: Jan | Feb | Mar | Apr | May | Jun | Jul | Aug | Sep | Oct | Nov | Dec 
2012: Jan | Feb | Mar | Apr | May | Jun | Jul | Aug | Sep | Oct | Nov | Dec 
2011: Jan | Feb | Mar | Apr | May | Jun | Jul | Aug | Sep | Oct | Nov | Dec 
2010: Jan | Feb | Mar | Apr | May | Jun | Jul | Aug | Sep | Oct | Nov | Dec 
2009: Jan | Feb | Mar | Apr | May | Jun | Jul | Aug | Sep | Oct | Nov | Dec 
2008: Jan | Feb | Mar | Apr | May | Jun | Jul | Aug | Sep | Oct | Nov | Dec 
2007: Jan | Feb | Mar | Apr | May | Jun | Jul | Aug | Sep | Oct | Nov | Dec 

Report for 2012 12
MONTHLY CLIMATOLOGICAL SUMMARY for DEC. 2012 NAME: C32 CITY: Las Cruces|East Mesa STATE: NM ELEV: 4474 ft LAT: 32 24' 08" N LONG: 106 41' 01" W TEMPERATURE (F), RAIN (in), WIND SPEED (mph) HEAT COOL AVG MEAN DEG DEG WIND DOM DAY TEMP HIGH TIME LOW TIME DAYS DAYS RAIN SPEED HIGH TIME DIR ------------------------------------------------------------------------------------ 1 56.0 71.6 3:20p 38.8 7:00a 9.9 0.9 0.00 2.4 11.0 10:50p S 2 55.7 71.2 3:15p 37.9 6:50a 10.3 1.0 0.00 2.6 13.0 4:05p S 3 57.8 71.3 2:40p 47.4 11:50p 8.0 0.8 0.00 4.0 17.0 2:45p SSE 4 49.8 66.4 2:10p 38.8 7:15a 15.2 0.0 0.00 3.3 18.0 2:25p E 5 49.7 65.8 3:05p 36.1 7:25a 15.3 0.0 0.00 2.1 9.0 3:20p SE 6 55.7 71.5 3:00p 40.1 6:50a 10.2 1.0 0.00 2.7 12.0 11:40a SSE 7 56.2 68.2 1:45p 44.8 12:00m 9.2 0.4 0.00 3.9 19.0 12:05p SE 8 52.7 64.2 2:10p 42.6 6:55a 12.3 0.0 0.00 4.7 23.0 12:20p S 9 50.6 62.0 2:35p 35.0 12:00m 14.4 0.0 0.00 7.5 26.0 2:40p WSW 10 33.8 47.0 3:35p 20.9 7:25a 31.2 0.0 0.00 3.1 14.0 2:40p NNW 11 35.8 51.5 3:05p 21.3 1:35a 29.2 0.0 0.00 3.4 18.0 12:30p N 12 43.0 58.6 2:40p 29.8 3:25a 22.0 0.0 0.00 3.0 15.0 1:05p S 13 45.8 62.2 2:00p 27.4 5:50a 19.2 0.0 0.00 2.5 19.0 11:00p E 14 47.2 58.3 5:25a 37.9 10:55p 17.8 0.0 0.24 7.4 30.0 1:05p WSW 15 43.5 49.1 3:35p 37.4 1:50a 21.5 0.0 0.00 2.9 14.0 12:00m SSW 16 42.4 48.8 3:45p 34.4 11:30p 22.6 0.0 0.00 5.2 22.0 11:10a WSW 17 43.2 55.5 3:40p 33.1 4:55a 21.8 0.0 0.00 4.5 14.0 11:10a S 18 50.3 60.2 2:25p 40.8 6:45a 14.7 0.0 0.00 4.1 16.0 1:40p S 19 43.0 50.5 1:40a 27.5 11:05p 22.0 0.0 0.00 8.8 45.0 12:40p W 20 30.3 45.5 4:25p 18.9 7:00a 34.7 0.0 0.00 2.3 9.0 3:40a NNE 21 33.9 54.0 3:50p 21.0 4:25a 31.1 0.0 0.00 3.5 12.0 9:10a NNE 22 40.6 54.7 3:55p 27.8 1:20a 24.4 0.0 0.00 3.0 9.0 11:05a NNE 23 44.7 60.9 3:20p 31.8 6:35a 20.3 0.0 0.00 2.3 9.0 1:50p SSE 24 46.5 56.6 2:20p 37.2 11:35p 18.5 0.0 0.00 5.1 25.0 9:10p SW 25 39.2 47.6 3:15p 30.7 5:20a 25.8 0.0 0.00 3.6 20.0 9:30a N 26 40.0 50.8 1:35p 30.1 1:10a 25.0 0.0 0.00 3.0 15.0 8:55p SSW 27 41.4 51.8 2:15p 31.5 4:30a 23.6 0.0 0.00 5.1 25.0 2:50p WSW 28 33.2 45.1 3:20p 22.1 4:25a 31.8 0.0 0.00 2.2 15.0 12:15p E 29 33.3 50.6 3:40p 19.4 6:00a 31.7 0.0 0.00 3.1 12.0 4:00p NE 30 38.2 46.2 2:55p 30.2 7:25a 26.8 0.0 0.10 2.6 12.0 10:00p N 31 37.0 44.1 2:50p 30.0 11:50p 28.0 0.0 0.03 5.3 24.0 1:45a WSW ------------------------------------------------------------------------------------- 44.2 71.6 1 18.9 20 648.5 4.1 0.37 3.8 45.0 19 S Max >= 90.0: 0 Max <= 32.0: 0 Min <= 32.0: 16 Min <= 0.0: 0 Max Rain: 0.24 ON 12/14/12 Days of Rain: 3 (>.01 in) 1 (>.1 in) 0 (>1 in) Heat Base: 65.0 Cool Base: 65.0 Method: Integration