NOAA-style Climate Reports

- as reported from this site (LasCruces-Weather.com) beginning 04-03-07

2023: Jan | Feb | Mar | Apr | May | Jun | Jul | Aug | Sep | Oct | Nov | Dec 
2022: Jan | Feb | Mar | Apr | May | Jun | Jul | Aug | Sep | Oct | Nov | Dec 
2021: Jan | Feb | Mar | Apr | May | Jun | Jul | Aug | Sep | Oct | Nov | Dec 
2020: Jan | Feb | Mar | Apr | May | Jun | Jul | Aug | Sep | Oct | Nov | Dec 
2019: Jan | Feb | Mar | Apr | May | Jun | Jul | Aug | Sep | Oct | Nov | Dec 
2018: Jan | Feb | Mar | Apr | May | Jun | Jul | Aug | Sep | Oct | Nov | Dec 
2017: Jan | Feb | Mar | Apr | May | Jun | Jul | Aug | Sep | Oct | Nov | Dec 
2016: Jan | Feb | Mar | Apr | May | Jun | Jul | Aug | Sep | Oct | Nov | Dec 
2015: Jan | Feb | Mar | Apr | May | Jun | Jul | Aug | Sep | Oct | Nov | Dec 
2014: Jan | Feb | Mar | Apr | May | Jun | Jul | Aug | Sep | Oct | Nov | Dec 
2013: Jan | Feb | Mar | Apr | May | Jun | Jul | Aug | Sep | Oct | Nov | Dec 
2012: Jan | Feb | Mar | Apr | May | Jun | Jul | Aug | Sep | Oct | Nov | Dec 
2011: Jan | Feb | Mar | Apr | May | Jun | Jul | Aug | Sep | Oct | Nov | Dec 
2010: Jan | Feb | Mar | Apr | May | Jun | Jul | Aug | Sep | Oct | Nov | Dec 
2009: Jan | Feb | Mar | Apr | May | Jun | Jul | Aug | Sep | Oct | Nov | Dec 
2008: Jan | Feb | Mar | Apr | May | Jun | Jul | Aug | Sep | Oct | Nov | Dec 
2007: Jan | Feb | Mar | Apr | May | Jun | Jul | Aug | Sep | Oct | Nov | Dec 

Report for 2012 11
MONTHLY CLIMATOLOGICAL SUMMARY for NOV. 2012 NOTE: ALL DATA FROM NOV 5TH TO NOV 24TH IS APPROXIMATED AND COMPILED FROM DIFFERENT STATIONS IN THE AREA. THAT DATA IS A FAIR REPRESENTAION OF THE CONDITIONS EXPERIENCED AT THIS STATION'S LOCATION WHILE THE STATION WAS OUT FOR REPAIRS NAME: C32 CITY: Las Cruces|East Mesa STATE: NM ELEV: 4474 ft LAT: 32 24' 08" N LONG: 106 41' 01" W TEMPERATURE (F), RAIN (in), WIND SPEED (mph) HEAT COOL AVG MEAN DEG DEG WIND DOM DAY TEMP HIGH TIME LOW TIME DAYS DAYS RAIN SPEED HIGH TIME DIR ------------------------------------------------------------------------------------ 1 60.8 80.3 3:25p 41.3 6:50a 8.2 3.9 0.00 0.8 10.0 12:45p SSE 2 61.6 81.5 2:20p 41.6 7:15a 7.4 3.9 0.00 1.2 14.0 2:35p SW 3 62.8 76.7 3:55p 51.4 8:40a 5.1 2.9 0.00 0.5 11.0 3:35p WSW 4 54.0 74.2 12:30p 42.8 6:35a 6.3 0.6 0.00 0.8 9.0 9:00a N 5 59.5 73.3 15:23 43.0 04:00 5.4 0.0 0.00 2.0 11.5 13:27 SSE 6 60.7 75.4 15:57 43.8 04:35 4.2 0.0 0.00 1.5 6.9 19:54 SSE 7 62.2 77.0 15:14 43.1 06:00 2.8 0.0 0.00 2.5 12.7 14:09 SSE 8 63.8 76.3 14:48 50.3 06:15 1.2 0.0 0.00 3.2 21.9 14:28 SSE 9 62.1 69.9 14:27 53.6 05:28 2.8 0.0 0.03 4.5 26.5 15:03 SSE 10 56.2 64.5 10:56 46.5 20:05 8.7 0.0 0.00 7.8 34.5 10:36 SW 11 42.8 49.2 14:26 33.2 00:00 22.2 0.0 0.00 5.9 21.9 10:14 NW 12 40.2 53.1 15:51 25.3 07:09 24.7 0.0 0.00 1.4 8.1 16:46 S 13 45.3 59.8 14:50 29.2 07:15 19.7 0.0 0.00 1.8 10.4 15:30 WNW 14 50.0 64.0 14:49 31.6 07:25 15.0 0.0 0.00 1.9 12.7 12:38 SE 15 53.7 65.5 13:23 35.0 07:20 11.2 0.0 0.00 2.4 10.4 20:52 NNW 16 57.1 66.3 14:13 40.4 06:05 7.9 0.0 0.00 3.5 17.3 06:20 ENE 17 56.6 65.3 15:39 39.0 06:10 8.3 0.0 0.00 2.1 18.4 10:46 SE 18 55.0 61.2 15:25 48.7 23:19 9.9 0.0 0.02 1.6 12.7 15:35 SSW 19 54.3 64.8 15:40 41.6 07:00 10.6 0.0 0.01 2.7 17.3 11:58 WNW 20 55.0 68.3 15:20 37.1 06:15 9.9 0.0 0.00 1.7 11.5 16:30 ESE 21 58.2 67.4 13:06 48.5 07:10 6.7 0.0 0.00 3.2 19.6 09:38 ESE 22 56.3 70.9 15:38 42.3 07:30 8.6 0.0 0.00 1.5 11.5 14:27 SSW 23 50.7 60.4 14:53 39.9 07:24 14.2 0.0 0.00 2.6 17.3 17:09 NE 24 47.8 63.9 14:51 33.8 07:30 17.1 0.0 0.00 1.1 6.9 16:38 WNW 25 53.3 71.1 3:35p 36.1 7:05a 12.4 0.8 0.00 2.2 16.0 3:45p SSE 26 54.7 70.2 2:45p 36.9 7:20a 11.1 0.8 0.00 2.0 14.0 9:35p ESE 27 47.7 64.7 3:40p 33.1 6:55a 17.3 0.0 0.00 1.6 8.0 8:10a E 28 50.5 68.8 2:30p 33.2 7:20a 14.8 0.3 0.00 2.0 10.0 3:55p SE 29 55.0 70.9 2:10p 36.1 6:35a 10.8 0.8 0.00 2.6 12.0 1:15p SW 30 54.4 69.4 3:45p 37.4 7:15a 11.2 0.6 0.00 2.2 11.0 2:35p SSE ------------------------------------------------------------------------------------- 54.9 81.5 2 25.3 12 118.3 14.6 0.00 1.6 34.5 10 SE Max >= 90.0: 0 Max <= 32.0: 0 Min <= 32.0: 3 Min <= 0.0: 0 Max Rain: 0.03 ON 11/09/12 Days of Rain: 2 (>.01 in) 0 (>.1 in) 0 (>1 in) Heat Base: 65.0 Cool Base: 65.0 Method: Integration