NOAA-style Climate Reports

- as reported from this site (LasCruces-Weather.com) beginning 04-03-07

2023: Jan | Feb | Mar | Apr | May | Jun | Jul | Aug | Sep | Oct | Nov | Dec 
2022: Jan | Feb | Mar | Apr | May | Jun | Jul | Aug | Sep | Oct | Nov | Dec 
2021: Jan | Feb | Mar | Apr | May | Jun | Jul | Aug | Sep | Oct | Nov | Dec 
2020: Jan | Feb | Mar | Apr | May | Jun | Jul | Aug | Sep | Oct | Nov | Dec 
2019: Jan | Feb | Mar | Apr | May | Jun | Jul | Aug | Sep | Oct | Nov | Dec 
2018: Jan | Feb | Mar | Apr | May | Jun | Jul | Aug | Sep | Oct | Nov | Dec 
2017: Jan | Feb | Mar | Apr | May | Jun | Jul | Aug | Sep | Oct | Nov | Dec 
2016: Jan | Feb | Mar | Apr | May | Jun | Jul | Aug | Sep | Oct | Nov | Dec 
2015: Jan | Feb | Mar | Apr | May | Jun | Jul | Aug | Sep | Oct | Nov | Dec 
2014: Jan | Feb | Mar | Apr | May | Jun | Jul | Aug | Sep | Oct | Nov | Dec 
2013: Jan | Feb | Mar | Apr | May | Jun | Jul | Aug | Sep | Oct | Nov | Dec 
2012: Jan | Feb | Mar | Apr | May | Jun | Jul | Aug | Sep | Oct | Nov | Dec 
2011: Jan | Feb | Mar | Apr | May | Jun | Jul | Aug | Sep | Oct | Nov | Dec 
2010: Jan | Feb | Mar | Apr | May | Jun | Jul | Aug | Sep | Oct | Nov | Dec 
2009: Jan | Feb | Mar | Apr | May | Jun | Jul | Aug | Sep | Oct | Nov | Dec 
2008: Jan | Feb | Mar | Apr | May | Jun | Jul | Aug | Sep | Oct | Nov | Dec 
2007: Jan | Feb | Mar | Apr | May | Jun | Jul | Aug | Sep | Oct | Nov | Dec 

Report for 2012 10
MONTHLY CLIMATOLOGICAL SUMMARY for OCT. 2012 NAME: C32 CITY: Las Cruces|East Mesa STATE: NM ELEV: 4474 ft LAT: 32 24' 08" N LONG: 106 41' 01" W TEMPERATURE (F), RAIN (in), WIND SPEED (mph) HEAT COOL AVG MEAN DEG DEG WIND DOM DAY TEMP HIGH TIME LOW TIME DAYS DAYS RAIN SPEED HIGH TIME DIR ------------------------------------------------------------------------------------ 1 70.0 86.3 3:40p 54.7 7:35a 2.2 7.2 0.00 1.2 14.0 4:15p N 2 71.4 87.2 4:45p 55.6 6:55a 2.0 8.4 0.00 1.2 18.0 10:15a S 3 75.0 91.4 3:55p 54.5 6:10a 1.6 11.5 0.00 2.4 22.0 4:20p WSW 4 74.0 89.7 2:40p 56.7 7:25a 1.3 10.3 0.00 1.9 19.0 5:20p SW 5 73.9 86.3 3:45p 61.6 5:40a 0.4 9.2 0.00 3.5 26.0 1:20p WSW 6 72.3 84.2 4:00p 60.8 7:35a 0.8 8.1 0.00 2.1 21.0 4:25p SW 7 63.2 74.5 3:50p 54.3 8:20a 3.8 2.0 0.00 0.6 14.0 4:45p SSW 8 65.6 82.1 4:15p 50.3 6:00a 4.7 5.3 0.00 1.2 15.0 1:25p SW 9 70.9 85.6 3:55p 57.9 7:55a 1.4 7.3 0.00 0.5 15.0 3:00p SSW 10 70.7 86.5 3:30p 56.7 7:25a 2.0 7.7 0.00 0.5 17.0 4:25p SSW 11 68.8 80.5 1:35p 56.9 7:50a 1.9 5.7 0.00 0.9 16.0 2:40p N 12 70.3 84.5 2:45p 57.6 7:30a 1.6 6.9 0.00 4.4 31.0 3:30p SSW 13 62.8 75.7 4:55p 52.6 7:35a 4.7 2.4 0.00 0.7 14.0 12:00p WSW 14 62.3 80.1 4:15p 44.5 7:20a 6.8 4.1 0.00 2.5 17.0 12:50p N 15 65.3 81.8 3:05p 48.4 7:25a 4.1 4.4 0.00 0.6 16.0 3:05p SW 16 68.6 82.3 2:45p 50.9 7:35a 2.0 5.6 0.00 0.9 13.0 3:15a S 17 70.2 86.0 4:05p 55.9 7:30a 1.8 7.0 0.00 1.1 13.0 3:35a S 18 68.3 83.9 5:00p 54.4 8:00a 2.4 5.8 0.00 0.9 22.0 3:55p NNW 19 66.4 84.9 3:55p 49.7 6:35a 4.5 5.9 0.00 0.8 10.0 8:45a NNE 20 70.2 85.9 4:00p 54.6 8:10a 1.6 6.9 0.00 0.9 18.0 5:10p WSW 21 68.7 81.9 3:15p 56.0 6:45a 1.8 5.5 0.00 4.0 32.0 6:05p SW 22 66.1 78.4 3:30p 55.4 7:45a 3.0 4.1 0.00 1.6 17.0 12:00p SW 23 69.7 84.0 4:20p 55.5 7:30a 2.3 6.7 0.00 0.8 20.0 12:45p SSW 24 69.4 82.5 3:00p 57.0 6:55a 1.9 6.3 0.00 2.9 28.0 12:35p SW 25 62.3 75.4 3:00p 47.4 7:50a 5.1 2.4 0.00 1.3 17.0 11:00a S 26 54.6 66.4 3:05p 41.0 7:45a 10.4 0.1 0.00 3.1 24.0 2:50p E 27 51.0 66.0 4:55p 35.5 7:25a 14.1 0.1 0.00 0.8 13.0 12:55a ESE 28 55.1 75.3 4:15p 38.3 7:00a 11.7 1.7 0.00 0.5 10.0 10:55a N 29 60.2 78.9 3:40p 40.3 7:55a 8.1 3.3 0.00 0.5 9.0 8:55a WSW 30 61.2 80.1 4:45p 41.8 7:25a 7.7 3.9 0.00 1.2 12.0 1:55p NE 31 60.6 79.2 2:25p 45.7 7:20a 7.9 3.5 0.00 1.0 12.0 8:15a WSW ------------------------------------------------------------------------------------- 66.4 91.4 3 35.5 27 125.6 169.3 0.00 1.5 32.0 21 SW Max >= 90.0: 1 Max <= 32.0: 0 Min <= 32.0: 0 Min <= 0.0: 0 Max Rain: 0.00 ON 10/01/12 Days of Rain: 0 (>.01 in) 0 (>.1 in) 0 (>1 in) Heat Base: 65.0 Cool Base: 65.0 Method: Integration