NOAA-style Climate Reports

- as reported from this site (LasCruces-Weather.com) beginning 04-03-07

2023: Jan | Feb | Mar | Apr | May | Jun | Jul | Aug | Sep | Oct | Nov | Dec 
2022: Jan | Feb | Mar | Apr | May | Jun | Jul | Aug | Sep | Oct | Nov | Dec 
2021: Jan | Feb | Mar | Apr | May | Jun | Jul | Aug | Sep | Oct | Nov | Dec 
2020: Jan | Feb | Mar | Apr | May | Jun | Jul | Aug | Sep | Oct | Nov | Dec 
2019: Jan | Feb | Mar | Apr | May | Jun | Jul | Aug | Sep | Oct | Nov | Dec 
2018: Jan | Feb | Mar | Apr | May | Jun | Jul | Aug | Sep | Oct | Nov | Dec 
2017: Jan | Feb | Mar | Apr | May | Jun | Jul | Aug | Sep | Oct | Nov | Dec 
2016: Jan | Feb | Mar | Apr | May | Jun | Jul | Aug | Sep | Oct | Nov | Dec 
2015: Jan | Feb | Mar | Apr | May | Jun | Jul | Aug | Sep | Oct | Nov | Dec 
2014: Jan | Feb | Mar | Apr | May | Jun | Jul | Aug | Sep | Oct | Nov | Dec 
2013: Jan | Feb | Mar | Apr | May | Jun | Jul | Aug | Sep | Oct | Nov | Dec 
2012: Jan | Feb | Mar | Apr | May | Jun | Jul | Aug | Sep | Oct | Nov | Dec 
2011: Jan | Feb | Mar | Apr | May | Jun | Jul | Aug | Sep | Oct | Nov | Dec 
2010: Jan | Feb | Mar | Apr | May | Jun | Jul | Aug | Sep | Oct | Nov | Dec 
2009: Jan | Feb | Mar | Apr | May | Jun | Jul | Aug | Sep | Oct | Nov | Dec 
2008: Jan | Feb | Mar | Apr | May | Jun | Jul | Aug | Sep | Oct | Nov | Dec 
2007: Jan | Feb | Mar | Apr | May | Jun | Jul | Aug | Sep | Oct | Nov | Dec 

Report for 2012 09
MONTHLY CLIMATOLOGICAL SUMMARY for SEP. 2012 NAME: C32 CITY: Las Cruces|East Mesa STATE: NM ELEV: 4474 ft LAT: 32 24' 08" N LONG: 106 41' 01" W TEMPERATURE (F), RAIN (in), WIND SPEED (mph) HEAT COOL AVG MEAN DEG DEG WIND DOM DAY TEMP HIGH TIME LOW TIME DAYS DAYS RAIN SPEED HIGH TIME DIR ------------------------------------------------------------------------------------ 1 82.4 96.8 5:00p 63.5 7:15a 0.0 17.4 0.00 0.5 17.0 5:40p SW 2 83.3 99.1 4:45p 64.6 6:25a 0.0 18.3 0.00 0.6 14.0 2:05p SW 3 85.2 100.1 4:55p 70.8 7:15a 0.0 20.2 0.00 0.9 19.0 6:40p WSW 4 83.8 98.2 3:45p 70.7 7:00a 0.0 18.7 0.00 0.7 13.0 4:25p SW 5 84.4 100.0 3:45p 70.6 7:10a 0.0 19.4 0.00 1.4 19.0 4:15p S 6 83.3 94.6 4:50p 72.2 7:05a 0.0 18.3 0.00 2.6 27.0 2:15p S 7 80.3 95.7 5:25p 66.6 9:55p 0.0 15.3 0.52 1.9 25.0 7:10p SSW 8 63.4 67.2 12:05a 59.3 7:35p 1.9 0.2 0.25 1.7 23.0 8:10a N 9 68.7 80.9 4:50p 59.0 4:55a 1.8 5.5 0.00 0.4 12.0 3:05p N 10 73.5 88.7 4:55p 59.1 7:10a 1.3 9.8 0.00 0.7 13.0 12:30p SW 11 75.6 85.5 4:30p 66.8 6:40a 0.0 10.5 0.00 1.3 17.0 5:00p SSW 12 73.4 85.2 3:35p 64.3 7:30a 0.0 8.4 0.00 1.9 18.0 1:50p SW 13 66.7 74.5 1:10p 58.4 7:10a 1.1 2.8 0.00 4.1 22.0 12:00p N 14 63.3 74.1 2:35p 54.5 12:00m 3.5 1.8 0.00 1.9 20.0 1:50p SSW 15 63.1 78.5 4:45p 47.3 7:15a 5.8 3.8 0.00 0.3 11.0 11:15a S 16 71.2 89.3 5:10p 54.0 5:20a 2.8 9.0 0.00 0.4 12.0 10:30a SW 17 75.1 90.3 3:50p 55.6 6:55a 1.2 11.3 0.00 1.6 18.0 5:25p S 18 72.4 86.2 4:15p 56.2 7:15a 1.2 8.6 0.00 0.9 20.0 1:25a WSW 19 74.5 90.5 4:10p 57.5 7:10a 1.3 10.8 0.00 0.4 12.0 10:15a WSW 20 77.4 92.6 3:25p 60.9 6:00a 0.5 12.9 0.00 1.1 15.0 11:55a SSW 21 76.5 93.1 3:55p 60.1 7:25a 0.3 11.8 0.00 0.5 13.0 2:10p WSW 22 76.5 93.1 3:45p 58.9 7:15a 0.9 12.4 0.00 0.9 20.0 3:05p WSW 23 77.9 90.0 4:45p 61.9 7:30a 0.1 13.0 0.00 0.9 16.0 12:35a S 24 76.6 89.8 3:00p 60.0 6:55a 0.4 12.0 0.00 0.8 14.0 4:20p S 25 75.3 88.3 3:50p 60.0 7:05a 0.4 10.6 0.00 0.7 18.0 4:05p WSW 26 76.4 89.5 3:05p 61.7 7:15a 0.2 11.6 0.00 1.3 22.0 3:10p S 27 75.2 85.1 3:30p 68.6 7:40a 0.0 10.2 0.00 0.5 14.0 12:20a S 28 65.8 72.9 12:05a 60.4 11:40p 1.1 1.9 0.37 1.3 18.0 1:30a S 29 66.9 78.7 5:45p 56.8 7:30a 2.3 4.2 0.00 0.1 10.0 11:30a S 30 70.8 84.9 4:00p 58.5 7:15a 1.4 7.2 0.00 0.6 14.0 4:50p S ------------------------------------------------------------------------------------- 74.6 100.1 3 47.3 15 29.5 317.9 1.14 1.1 27.0 6 S Max >= 90.0: 13 Max <= 32.0: 0 Min <= 32.0: 0 Min <= 0.0: 0 Max Rain: 0.52 ON 09/07/12 Days of Rain: 3 (>.01 in) 3 (>.1 in) 0 (>1 in) Heat Base: 65.0 Cool Base: 65.0 Method: Integration