NOAA-style Climate Reports

- as reported from this site (LasCruces-Weather.com) beginning 04-03-07

2023: Jan | Feb | Mar | Apr | May | Jun | Jul | Aug | Sep | Oct | Nov | Dec 
2022: Jan | Feb | Mar | Apr | May | Jun | Jul | Aug | Sep | Oct | Nov | Dec 
2021: Jan | Feb | Mar | Apr | May | Jun | Jul | Aug | Sep | Oct | Nov | Dec 
2020: Jan | Feb | Mar | Apr | May | Jun | Jul | Aug | Sep | Oct | Nov | Dec 
2019: Jan | Feb | Mar | Apr | May | Jun | Jul | Aug | Sep | Oct | Nov | Dec 
2018: Jan | Feb | Mar | Apr | May | Jun | Jul | Aug | Sep | Oct | Nov | Dec 
2017: Jan | Feb | Mar | Apr | May | Jun | Jul | Aug | Sep | Oct | Nov | Dec 
2016: Jan | Feb | Mar | Apr | May | Jun | Jul | Aug | Sep | Oct | Nov | Dec 
2015: Jan | Feb | Mar | Apr | May | Jun | Jul | Aug | Sep | Oct | Nov | Dec 
2014: Jan | Feb | Mar | Apr | May | Jun | Jul | Aug | Sep | Oct | Nov | Dec 
2013: Jan | Feb | Mar | Apr | May | Jun | Jul | Aug | Sep | Oct | Nov | Dec 
2012: Jan | Feb | Mar | Apr | May | Jun | Jul | Aug | Sep | Oct | Nov | Dec 
2011: Jan | Feb | Mar | Apr | May | Jun | Jul | Aug | Sep | Oct | Nov | Dec 
2010: Jan | Feb | Mar | Apr | May | Jun | Jul | Aug | Sep | Oct | Nov | Dec 
2009: Jan | Feb | Mar | Apr | May | Jun | Jul | Aug | Sep | Oct | Nov | Dec 
2008: Jan | Feb | Mar | Apr | May | Jun | Jul | Aug | Sep | Oct | Nov | Dec 
2007: Jan | Feb | Mar | Apr | May | Jun | Jul | Aug | Sep | Oct | Nov | Dec 

Report for 2012 08
MONTHLY CLIMATOLOGICAL SUMMARY for AUG. 2012 NAME: C32 CITY: Las Cruces|East Mesa STATE: NM ELEV: 4474 ft LAT: 32 24' 08" N LONG: 106 41' 01" W TEMPERATURE (F), RAIN (in), WIND SPEED (mph) HEAT COOL AVG MEAN DEG DEG WIND DOM DAY TEMP HIGH TIME LOW TIME DAYS DAYS RAIN SPEED HIGH TIME DIR ------------------------------------------------------------------------------------ 1 86.3 100.3 3:10p 70.6 6:40a 0.0 21.3 0.00 0.9 19.0 3:35p WSW 2 87.2 101.7 3:45p 70.6 6:40a 0.0 22.1 0.00 1.2 17.0 3:00p WSW 3 87.1 100.7 3:50p 75.2 4:35a 0.0 22.1 0.00 2.1 25.0 4:55a WSW 4 86.4 101.5 3:25p 69.4 6:40a 0.0 21.4 0.21 0.9 45.0 10:50p WSW 5 83.0 92.5 4:00p 71.8 1:25a 0.0 17.9 0.14 3.5 24.0 1:35a E 6 85.4 98.1 4:00p 73.3 6:15a 0.0 20.4 0.00 0.9 18.0 12:45p ESE 7 87.2 100.4 2:50p 72.9 7:10a 0.0 22.2 0.00 0.9 18.0 11:25a S 8 86.9 98.6 3:20p 76.1 7:20a 0.0 21.9 0.00 1.9 18.0 4:10p E 9 85.7 97.6 2:50p 69.3 7:15a 0.0 20.7 0.00 2.6 26.0 1:15p E 10 86.1 97.9 3:10p 68.6 7:05a 0.0 21.1 0.00 2.7 29.0 2:45p ESE 11 88.0 99.6 3:20p 74.5 7:50a 0.0 23.0 0.00 1.8 19.0 12:15p S 12 87.7 102.0 3:50p 73.4 6:15a 0.0 22.7 0.09 1.4 33.0 7:15p SW 13 84.5 96.1 3:40p 71.7 1:55a 0.0 19.5 0.03 2.5 26.0 1:25a E 14 86.4 99.3 4:25p 71.0 6:25a 0.0 21.4 0.00 1.7 17.0 7:30p S 15 87.1 100.3 3:50p 72.8 6:25a 0.0 22.1 0.00 0.5 14.0 1:50p WSW 16 83.3 96.2 3:30p 66.8 12:00m 0.0 18.3 0.43 2.0 30.0 8:10p S 17 76.1 88.8 4:30p 65.9 2:05a 0.0 11.1 0.07 1.5 20.0 11:05p N 18 77.0 90.3 4:25p 64.0 4:30a 0.0 12.1 0.23 0.6 14.0 12:10a SW 19 79.0 92.1 2:35p 68.8 6:15a 0.0 14.0 0.00 1.1 20.0 3:50p E 20 81.5 94.2 5:15p 68.9 6:55a 0.0 16.5 0.00 0.7 13.0 3:00p SW 21 84.6 98.1 5:40p 75.2 8:10a 0.0 19.6 0.00 1.7 23.0 7:00p S 22 82.2 93.2 3:45p 68.7 12:00m 0.0 17.2 0.01 2.4 23.0 7:25p E 23 75.4 92.8 2:10p 66.9 6:30a 0.0 10.4 0.08 1.5 19.0 2:40p S 24 76.8 90.6 2:25p 65.1 6:55a 0.0 11.8 0.00 2.1 21.0 5:20p WSW 25 80.3 95.2 5:35p 67.3 6:50a 0.0 15.3 0.00 0.8 20.0 6:00p N 26 80.7 94.8 2:30p 66.3 6:45a 0.0 15.7 0.00 1.7 20.0 1:55p SSW 27 82.0 92.2 2:40p 70.9 5:25a 0.0 17.0 0.00 2.5 22.0 2:00p E 28 81.4 92.3 4:40p 69.1 7:10a 0.0 16.4 0.00 1.6 21.0 2:00p ESE 29 80.2 93.2 4:00p 63.1 7:00a 0.1 15.2 0.00 1.0 18.0 12:40p ESE 30 79.9 94.9 5:10p 63.3 7:00a 0.1 15.0 0.00 0.4 16.0 5:25p SW 31 80.2 94.6 5:00p 62.8 6:50a 0.1 15.3 0.00 0.7 19.0 12:20p WSW ------------------------------------------------------------------------------------- 83.1 102.0 12 62.8 31 0.3 560.7 1.29 1.5 45.0 4 E Max >= 90.0: 30 Max <= 32.0: 0 Min <= 32.0: 0 Min <= 0.0: 0 Max Rain: 0.43 ON 08/16/12 Days of Rain: 8 (>.01 in) 4 (>.1 in) 0 (>1 in) Heat Base: 65.0 Cool Base: 65.0 Method: Integration