NOAA-style Climate Reports

- as reported from this site (LasCruces-Weather.com) beginning 04-03-07

2023: Jan | Feb | Mar | Apr | May | Jun | Jul | Aug | Sep | Oct | Nov | Dec 
2022: Jan | Feb | Mar | Apr | May | Jun | Jul | Aug | Sep | Oct | Nov | Dec 
2021: Jan | Feb | Mar | Apr | May | Jun | Jul | Aug | Sep | Oct | Nov | Dec 
2020: Jan | Feb | Mar | Apr | May | Jun | Jul | Aug | Sep | Oct | Nov | Dec 
2019: Jan | Feb | Mar | Apr | May | Jun | Jul | Aug | Sep | Oct | Nov | Dec 
2018: Jan | Feb | Mar | Apr | May | Jun | Jul | Aug | Sep | Oct | Nov | Dec 
2017: Jan | Feb | Mar | Apr | May | Jun | Jul | Aug | Sep | Oct | Nov | Dec 
2016: Jan | Feb | Mar | Apr | May | Jun | Jul | Aug | Sep | Oct | Nov | Dec 
2015: Jan | Feb | Mar | Apr | May | Jun | Jul | Aug | Sep | Oct | Nov | Dec 
2014: Jan | Feb | Mar | Apr | May | Jun | Jul | Aug | Sep | Oct | Nov | Dec 
2013: Jan | Feb | Mar | Apr | May | Jun | Jul | Aug | Sep | Oct | Nov | Dec 
2012: Jan | Feb | Mar | Apr | May | Jun | Jul | Aug | Sep | Oct | Nov | Dec 
2011: Jan | Feb | Mar | Apr | May | Jun | Jul | Aug | Sep | Oct | Nov | Dec 
2010: Jan | Feb | Mar | Apr | May | Jun | Jul | Aug | Sep | Oct | Nov | Dec 
2009: Jan | Feb | Mar | Apr | May | Jun | Jul | Aug | Sep | Oct | Nov | Dec 
2008: Jan | Feb | Mar | Apr | May | Jun | Jul | Aug | Sep | Oct | Nov | Dec 
2007: Jan | Feb | Mar | Apr | May | Jun | Jul | Aug | Sep | Oct | Nov | Dec 

Report for 2012 07
MONTHLY CLIMATOLOGICAL SUMMARY for JUL. 2012 NAME: C32 CITY: Las Cruces|East Mesa STATE: NM ELEV: 4474 ft LAT: 32 24' 08" N LONG: 106 41' 01" W TEMPERATURE (F), RAIN (in), WIND SPEED (mph) HEAT COOL AVG MEAN DEG DEG WIND DOM DAY TEMP HIGH TIME LOW TIME DAYS DAYS RAIN SPEED HIGH TIME DIR ------------------------------------------------------------------------------------ 1 89.1 99.6 2:40p 78.2 6:00a 0.0 24.1 0.00 2.3 19.0 1:35p S 2 85.0 96.8 4:30p 70.6 6:35a 0.0 20.0 0.00 1.9 20.0 6:55p S 3 83.8 98.0 3:40p 68.3 12:00m 0.0 18.8 0.19 3.3 29.0 8:25p S 4 76.5 88.7 3:45p 67.5 6:20a 0.0 11.5 0.01 2.6 18.0 3:45p SW 5 76.7 92.4 4:00p 67.7 8:10p 0.0 11.7 0.03 3.1 26.0 6:45p SSW 6 73.3 82.5 11:25a 67.6 2:20a 0.0 8.3 0.07 1.9 21.0 6:05p ESE 7 74.1 87.1 1:45p 65.2 5:25a 0.0 9.1 0.00 1.0 20.0 3:45p SW 8 81.9 98.0 4:45p 64.8 6:10a 0.0 16.9 0.00 1.2 22.0 3:00p N 9 82.0 96.7 4:25p 70.3 10:15p 0.0 17.0 0.10 2.0 21.0 5:40p ESE 10 75.2 88.1 5:50p 66.4 7:05a 0.0 10.2 0.01 3.1 23.0 6:35p E 11 79.1 88.4 4:05p 71.6 4:40a 0.0 14.1 0.00 4.2 21.0 1:20p E 12 80.3 94.1 4:25p 67.8 6:45a 0.0 15.3 0.00 0.9 14.0 12:50p SE 13 82.9 92.8 2:20p 69.8 6:10a 0.0 17.9 0.00 1.8 21.0 12:45p ESE 14 84.5 96.3 3:05p 65.3 6:35a 0.0 19.5 0.00 2.2 20.0 12:10p SE 15 86.2 97.0 4:30p 76.7 4:55a 0.0 21.3 0.00 2.2 27.0 3:50p S 16 82.8 97.5 2:50p 70.4 6:40a 0.0 17.9 0.00 1.8 22.0 8:15p SW 17 83.2 97.4 2:45p 69.6 6:35a 0.0 18.2 0.00 1.1 22.0 4:55p NNW 18 84.6 97.8 2:50p 71.6 6:20a 0.0 19.6 0.00 2.9 28.0 10:55p S 19 82.6 93.5 2:10p 67.5 6:20a 0.0 17.6 0.00 4.0 21.0 4:55p E 20 80.9 93.8 2:40p 70.3 6:45a 0.0 15.9 0.03 2.7 28.0 5:40p S 21 82.7 95.9 4:05p 69.8 6:05a 0.0 17.7 0.00 2.0 19.0 11:00a S 22 79.8 89.8 11:20a 71.4 2:45p 0.0 14.8 0.70 1.2 32.0 2:30p SSW 23 79.3 94.1 12:25p 66.6 6:20a 0.0 14.3 0.02 0.7 26.0 1:50p S 24 79.3 95.7 4:20p 65.3 6:35a 0.0 14.3 0.00 1.9 29.0 6:15p SSW 25 78.7 94.5 2:30p 69.1 6:35a 0.0 13.7 0.06 1.5 21.0 2:40p S 26 82.0 97.2 4:50p 69.4 6:45a 0.0 17.0 0.00 0.8 14.0 2:10p SSW 27 79.0 89.5 12:05p 69.8 5:05a 0.0 14.0 0.06 2.0 27.0 12:35p E 28 78.1 91.0 4:35p 68.3 6:45a 0.0 13.1 0.03 1.6 23.0 5:50p E 29 81.5 94.7 3:50p 65.7 6:10a 0.0 16.5 0.00 1.6 19.0 2:00p S 30 84.5 99.3 4:50p 68.5 5:55a 0.0 19.5 0.00 1.1 19.0 5:05p S 31 85.0 98.8 5:00p 70.8 6:40a 0.0 20.0 0.00 1.3 19.0 2:55p SSW ------------------------------------------------------------------------------------- 81.1 99.6 1 64.8 8 0.0 499.8 1.31 2.0 32.0 22 S Max >= 90.0: 24 Max <= 32.0: 0 Min <= 32.0: 0 Min <= 0.0: 0 Max Rain: 0.70 ON 07/22/12 Days of Rain: 10 (>.01 in) 2 (>.1 in) 0 (>1 in) Heat Base: 65.0 Cool Base: 65.0 Method: Integration