NOAA-style Climate Reports

- as reported from this site (LasCruces-Weather.com) beginning 04-03-07

2023: Jan | Feb | Mar | Apr | May | Jun | Jul | Aug | Sep | Oct | Nov | Dec 
2022: Jan | Feb | Mar | Apr | May | Jun | Jul | Aug | Sep | Oct | Nov | Dec 
2021: Jan | Feb | Mar | Apr | May | Jun | Jul | Aug | Sep | Oct | Nov | Dec 
2020: Jan | Feb | Mar | Apr | May | Jun | Jul | Aug | Sep | Oct | Nov | Dec 
2019: Jan | Feb | Mar | Apr | May | Jun | Jul | Aug | Sep | Oct | Nov | Dec 
2018: Jan | Feb | Mar | Apr | May | Jun | Jul | Aug | Sep | Oct | Nov | Dec 
2017: Jan | Feb | Mar | Apr | May | Jun | Jul | Aug | Sep | Oct | Nov | Dec 
2016: Jan | Feb | Mar | Apr | May | Jun | Jul | Aug | Sep | Oct | Nov | Dec 
2015: Jan | Feb | Mar | Apr | May | Jun | Jul | Aug | Sep | Oct | Nov | Dec 
2014: Jan | Feb | Mar | Apr | May | Jun | Jul | Aug | Sep | Oct | Nov | Dec 
2013: Jan | Feb | Mar | Apr | May | Jun | Jul | Aug | Sep | Oct | Nov | Dec 
2012: Jan | Feb | Mar | Apr | May | Jun | Jul | Aug | Sep | Oct | Nov | Dec 
2011: Jan | Feb | Mar | Apr | May | Jun | Jul | Aug | Sep | Oct | Nov | Dec 
2010: Jan | Feb | Mar | Apr | May | Jun | Jul | Aug | Sep | Oct | Nov | Dec 
2009: Jan | Feb | Mar | Apr | May | Jun | Jul | Aug | Sep | Oct | Nov | Dec 
2008: Jan | Feb | Mar | Apr | May | Jun | Jul | Aug | Sep | Oct | Nov | Dec 
2007: Jan | Feb | Mar | Apr | May | Jun | Jul | Aug | Sep | Oct | Nov | Dec 

Report for 2012 06
MONTHLY CLIMATOLOGICAL SUMMARY for JUN. 2012 NAME: C32 CITY: Las Cruces|East Mesa STATE: NM ELEV: 4474 ft LAT: 32 24' 08" N LONG: 106 41' 01" W TEMPERATURE (F), RAIN (in), WIND SPEED (mph) HEAT COOL AVG MEAN DEG DEG WIND DOM DAY TEMP HIGH TIME LOW TIME DAYS DAYS RAIN SPEED HIGH TIME DIR ------------------------------------------------------------------------------------ 1 80.8 94.8 4:50p 62.1 6:40a 0.2 16.0 0.00 2.3 18.0 12:55p S 2 84.9 99.0 3:45p 69.9 7:00a 0.0 19.9 0.00 2.8 19.0 6:50p SSW 3 82.0 96.7 5:00p 62.2 6:15a 0.1 17.1 0.00 2.3 23.0 6:15p WSW 4 80.8 97.7 4:45p 60.8 6:40a 0.2 16.0 0.00 1.5 17.0 4:30p S 5 79.0 94.9 5:50p 61.8 6:45a 0.3 14.3 0.00 1.4 25.0 11:05a SW 6 81.4 97.8 5:20p 62.9 6:50a 0.0 16.5 0.00 1.4 21.0 4:35p SW 7 82.3 98.6 3:15p 61.4 5:50a 0.2 17.5 0.00 1.3 25.0 2:00p WSW 8 81.9 99.7 4:05p 57.1 6:10a 0.4 17.3 0.00 1.6 20.0 7:15p WSW 9 82.9 98.3 3:20p 64.0 5:55a 0.0 17.9 0.00 4.0 27.0 1:45p WSW 10 81.1 95.1 4:05p 66.5 5:50a 0.0 16.1 0.00 4.9 29.0 3:45p WSW 11 80.9 97.8 3:40p 60.4 6:25a 0.2 16.1 0.00 1.0 24.0 2:05p SW 12 84.9 99.9 4:30p 69.1 7:00a 0.0 19.9 0.00 1.3 20.0 5:15p S 13 83.6 98.5 5:05p 65.2 6:25a 0.0 18.6 0.00 1.2 18.0 1:00p S 14 83.9 98.1 3:40p 69.9 6:20a 0.0 18.9 0.00 2.1 22.0 5:15p S 15 83.0 96.2 4:45p 71.9 5:40a 0.0 18.0 0.00 3.4 26.0 7:00p S 16 81.9 95.3 3:50p 68.3 6:00a 0.0 16.9 0.00 2.4 24.0 12:10a E 17 84.1 96.7 5:20p 72.1 6:20a 0.0 19.1 0.00 1.3 14.0 2:05a WSW 18 87.9 102.9 3:45p 68.2 6:50a 0.0 22.9 0.00 1.9 20.0 4:10p SW 19 86.4 101.3 2:40p 67.6 6:25a 0.0 21.4 0.00 3.1 27.0 2:25p WSW 20 85.5 105.8 5:15p 62.8 5:55a 0.2 20.7 0.00 0.9 18.0 3:15p S 21 84.8 100.3 2:30p 64.8 5:15a 0.0 19.8 0.00 3.8 28.0 2:55p E 22 86.1 98.5 3:50p 69.9 6:30a 0.0 21.1 0.00 2.7 25.0 12:30p S 23 88.3 99.6 5:20p 76.9 6:15a 0.0 23.3 0.00 3.0 19.0 6:00p SE 24 85.9 100.2 4:25p 67.2 6:30a 0.0 20.9 0.00 1.7 17.0 2:10p SW 25 87.9 101.4 4:55p 69.1 6:35a 0.0 22.9 0.00 1.7 22.0 4:45p SSW 26 90.0 102.8 3:45p 75.3 4:35a 0.0 25.0 0.00 2.5 24.0 12:15p SSW 27 90.0 104.6 3:30p 72.6 5:45a 0.0 24.7 0.00 1.9 19.0 3:50p S 28 91.6 104.9 4:30p 74.9 6:55a 0.0 26.6 0.00 1.5 19.0 4:10p S 29 89.8 104.7 2:45p 74.4 6:10a 0.0 24.8 0.01 1.7 21.0 7:15p ENE 30 90.7 105.8 3:25p 75.0 5:30a 0.0 25.7 0.00 1.2 23.0 4:50p S ------------------------------------------------------------------------------------- 84.8 105.8 20 57.1 8 1.8 595.9 0.01 2.1 29.0 10 S Max >= 90.0: 30 Max <= 32.0: 0 Min <= 32.0: 0 Min <= 0.0: 0 Max Rain: 0.01 ON 06/29/12 Days of Rain: 0 (>.01 in) 0 (>.1 in) 0 (>1 in) Heat Base: 65.0 Cool Base: 65.0 Method: Integration