NOAA-style Climate Reports

- as reported from this site (LasCruces-Weather.com) beginning 04-03-07

2023: Jan | Feb | Mar | Apr | May | Jun | Jul | Aug | Sep | Oct | Nov | Dec 
2022: Jan | Feb | Mar | Apr | May | Jun | Jul | Aug | Sep | Oct | Nov | Dec 
2021: Jan | Feb | Mar | Apr | May | Jun | Jul | Aug | Sep | Oct | Nov | Dec 
2020: Jan | Feb | Mar | Apr | May | Jun | Jul | Aug | Sep | Oct | Nov | Dec 
2019: Jan | Feb | Mar | Apr | May | Jun | Jul | Aug | Sep | Oct | Nov | Dec 
2018: Jan | Feb | Mar | Apr | May | Jun | Jul | Aug | Sep | Oct | Nov | Dec 
2017: Jan | Feb | Mar | Apr | May | Jun | Jul | Aug | Sep | Oct | Nov | Dec 
2016: Jan | Feb | Mar | Apr | May | Jun | Jul | Aug | Sep | Oct | Nov | Dec 
2015: Jan | Feb | Mar | Apr | May | Jun | Jul | Aug | Sep | Oct | Nov | Dec 
2014: Jan | Feb | Mar | Apr | May | Jun | Jul | Aug | Sep | Oct | Nov | Dec 
2013: Jan | Feb | Mar | Apr | May | Jun | Jul | Aug | Sep | Oct | Nov | Dec 
2012: Jan | Feb | Mar | Apr | May | Jun | Jul | Aug | Sep | Oct | Nov | Dec 
2011: Jan | Feb | Mar | Apr | May | Jun | Jul | Aug | Sep | Oct | Nov | Dec 
2010: Jan | Feb | Mar | Apr | May | Jun | Jul | Aug | Sep | Oct | Nov | Dec 
2009: Jan | Feb | Mar | Apr | May | Jun | Jul | Aug | Sep | Oct | Nov | Dec 
2008: Jan | Feb | Mar | Apr | May | Jun | Jul | Aug | Sep | Oct | Nov | Dec 
2007: Jan | Feb | Mar | Apr | May | Jun | Jul | Aug | Sep | Oct | Nov | Dec 

Report for 2012 05
MONTHLY CLIMATOLOGICAL SUMMARY for MAY. 2012 NAME: C32 CITY: Las Cruces|East Mesa STATE: NM ELEV: 4474 ft LAT: 32 24' 08" N LONG: 106 41' 01" W TEMPERATURE (F), RAIN (in), WIND SPEED (mph) HEAT COOL AVG MEAN DEG DEG WIND DOM DAY TEMP HIGH TIME LOW TIME DAYS DAYS RAIN SPEED HIGH TIME DIR ------------------------------------------------------------------------------------ 1 73.7 88.1 4:25p 59.0 6:05a 0.9 9.6 0.00 3.4 23.0 6:05p WSW 2 73.3 85.8 3:20p 59.0 6:35a 0.8 9.1 0.00 3.3 24.0 1:35p SW 3 72.6 86.0 4:00p 59.3 5:30a 1.1 8.7 0.00 2.3 19.0 4:30p WSW 4 74.0 89.3 2:55p 57.7 6:25a 1.6 10.6 0.00 2.0 21.0 3:00p SW 5 73.8 87.4 4:00p 57.5 6:40a 1.0 9.8 0.00 3.5 22.0 3:30p SW 6 73.2 86.6 4:20p 58.0 6:25a 0.8 9.0 0.00 1.9 19.0 4:10p SW 7 73.1 87.0 4:10p 57.6 5:50a 1.2 9.3 0.00 3.1 27.0 2:30p SW 8 63.2 75.6 2:15p 50.8 7:25p 3.9 2.1 0.41 6.1 30.0 3:20p E 9 58.5 69.7 12:20p 51.1 4:40a 6.9 0.3 0.08 2.4 22.0 12:20a E 10 56.8 64.4 3:55p 51.4 6:30a 8.2 0.0 0.02 1.3 19.0 1:10a S 11 65.4 80.8 4:25p 49.1 6:30a 4.2 4.6 0.00 2.6 29.0 5:35p S 12 69.1 81.5 4:00p 53.3 6:40a 2.1 6.2 0.00 2.7 26.0 8:30p E 13 72.5 86.0 5:50p 57.2 6:20a 0.9 8.4 0.00 2.5 25.0 9:20p E 14 67.1 78.5 5:20p 54.8 6:35a 1.9 4.0 0.00 2.1 21.0 2:15p NE 15 67.1 82.1 5:45p 50.1 6:25a 3.4 5.5 0.00 1.2 16.0 5:20p ESE 16 70.4 84.7 5:10p 53.8 6:20a 2.4 7.8 0.00 1.8 20.0 1:40p S 17 78.2 92.6 3:55p 63.7 6:35a 0.1 13.3 0.00 2.3 23.0 5:00p SSW 18 79.0 93.5 4:50p 64.4 5:25a 0.0 14.0 0.00 4.9 27.0 5:25p SSW 19 76.5 88.8 3:50p 61.4 6:15a 0.2 11.7 0.00 2.9 20.0 1:40p WSW 20 75.0 92.8 5:15p 56.3 5:25a 1.8 11.8 0.00 2.4 24.0 10:35p S 21 80.4 94.8 4:35p 64.3 5:25a 0.0 15.4 0.00 3.0 33.0 12:05p SSW 22 83.0 96.4 3:20p 66.3 6:35a 0.0 18.0 0.00 3.7 30.0 1:40p SSW 23 82.7 96.3 4:05p 67.8 2:20a 0.0 17.7 0.00 8.4 32.0 1:25p WSW 24 80.0 93.3 4:30p 67.0 6:10a 0.0 15.0 0.00 6.5 27.0 1:35p WSW 25 79.0 92.5 4:35p 64.6 6:50a 0.0 14.0 0.00 4.5 28.0 1:00p SSW 26 79.5 93.8 4:10p 66.0 4:00a 0.0 14.5 0.00 6.3 29.0 12:55p WSW 27 73.7 86.4 5:10p 60.0 6:35a 0.6 9.3 0.00 3.4 31.0 2:20p WSW 28 72.8 90.1 4:30p 52.6 5:40a 2.7 10.2 0.00 1.6 19.0 4:50p WSW 29 76.4 94.3 3:25p 56.5 6:30a 1.5 12.9 0.00 2.5 24.0 5:00p WSW 30 76.8 93.9 3:55p 53.9 7:00a 1.3 13.1 0.00 2.9 38.0 1:25p WSW 31 77.7 95.6 3:10p 53.2 5:45a 1.6 14.3 0.00 2.7 22.0 10:00p ESE ------------------------------------------------------------------------------------- 73.4 96.4 22 49.1 11 51.1 310.2 0.51 3.2 38.0 30 SW Max >= 90.0: 13 Max <= 32.0: 0 Min <= 32.0: 0 Min <= 0.0: 0 Max Rain: 0.41 ON 05/08/12 Days of Rain: 3 (>.01 in) 1 (>.1 in) 0 (>1 in) Heat Base: 65.0 Cool Base: 65.0 Method: Integration