NOAA-style Climate Reports

- as reported from this site (LasCruces-Weather.com) beginning 04-03-07

2023: Jan | Feb | Mar | Apr | May | Jun | Jul | Aug | Sep | Oct | Nov | Dec 
2022: Jan | Feb | Mar | Apr | May | Jun | Jul | Aug | Sep | Oct | Nov | Dec 
2021: Jan | Feb | Mar | Apr | May | Jun | Jul | Aug | Sep | Oct | Nov | Dec 
2020: Jan | Feb | Mar | Apr | May | Jun | Jul | Aug | Sep | Oct | Nov | Dec 
2019: Jan | Feb | Mar | Apr | May | Jun | Jul | Aug | Sep | Oct | Nov | Dec 
2018: Jan | Feb | Mar | Apr | May | Jun | Jul | Aug | Sep | Oct | Nov | Dec 
2017: Jan | Feb | Mar | Apr | May | Jun | Jul | Aug | Sep | Oct | Nov | Dec 
2016: Jan | Feb | Mar | Apr | May | Jun | Jul | Aug | Sep | Oct | Nov | Dec 
2015: Jan | Feb | Mar | Apr | May | Jun | Jul | Aug | Sep | Oct | Nov | Dec 
2014: Jan | Feb | Mar | Apr | May | Jun | Jul | Aug | Sep | Oct | Nov | Dec 
2013: Jan | Feb | Mar | Apr | May | Jun | Jul | Aug | Sep | Oct | Nov | Dec 
2012: Jan | Feb | Mar | Apr | May | Jun | Jul | Aug | Sep | Oct | Nov | Dec 
2011: Jan | Feb | Mar | Apr | May | Jun | Jul | Aug | Sep | Oct | Nov | Dec 
2010: Jan | Feb | Mar | Apr | May | Jun | Jul | Aug | Sep | Oct | Nov | Dec 
2009: Jan | Feb | Mar | Apr | May | Jun | Jul | Aug | Sep | Oct | Nov | Dec 
2008: Jan | Feb | Mar | Apr | May | Jun | Jul | Aug | Sep | Oct | Nov | Dec 
2007: Jan | Feb | Mar | Apr | May | Jun | Jul | Aug | Sep | Oct | Nov | Dec 

Report for 2012 04
MONTHLY CLIMATOLOGICAL SUMMARY for APR. 2012 NAME: C32 CITY: Las Cruces|East Mesa STATE: NM ELEV: 4474 ft LAT: 32 24' 08" N LONG: 106 41' 01" W TEMPERATURE (F), RAIN (in), WIND SPEED (mph) HEAT COOL AVG MEAN DEG DEG WIND DOM DAY TEMP HIGH TIME LOW TIME DAYS DAYS RAIN SPEED HIGH TIME DIR ------------------------------------------------------------------------------------ 1 67.9 82.5 3:00p 54.1 6:55a 2.8 5.6 0.00 5.0 28.0 2:40p SW 2 53.2 61.1 2:50p 43.7 7:05a 11.8 0.0 0.00 7.2 32.0 4:05p WSW 3 52.1 68.0 4:55p 35.3 4:30a 13.2 0.3 0.00 1.1 16.0 4:10p SW 4 58.2 75.5 4:30p 38.0 6:30a 9.2 2.5 0.00 1.3 18.0 2:30p SW 5 67.8 83.0 4:20p 54.4 7:25a 3.1 5.9 0.00 2.1 19.0 5:20p S 6 66.4 79.8 4:40p 50.3 7:00a 3.5 4.8 0.00 2.6 22.0 5:10p SW 7 65.5 81.3 2:30p 48.7 5:55a 4.8 5.3 0.00 3.2 34.0 12:00m E 8 68.5 83.3 4:05p 48.7 7:25a 2.8 6.3 0.00 1.7 32.0 12:15a E 9 70.7 86.0 4:10p 53.6 6:15a 1.8 7.5 0.00 1.5 17.0 1:35p WSW 10 72.1 86.7 4:55p 52.5 6:40a 2.1 9.3 0.00 2.5 24.0 10:40p SSW 11 72.3 85.7 3:40p 55.8 6:05a 1.4 8.7 0.00 3.9 26.0 2:50p SW 12 62.6 72.7 4:10p 51.4 6:10a 4.2 1.8 0.00 4.2 25.0 4:35p WSW 13 62.8 77.0 4:10p 45.5 6:25a 5.6 3.4 0.00 2.5 29.0 3:35p S 14 58.7 71.1 3:10p 46.7 12:00m 6.9 0.6 0.00 11.1 43.0 12:45p SW 15 52.3 66.6 4:50p 36.4 6:25a 12.8 0.1 0.00 2.3 21.0 4:00p SW 16 57.6 72.1 6:10p 37.9 6:15a 8.7 1.7 0.00 0.9 15.0 12:45p WSW 17 63.0 80.8 4:30p 43.3 6:20a 7.1 5.1 0.00 1.9 20.0 2:30p S 18 69.2 87.7 3:05p 46.7 4:35a 4.5 8.5 0.00 2.4 25.0 4:45p WSW 19 70.9 84.5 2:30p 56.5 6:30a 2.5 8.3 0.00 4.9 26.0 5:05p WSW 20 68.8 83.3 4:35p 50.7 6:40a 2.9 6.7 0.00 1.2 16.0 10:30a NNW 21 70.9 88.0 3:35p 49.1 6:30a 3.2 9.1 0.00 0.7 32.0 3:35p SW 22 76.0 93.7 2:40p 53.7 7:00a 1.9 13.0 0.00 1.5 39.0 5:40p E 23 78.9 91.2 4:55p 64.0 6:45a 0.0 14.0 0.00 2.5 22.0 1:25a ESE 24 78.7 93.8 4:10p 65.2 3:25a 0.0 13.7 0.00 1.5 21.0 3:30p WSW 25 76.9 92.3 4:30p 57.8 6:30a 0.8 12.7 0.00 1.2 13.0 2:55p SSW 26 76.8 90.8 1:25p 64.7 3:40a 0.0 11.8 0.00 6.2 38.0 4:40p SW 27 69.8 84.8 4:55p 52.2 6:30a 2.5 7.3 0.00 2.8 21.0 6:25p SW 28 70.8 86.0 3:15p 50.8 6:05a 2.8 8.6 0.00 1.7 22.0 5:40p SW 29 70.6 85.8 4:15p 52.7 5:50a 2.5 8.1 0.00 2.1 23.0 1:45p WSW 30 72.1 87.9 3:15p 52.3 6:05a 2.7 9.8 0.00 2.1 21.0 2:30p SW ------------------------------------------------------------------------------------- 67.4 93.8 24 35.3 3 128.1 200.5 0.00 2.9 43.0 14 SW Max >= 90.0: 5 Max <= 32.0: 0 Min <= 32.0: 0 Min <= 0.0: 0 Max Rain: 0.00 ON 04/01/12 Days of Rain: 0 (>.01 in) 0 (>.1 in) 0 (>1 in) Heat Base: 65.0 Cool Base: 65.0 Method: Integration