NOAA-style Climate Reports

- as reported from this site (LasCruces-Weather.com) beginning 04-03-07

2023: Jan | Feb | Mar | Apr | May | Jun | Jul | Aug | Sep | Oct | Nov | Dec 
2022: Jan | Feb | Mar | Apr | May | Jun | Jul | Aug | Sep | Oct | Nov | Dec 
2021: Jan | Feb | Mar | Apr | May | Jun | Jul | Aug | Sep | Oct | Nov | Dec 
2020: Jan | Feb | Mar | Apr | May | Jun | Jul | Aug | Sep | Oct | Nov | Dec 
2019: Jan | Feb | Mar | Apr | May | Jun | Jul | Aug | Sep | Oct | Nov | Dec 
2018: Jan | Feb | Mar | Apr | May | Jun | Jul | Aug | Sep | Oct | Nov | Dec 
2017: Jan | Feb | Mar | Apr | May | Jun | Jul | Aug | Sep | Oct | Nov | Dec 
2016: Jan | Feb | Mar | Apr | May | Jun | Jul | Aug | Sep | Oct | Nov | Dec 
2015: Jan | Feb | Mar | Apr | May | Jun | Jul | Aug | Sep | Oct | Nov | Dec 
2014: Jan | Feb | Mar | Apr | May | Jun | Jul | Aug | Sep | Oct | Nov | Dec 
2013: Jan | Feb | Mar | Apr | May | Jun | Jul | Aug | Sep | Oct | Nov | Dec 
2012: Jan | Feb | Mar | Apr | May | Jun | Jul | Aug | Sep | Oct | Nov | Dec 
2011: Jan | Feb | Mar | Apr | May | Jun | Jul | Aug | Sep | Oct | Nov | Dec 
2010: Jan | Feb | Mar | Apr | May | Jun | Jul | Aug | Sep | Oct | Nov | Dec 
2009: Jan | Feb | Mar | Apr | May | Jun | Jul | Aug | Sep | Oct | Nov | Dec 
2008: Jan | Feb | Mar | Apr | May | Jun | Jul | Aug | Sep | Oct | Nov | Dec 
2007: Jan | Feb | Mar | Apr | May | Jun | Jul | Aug | Sep | Oct | Nov | Dec 

Report for 2012 03
MONTHLY CLIMATOLOGICAL SUMMARY for MAR. 2012 NAME: C32 CITY: Las Cruces|East Mesa STATE: NM ELEV: 4474 ft LAT: 32 24' 08" N LONG: 106 41' 01" W TEMPERATURE (F), RAIN (in), WIND SPEED (mph) HEAT COOL AVG MEAN DEG DEG WIND DOM DAY TEMP HIGH TIME LOW TIME DAYS DAYS RAIN SPEED HIGH TIME DIR ------------------------------------------------------------------------------------ 1 53.9 66.3 2:20p 40.6 4:35a 11.2 0.1 0.00 5.0 32.0 3:50p WSW 2 48.7 62.9 3:10p 32.1 12:00m 16.3 0.0 0.00 8.2 32.0 2:05p N 3 40.2 57.4 4:05p 23.0 4:50a 24.8 0.0 0.00 1.8 16.0 10:40a NNW 4 48.0 68.6 3:55p 26.3 5:50a 17.4 0.4 0.00 1.4 11.0 9:55a NNW 5 55.5 75.0 3:00p 35.9 2:10a 11.3 1.8 0.00 1.6 19.0 2:35p NE 6 62.9 76.9 3:15p 46.4 6:25a 5.4 3.3 0.00 4.4 26.0 1:50p SW 7 61.0 73.1 3:00p 42.8 12:00m 5.7 1.7 0.00 8.4 33.0 11:05a SW 8 43.5 55.4 2:20p 33.6 12:00m 21.5 0.0 0.00 3.1 23.0 2:15p SSW 9 39.2 52.6 2:35p 26.5 4:55a 25.8 0.0 0.00 1.7 18.0 12:20p E 10 38.5 42.9 9:45a 34.4 10:25p 26.5 0.0 0.04 0.7 12.0 11:05a WNW 11 49.1 65.7 3:30p 32.9 4:40a 15.3 0.0 0.00 4.4 23.0 1:35p S 12 58.0 73.5 4:35p 40.6 8:05a 8.7 1.7 0.00 1.3 15.0 2:10p SW 13 59.9 78.4 3:50p 40.9 8:00a 8.6 3.5 0.00 0.8 14.0 1:35p SW 14 62.7 78.1 4:30p 49.7 3:55a 6.0 3.6 0.00 1.8 16.0 3:35p SW 15 58.0 76.4 3:30p 37.5 6:45a 9.9 2.9 0.00 1.2 12.0 9:55a SSE 16 61.7 80.7 3:15p 43.3 5:25a 8.0 4.7 0.00 1.3 18.0 3:35p SW 17 65.7 80.3 4:20p 49.4 7:05a 4.0 4.8 0.00 5.1 28.0 2:35p SW 18 59.6 70.4 12:05p 47.7 11:55p 5.7 0.4 0.00 9.3 45.0 3:05p SW 19 42.2 48.5 1:10p 32.0 12:00m 22.8 0.0 0.00 6.5 35.0 2:10p WSW 20 40.6 55.9 4:00p 25.3 4:25a 24.4 0.0 0.00 3.4 26.0 2:25p NNW 21 48.9 65.2 5:30p 32.2 3:20a 16.1 0.0 0.00 1.4 28.0 4:00p S 22 57.9 75.5 5:40p 37.8 7:45a 9.5 2.4 0.00 0.8 14.0 12:50p S 23 63.7 80.3 4:10p 47.0 7:35a 5.9 4.7 0.00 1.2 14.0 5:10p S 24 64.2 83.8 4:25p 44.0 7:10a 6.6 5.8 0.00 1.4 16.0 1:10p WSW 25 67.9 88.1 3:55p 45.6 5:25a 5.3 8.2 0.00 1.6 23.0 2:45p SSW 26 68.0 79.4 4:15p 56.0 7:25a 1.9 4.9 0.00 2.2 21.0 12:10p WSW 27 62.8 80.8 3:05p 42.3 6:20a 7.0 4.8 0.00 1.1 19.0 3:10p SW 28 64.5 83.9 3:00p 42.1 7:25a 6.7 6.2 0.00 1.5 22.0 2:00p WSW 29 67.5 82.2 3:50p 54.3 7:25a 2.9 5.5 0.00 3.0 37.0 4:45p S 30 65.0 81.4 5:20p 44.8 4:55a 5.5 5.4 0.00 1.1 17.0 1:55p SW 31 67.3 85.1 3:10p 46.7 7:05a 4.6 6.8 0.00 1.9 19.0 12:35p SW ------------------------------------------------------------------------------------- 56.3 88.1 25 23.0 3 351.3 83.6 0.04 2.9 45.0 18 SW Max >= 90.0: 0 Max <= 32.0: 0 Min <= 32.0: 5 Min <= 0.0: 0 Max Rain: 0.04 ON 03/10/12 Days of Rain: 1 (>.01 in) 0 (>.1 in) 0 (>1 in) Heat Base: 65.0 Cool Base: 65.0 Method: Integration