NOAA-style Climate Reports

- as reported from this site (LasCruces-Weather.com) beginning 04-03-07

2023: Jan | Feb | Mar | Apr | May | Jun | Jul | Aug | Sep | Oct | Nov | Dec 
2022: Jan | Feb | Mar | Apr | May | Jun | Jul | Aug | Sep | Oct | Nov | Dec 
2021: Jan | Feb | Mar | Apr | May | Jun | Jul | Aug | Sep | Oct | Nov | Dec 
2020: Jan | Feb | Mar | Apr | May | Jun | Jul | Aug | Sep | Oct | Nov | Dec 
2019: Jan | Feb | Mar | Apr | May | Jun | Jul | Aug | Sep | Oct | Nov | Dec 
2018: Jan | Feb | Mar | Apr | May | Jun | Jul | Aug | Sep | Oct | Nov | Dec 
2017: Jan | Feb | Mar | Apr | May | Jun | Jul | Aug | Sep | Oct | Nov | Dec 
2016: Jan | Feb | Mar | Apr | May | Jun | Jul | Aug | Sep | Oct | Nov | Dec 
2015: Jan | Feb | Mar | Apr | May | Jun | Jul | Aug | Sep | Oct | Nov | Dec 
2014: Jan | Feb | Mar | Apr | May | Jun | Jul | Aug | Sep | Oct | Nov | Dec 
2013: Jan | Feb | Mar | Apr | May | Jun | Jul | Aug | Sep | Oct | Nov | Dec 
2012: Jan | Feb | Mar | Apr | May | Jun | Jul | Aug | Sep | Oct | Nov | Dec 
2011: Jan | Feb | Mar | Apr | May | Jun | Jul | Aug | Sep | Oct | Nov | Dec 
2010: Jan | Feb | Mar | Apr | May | Jun | Jul | Aug | Sep | Oct | Nov | Dec 
2009: Jan | Feb | Mar | Apr | May | Jun | Jul | Aug | Sep | Oct | Nov | Dec 
2008: Jan | Feb | Mar | Apr | May | Jun | Jul | Aug | Sep | Oct | Nov | Dec 
2007: Jan | Feb | Mar | Apr | May | Jun | Jul | Aug | Sep | Oct | Nov | Dec 

Report for 2012 02
MONTHLY CLIMATOLOGICAL SUMMARY for FEB. 2012 NAME: C32 CITY: Las Cruces|East Mesa STATE: NM ELEV: 4474 ft LAT: 32 24' 08" N LONG: 106 41' 01" W TEMPERATURE (F), RAIN (in), WIND SPEED (mph) HEAT COOL AVG MEAN DEG DEG WIND DOM DAY TEMP HIGH TIME LOW TIME DAYS DAYS RAIN SPEED HIGH TIME DIR ------------------------------------------------------------------------------------ 1 47.6 64.7 2:15p 30.7 4:35a 17.4 0.0 0.00 0.8 12.0 8:50a SSW 2 50.3 64.5 4:10p 38.7 5:45a 14.7 0.0 0.00 1.4 18.0 1:25p SW 3 44.9 58.0 4:00p 28.9 6:55a 20.1 0.0 0.00 0.7 12.0 4:15p N 4 41.8 54.8 2:50p 28.7 7:20a 23.2 0.0 0.00 2.9 24.0 8:00p E 5 43.0 52.5 2:50p 32.2 7:35a 22.0 0.0 0.00 1.7 22.0 12:50a E 6 42.7 57.1 4:35p 25.3 7:00a 22.3 0.0 0.00 0.9 14.0 1:00p S 7 46.0 61.0 2:30p 30.8 7:10a 19.0 0.0 0.00 2.8 17.0 11:30a E 8 45.0 58.7 4:30p 31.9 7:20a 20.0 0.0 0.00 0.3 13.0 11:55a NNE 9 47.5 64.7 3:15p 33.4 4:15a 17.5 0.0 0.00 0.9 12.0 3:25p SW 10 45.8 60.3 3:45p 31.6 7:05a 19.2 0.0 0.00 0.8 13.0 4:40a N 11 49.5 66.8 3:30p 32.4 6:30a 15.7 0.1 0.00 1.7 18.0 1:00p ESE 12 44.3 55.4 3:15p 35.7 7:20a 20.7 0.0 0.01 0.6 22.0 7:55p SSW 13 47.4 59.4 3:25p 37.3 5:00a 17.6 0.0 0.00 2.2 21.0 2:10p S 14 47.6 59.0 3:40p 37.3 10:55p 17.4 0.0 0.00 4.9 32.0 5:15p SW 15 43.7 58.2 3:55p 30.8 7:00a 21.3 0.0 0.00 1.3 20.0 12:20a WSW 16 47.1 59.6 4:10p 30.4 6:45a 17.9 0.0 0.00 2.6 29.0 8:40p E 17 41.9 47.8 4:55p 35.5 12:00m 23.1 0.0 0.04 1.3 13.0 2:05a N 18 43.1 58.7 4:45p 28.8 6:20a 21.9 0.0 0.01 0.8 12.0 9:45a NNW 19 48.5 61.8 3:40p 34.8 5:20a 16.5 0.0 0.00 3.2 30.0 3:50p SSW 20 48.9 61.6 4:30p 39.1 11:15p 16.1 0.0 0.00 1.6 16.0 7:45a WSW 21 48.7 65.6 3:05p 28.3 6:40a 16.4 0.0 0.00 2.4 18.0 4:30p SW 22 53.7 71.2 2:50p 33.2 7:30a 12.3 0.9 0.00 3.3 25.0 5:30p N 23 57.8 72.9 3:35p 45.0 6:20a 8.8 1.6 0.00 7.1 29.0 3:00p S 24 46.2 60.5 4:10p 32.8 7:05a 18.8 0.0 0.00 0.9 15.0 12:50a S 25 49.3 66.8 3:30p 29.7 6:15a 15.8 0.2 0.00 1.9 21.0 2:35p SSW 26 56.3 70.7 3:40p 41.0 7:15a 9.8 1.2 0.00 2.0 20.0 3:55p SW 27 56.7 71.5 3:30p 36.6 7:05a 9.6 1.3 0.00 3.4 25.0 2:45p S 28 51.9 60.4 1:05p 39.7 10:50p 13.1 0.0 0.00 6.3 32.0 12:35p SW 29 48.4 65.8 3:35p 27.2 7:15a 16.6 0.0 0.00 1.8 23.0 2:30p SSW ------------------------------------------------------------------------------------- 47.8 72.9 23 25.3 6 504.8 5.3 0.06 2.2 32.0 14 S Max >= 90.0: 0 Max <= 32.0: 0 Min <= 32.0: 13 Min <= 0.0: 0 Max Rain: 0.04 ON 02/17/12 Days of Rain: 1 (>.01 in) 0 (>.1 in) 0 (>1 in) Heat Base: 65.0 Cool Base: 65.0 Method: Integration