NOAA-style Climate Reports

- as reported from this site (LasCruces-Weather.com) beginning 04-03-07

2023: Jan | Feb | Mar | Apr | May | Jun | Jul | Aug | Sep | Oct | Nov | Dec 
2022: Jan | Feb | Mar | Apr | May | Jun | Jul | Aug | Sep | Oct | Nov | Dec 
2021: Jan | Feb | Mar | Apr | May | Jun | Jul | Aug | Sep | Oct | Nov | Dec 
2020: Jan | Feb | Mar | Apr | May | Jun | Jul | Aug | Sep | Oct | Nov | Dec 
2019: Jan | Feb | Mar | Apr | May | Jun | Jul | Aug | Sep | Oct | Nov | Dec 
2018: Jan | Feb | Mar | Apr | May | Jun | Jul | Aug | Sep | Oct | Nov | Dec 
2017: Jan | Feb | Mar | Apr | May | Jun | Jul | Aug | Sep | Oct | Nov | Dec 
2016: Jan | Feb | Mar | Apr | May | Jun | Jul | Aug | Sep | Oct | Nov | Dec 
2015: Jan | Feb | Mar | Apr | May | Jun | Jul | Aug | Sep | Oct | Nov | Dec 
2014: Jan | Feb | Mar | Apr | May | Jun | Jul | Aug | Sep | Oct | Nov | Dec 
2013: Jan | Feb | Mar | Apr | May | Jun | Jul | Aug | Sep | Oct | Nov | Dec 
2012: Jan | Feb | Mar | Apr | May | Jun | Jul | Aug | Sep | Oct | Nov | Dec 
2011: Jan | Feb | Mar | Apr | May | Jun | Jul | Aug | Sep | Oct | Nov | Dec 
2010: Jan | Feb | Mar | Apr | May | Jun | Jul | Aug | Sep | Oct | Nov | Dec 
2009: Jan | Feb | Mar | Apr | May | Jun | Jul | Aug | Sep | Oct | Nov | Dec 
2008: Jan | Feb | Mar | Apr | May | Jun | Jul | Aug | Sep | Oct | Nov | Dec 
2007: Jan | Feb | Mar | Apr | May | Jun | Jul | Aug | Sep | Oct | Nov | Dec 

Report for 2012 01
MONTHLY CLIMATOLOGICAL SUMMARY for JAN. 2012 NAME: C32 CITY: Las Cruces|East Mesa STATE: NM ELEV: 4474 ft LAT: 32 24' 08" N LONG: 106 41' 01" W TEMPERATURE (F), RAIN (in), WIND SPEED (mph) HEAT COOL AVG MEAN DEG DEG WIND DOM DAY TEMP HIGH TIME LOW TIME DAYS DAYS RAIN SPEED HIGH TIME DIR ------------------------------------------------------------------------------------ 1 43.8 61.5 3:45p 31.9 7:30a 21.2 0.0 0.00 1.4 15.0 3:35a W 2 40.3 58.2 3:25p 27.6 5:55a 24.7 0.0 0.00 0.7 7.0 11:40a NNE 3 42.4 60.7 2:35p 29.7 6:45a 22.6 0.0 0.00 0.7 8.0 8:20a N 4 44.6 64.8 2:25p 29.5 6:20a 20.4 0.0 0.00 3.3 16.0 2:25p NNE 5 44.9 61.9 3:05p 30.8 6:35a 20.1 0.0 0.00 1.1 10.0 8:35a ENE 6 45.3 64.1 3:40p 28.9 7:45a 19.7 0.0 0.00 0.3 6.0 8:35a S 7 47.0 64.2 3:05p 32.4 5:00a 18.0 0.0 0.00 1.2 16.0 2:50p S 8 44.8 59.0 1:40p 37.4 11:50p 20.2 0.0 0.44 0.9 30.0 2:50p SSW 9 38.1 47.7 3:20p 32.8 12:00m 26.9 0.0 0.11 1.3 12.0 4:10a NNW 10 39.0 52.5 3:45p 24.9 8:10a 26.0 0.0 0.00 0.2 7.0 1:15p S 11 44.8 62.0 4:15p 31.6 7:40a 20.2 0.0 0.00 0.6 11.0 5:15a S 12 36.5 47.1 3:20p 29.7 4:45a 28.5 0.0 0.00 1.4 12.0 11:10a SW 13 36.7 54.3 3:45p 23.0 6:55a 28.3 0.0 0.00 1.9 11.0 8:55a N 14 39.5 57.2 2:30p 25.4 2:25a 25.5 0.0 0.00 1.1 9.0 8:45a N 15 48.0 61.6 3:50p 33.2 5:15a 17.0 0.0 0.00 1.4 18.0 3:00p SSW 16 50.7 63.8 2:15p 42.3 6:50a 14.3 0.0 0.00 4.5 31.0 12:55p WSW 17 49.5 60.2 2:50p 41.6 3:30a 15.5 0.0 0.00 1.6 19.0 12:50p WSW 18 48.1 64.3 3:15p 30.0 6:50a 16.9 0.0 0.00 1.8 19.0 3:10p SW 19 52.8 68.8 3:55p 38.1 7:55a 12.6 0.4 0.00 1.9 12.0 5:30a S 20 55.6 70.6 3:30p 43.3 7:05a 10.2 0.8 0.00 3.6 23.0 2:10p S 21 52.9 66.7 2:05p 35.6 5:05a 12.3 0.1 0.00 2.8 28.0 5:15p SSW 22 50.9 59.8 3:50p 41.5 11:40p 14.1 0.0 0.00 3.6 30.0 6:15a SW 23 47.9 62.7 3:50p 32.5 6:55a 17.1 0.0 0.00 0.8 13.0 4:15p SSW 24 45.7 54.7 12:30p 38.9 12:00m 19.3 0.0 0.01 1.0 18.0 3:50p N 25 44.5 56.7 2:50p 35.7 7:15a 20.5 0.0 0.00 3.7 24.0 2:45p NNW 26 47.1 62.7 2:35p 30.8 6:15a 17.9 0.0 0.00 1.7 16.0 4:10p S 27 53.9 66.9 2:55p 41.7 7:15a 11.2 0.1 0.00 1.7 15.0 9:30p S 28 46.9 57.1 4:20p 34.5 12:00m 18.1 0.0 0.00 0.5 12.0 12:15a SW 29 42.2 63.2 3:05p 27.4 7:20a 22.8 0.0 0.00 1.2 12.0 8:40a NNE 30 46.8 65.6 3:25p 29.7 5:10a 18.2 0.0 0.00 0.9 17.0 3:20p S 31 51.4 63.3 4:10p 39.4 7:35a 13.6 0.0 0.00 1.4 18.0 4:10p SW ------------------------------------------------------------------------------------- 45.9 70.6 20 23.0 13 593.9 1.4 0.56 1.6 31.0 16 S Max >= 90.0: 0 Max <= 32.0: 0 Min <= 32.0: 15 Min <= 0.0: 0 Max Rain: 0.44 ON 01/08/12 Days of Rain: 2 (>.01 in) 2 (>.1 in) 0 (>1 in) Heat Base: 65.0 Cool Base: 65.0 Method: Integration