NOAA-style Climate Reports

- as reported from this site (LasCruces-Weather.com) beginning 04-03-07

2023: Jan | Feb | Mar | Apr | May | Jun | Jul | Aug | Sep | Oct | Nov | Dec 
2022: Jan | Feb | Mar | Apr | May | Jun | Jul | Aug | Sep | Oct | Nov | Dec 
2021: Jan | Feb | Mar | Apr | May | Jun | Jul | Aug | Sep | Oct | Nov | Dec 
2020: Jan | Feb | Mar | Apr | May | Jun | Jul | Aug | Sep | Oct | Nov | Dec 
2019: Jan | Feb | Mar | Apr | May | Jun | Jul | Aug | Sep | Oct | Nov | Dec 
2018: Jan | Feb | Mar | Apr | May | Jun | Jul | Aug | Sep | Oct | Nov | Dec 
2017: Jan | Feb | Mar | Apr | May | Jun | Jul | Aug | Sep | Oct | Nov | Dec 
2016: Jan | Feb | Mar | Apr | May | Jun | Jul | Aug | Sep | Oct | Nov | Dec 
2015: Jan | Feb | Mar | Apr | May | Jun | Jul | Aug | Sep | Oct | Nov | Dec 
2014: Jan | Feb | Mar | Apr | May | Jun | Jul | Aug | Sep | Oct | Nov | Dec 
2013: Jan | Feb | Mar | Apr | May | Jun | Jul | Aug | Sep | Oct | Nov | Dec 
2012: Jan | Feb | Mar | Apr | May | Jun | Jul | Aug | Sep | Oct | Nov | Dec 
2011: Jan | Feb | Mar | Apr | May | Jun | Jul | Aug | Sep | Oct | Nov | Dec 
2010: Jan | Feb | Mar | Apr | May | Jun | Jul | Aug | Sep | Oct | Nov | Dec 
2009: Jan | Feb | Mar | Apr | May | Jun | Jul | Aug | Sep | Oct | Nov | Dec 
2008: Jan | Feb | Mar | Apr | May | Jun | Jul | Aug | Sep | Oct | Nov | Dec 
2007: Jan | Feb | Mar | Apr | May | Jun | Jul | Aug | Sep | Oct | Nov | Dec 

Report for 2011 12
MONTHLY CLIMATOLOGICAL SUMMARY for DEC. 2011 NAME: C32 CITY: Las Cruces|East Mesa STATE: NM ELEV: 4474 ft LAT: 32 24' 08" N LONG: 106 41' 01" W TEMPERATURE (F), RAIN (in), WIND SPEED (mph) HEAT COOL AVG MEAN DEG DEG WIND DOM DAY TEMP HIGH TIME LOW TIME DAYS DAYS RAIN SPEED HIGH TIME DIR ------------------------------------------------------------------------------------ 1 54.2 68.6 12:25p 44.4 1:20a 11.3 0.4 0.00 10.3 52.0 9:00p S 2 42.0 48.1 1:35p 36.9 11:00p 23.0 0.0 0.38 1.9 21.0 12:10a ESE 3 39.3 46.0 1:00p 32.0 12:00m 25.6 0.0 0.06 1.3 14.0 2:40p WSW 4 35.8 42.8 1:00p 29.0 4:10a 29.2 0.0 0.02 1.1 11.0 10:20a N 5 28.3 34.4 11:00a 15.3 12:00m 36.7 0.0 0.01 2.1 19.0 4:40p S 6 19.0 29.0 4:50p 7.6 6:50a 46.0 0.0 0.03 1.0 11.0 9:25a N 7 24.3 36.8 2:40p 10.7 3:35a 40.7 0.0 0.01 1.6 13.0 2:45p N 8 28.4 43.8 4:00p 13.9 7:05a 36.6 0.0 0.03 0.6 9.0 8:55a NNW 9 31.2 46.1 2:55p 19.4 5:30a 33.8 0.0 0.00 1.7 10.0 9:00p N 10 34.1 48.7 3:10p 22.1 6:45a 30.9 0.0 0.00 0.5 7.0 6:45a N 11 36.7 51.0 2:45p 25.5 5:15a 28.3 0.0 0.00 0.3 10.0 1:15p SSW 12 42.2 50.6 3:30p 35.9 1:15a 22.8 0.0 0.00 2.7 15.0 10:25p N 13 45.6 51.5 11:45a 39.7 12:05a 19.4 0.0 0.28 1.8 18.0 11:55a ENE 14 43.9 52.5 2:30p 37.2 11:55p 21.1 0.0 0.00 0.5 21.0 2:00a WSW 15 40.8 52.0 2:15p 32.2 7:40a 24.2 0.0 0.00 1.0 10.0 8:35a N 16 39.6 52.0 3:10p 27.4 7:00a 25.4 0.0 0.00 0.6 11.0 3:25p SSW 17 42.7 53.7 1:50p 34.4 5:35a 22.3 0.0 0.00 1.0 13.0 12:40p NNW 18 45.7 54.6 3:15p 34.4 2:55a 19.3 0.0 0.40 1.8 18.0 9:25p NNE 19 39.6 43.0 4:05p 33.9 7:55a 25.4 0.0 0.16 7.2 28.0 10:40a WSW 20 39.4 44.9 12:05p 32.2 11:35p 25.6 0.0 0.00 0.3 10.0 12:20p SSW 21 39.4 50.2 2:00p 27.5 7:20a 25.6 0.0 0.01 1.7 17.0 4:25p SW 22 41.6 50.5 2:50p 35.1 6:00a 23.4 0.0 0.02 3.1 31.0 12:00m S 23 30.8 36.5 12:45a 26.6 12:00m 34.2 0.0 0.00 4.5 34.0 1:00a NNW 24 29.7 36.8 3:55p 22.7 12:00m 35.3 0.0 0.09 0.0 6.0 3:30p SW 25 28.5 40.4 3:25p 17.8 3:30a 36.5 0.0 0.00 0.1 6.0 1:45p WNW 26 34.0 46.8 4:15p 23.3 12:00m 31.0 0.0 0.00 1.0 12.0 10:05a SSW 27 33.8 50.8 3:15p 22.0 3:45a 31.2 0.0 0.00 1.8 11.0 1:55a NNE 28 36.1 53.3 3:05p 20.8 6:25a 28.9 0.0 0.00 3.8 15.0 9:05a N 29 41.8 59.5 3:30p 28.0 3:55a 23.2 0.0 0.00 2.3 14.0 11:05a N 30 45.7 66.2 3:35p 29.8 6:35a 19.4 0.1 0.00 2.0 11.0 10:50a S 31 47.6 66.2 2:30p 34.3 6:55a 17.5 0.0 0.00 1.0 13.0 10:40p WSW ------------------------------------------------------------------------------------- 37.5 68.6 1 7.6 6 853.8 0.5 1.50 2.0 52.0 1 N Max >= 90.0: 0 Max <= 32.0: 1 Min <= 32.0: 19 Min <= 0.0: 0 Max Rain: 0.40 ON 12/18/11 Days of Rain: 10 (>.01 in) 4 (>.1 in) 0 (>1 in) Heat Base: 65.0 Cool Base: 65.0 Method: Integration