NOAA-style Climate Reports

- as reported from this site (LasCruces-Weather.com) beginning 04-03-07

2023: Jan | Feb | Mar | Apr | May | Jun | Jul | Aug | Sep | Oct | Nov | Dec 
2022: Jan | Feb | Mar | Apr | May | Jun | Jul | Aug | Sep | Oct | Nov | Dec 
2021: Jan | Feb | Mar | Apr | May | Jun | Jul | Aug | Sep | Oct | Nov | Dec 
2020: Jan | Feb | Mar | Apr | May | Jun | Jul | Aug | Sep | Oct | Nov | Dec 
2019: Jan | Feb | Mar | Apr | May | Jun | Jul | Aug | Sep | Oct | Nov | Dec 
2018: Jan | Feb | Mar | Apr | May | Jun | Jul | Aug | Sep | Oct | Nov | Dec 
2017: Jan | Feb | Mar | Apr | May | Jun | Jul | Aug | Sep | Oct | Nov | Dec 
2016: Jan | Feb | Mar | Apr | May | Jun | Jul | Aug | Sep | Oct | Nov | Dec 
2015: Jan | Feb | Mar | Apr | May | Jun | Jul | Aug | Sep | Oct | Nov | Dec 
2014: Jan | Feb | Mar | Apr | May | Jun | Jul | Aug | Sep | Oct | Nov | Dec 
2013: Jan | Feb | Mar | Apr | May | Jun | Jul | Aug | Sep | Oct | Nov | Dec 
2012: Jan | Feb | Mar | Apr | May | Jun | Jul | Aug | Sep | Oct | Nov | Dec 
2011: Jan | Feb | Mar | Apr | May | Jun | Jul | Aug | Sep | Oct | Nov | Dec 
2010: Jan | Feb | Mar | Apr | May | Jun | Jul | Aug | Sep | Oct | Nov | Dec 
2009: Jan | Feb | Mar | Apr | May | Jun | Jul | Aug | Sep | Oct | Nov | Dec 
2008: Jan | Feb | Mar | Apr | May | Jun | Jul | Aug | Sep | Oct | Nov | Dec 
2007: Jan | Feb | Mar | Apr | May | Jun | Jul | Aug | Sep | Oct | Nov | Dec 

Report for 2011 11
MONTHLY CLIMATOLOGICAL SUMMARY for NOV. 2011 NAME: C32 CITY: Las Cruces|East Mesa STATE: NM ELEV: 4474 ft LAT: 32 24' 08" N LONG: 106 41' 01" W TEMPERATURE (F), RAIN (in), WIND SPEED (mph) HEAT COOL AVG MEAN DEG DEG WIND DOM DAY TEMP HIGH TIME LOW TIME DAYS DAYS RAIN SPEED HIGH TIME DIR ------------------------------------------------------------------------------------ 1 63.7 80.2 3:15p 45.5 8:05a 5.6 4.3 0.00 1.5 17.0 1:55p SSW 2 58.1 65.8 3:10p 45.0 11:25p 6.9 0.0 0.00 4.3 27.0 12:30p S 3 45.4 59.7 4:25p 30.4 7:20a 19.6 0.0 0.00 0.3 9.0 2:50p WSW 4 54.9 72.6 3:45p 35.9 6:30a 11.4 1.3 0.00 1.2 19.0 2:55p S 5 54.7 63.6 1:00a 44.1 12:00m 10.3 0.0 0.01 7.1 38.0 9:25a S 6 51.4 63.5 2:35p 41.3 1:50a 13.6 0.0 0.00 1.2 19.0 2:45p SW 7 49.7 63.9 2:00p 37.3 4:25a 15.3 0.0 0.00 3.9 29.0 3:55p SW 8 43.0 55.6 3:10p 31.1 6:00a 22.0 0.0 0.00 0.5 15.0 12:35p N 9 45.5 59.2 2:05p 33.1 4:45a 19.5 0.0 0.00 1.5 15.0 1:45p E 10 43.0 57.3 3:30p 29.8 6:55a 22.0 0.0 0.00 0.2 8.0 11:30a N 11 46.9 60.0 1:55p 31.5 3:10a 18.1 0.0 0.00 0.7 12.0 1:00p SSW 12 58.4 68.8 3:00p 48.4 5:00a 7.1 0.5 0.00 2.4 25.0 9:40p SW 13 56.1 65.9 1:35p 47.8 5:05a 9.0 0.0 0.01 2.4 26.0 2:00p SW 14 55.3 63.2 12:05p 48.6 12:00m 9.7 0.0 0.00 1.4 14.0 12:50p S 15 52.1 65.9 2:30p 37.5 6:35a 12.9 0.0 0.00 1.5 19.0 5:00p SW 16 51.1 65.8 3:15p 35.7 6:35a 13.9 0.0 0.00 1.0 13.0 1:00p N 17 49.3 64.6 1:55p 33.2 5:30a 15.7 0.0 0.00 0.5 12.0 4:00p SSW 18 53.9 68.7 2:35p 40.7 6:05a 11.6 0.5 0.00 1.7 19.0 2:55p SW 19 55.6 66.1 3:10p 45.0 6:20a 9.5 0.1 0.00 1.0 17.0 2:00p SW 20 57.5 69.6 3:00p 47.8 4:10a 8.1 0.6 0.00 0.9 15.0 3:05p SSW 21 51.5 61.4 9:45a 41.8 12:00m 13.5 0.0 0.05 1.6 28.0 2:10p W 22 47.4 62.2 3:10p 36.6 6:40a 17.6 0.0 0.00 0.6 12.0 3:25p N 23 47.1 64.9 3:30p 30.9 7:20a 17.9 0.0 0.00 0.2 9.0 10:05a WSW 24 52.1 67.7 2:50p 36.3 3:30a 13.1 0.3 0.00 1.1 14.0 12:10p SSW 25 49.5 57.0 1:50p 40.6 10:50p 15.5 0.0 0.25 1.2 23.0 10:15a SSW 26 45.4 56.5 2:10p 34.9 12:00m 19.6 0.0 0.00 2.9 26.0 10:00a NNE 27 39.0 51.7 4:00p 27.2 6:40a 26.0 0.0 0.00 0.2 7.0 10:30a SW 28 43.9 62.3 3:10p 27.1 6:45a 21.1 0.0 0.00 0.5 10.0 11:50a N 29 46.2 63.7 2:50p 34.4 3:05a 18.8 0.0 0.00 0.4 8.0 4:40a N 30 48.0 63.7 2:15p 32.1 6:55a 17.0 0.0 0.00 1.2 14.0 2:45p S ------------------------------------------------------------------------------------- 50.5 80.2 1 27.1 28 441.9 7.6 0.32 1.5 38.0 5 SSW Max >= 90.0: 0 Max <= 32.0: 0 Min <= 32.0: 7 Min <= 0.0: 0 Max Rain: 0.25 ON 11/25/11 Days of Rain: 2 (>.01 in) 1 (>.1 in) 0 (>1 in) Heat Base: 65.0 Cool Base: 65.0 Method: Integration