NOAA-style Climate Reports

- as reported from this site (LasCruces-Weather.com) beginning 04-03-07

2023: Jan | Feb | Mar | Apr | May | Jun | Jul | Aug | Sep | Oct | Nov | Dec 
2022: Jan | Feb | Mar | Apr | May | Jun | Jul | Aug | Sep | Oct | Nov | Dec 
2021: Jan | Feb | Mar | Apr | May | Jun | Jul | Aug | Sep | Oct | Nov | Dec 
2020: Jan | Feb | Mar | Apr | May | Jun | Jul | Aug | Sep | Oct | Nov | Dec 
2019: Jan | Feb | Mar | Apr | May | Jun | Jul | Aug | Sep | Oct | Nov | Dec 
2018: Jan | Feb | Mar | Apr | May | Jun | Jul | Aug | Sep | Oct | Nov | Dec 
2017: Jan | Feb | Mar | Apr | May | Jun | Jul | Aug | Sep | Oct | Nov | Dec 
2016: Jan | Feb | Mar | Apr | May | Jun | Jul | Aug | Sep | Oct | Nov | Dec 
2015: Jan | Feb | Mar | Apr | May | Jun | Jul | Aug | Sep | Oct | Nov | Dec 
2014: Jan | Feb | Mar | Apr | May | Jun | Jul | Aug | Sep | Oct | Nov | Dec 
2013: Jan | Feb | Mar | Apr | May | Jun | Jul | Aug | Sep | Oct | Nov | Dec 
2012: Jan | Feb | Mar | Apr | May | Jun | Jul | Aug | Sep | Oct | Nov | Dec 
2011: Jan | Feb | Mar | Apr | May | Jun | Jul | Aug | Sep | Oct | Nov | Dec 
2010: Jan | Feb | Mar | Apr | May | Jun | Jul | Aug | Sep | Oct | Nov | Dec 
2009: Jan | Feb | Mar | Apr | May | Jun | Jul | Aug | Sep | Oct | Nov | Dec 
2008: Jan | Feb | Mar | Apr | May | Jun | Jul | Aug | Sep | Oct | Nov | Dec 
2007: Jan | Feb | Mar | Apr | May | Jun | Jul | Aug | Sep | Oct | Nov | Dec 

Report for 2011 10
MONTHLY CLIMATOLOGICAL SUMMARY for OCT. 2011 NAME: C32 CITY: Las Cruces|East Mesa STATE: NM ELEV: 4474 ft LAT: 32 24' 08" N LONG: 106 41' 01" W TEMPERATURE (F), RAIN (in), WIND SPEED (mph) HEAT COOL AVG MEAN DEG DEG WIND DOM DAY TEMP HIGH TIME LOW TIME DAYS DAYS RAIN SPEED HIGH TIME DIR ------------------------------------------------------------------------------------ 1 71.7 85.0 4:20p 55.7 7:35a 1.4 8.1 0.00 1.0 23.0 1:10p S 2 73.4 85.8 4:35p 57.6 7:35a 0.6 9.0 0.02 1.9 25.0 8:45p S 3 69.2 80.7 2:35p 57.5 6:05a 1.9 6.1 0.00 1.4 19.0 10:55p N 4 70.4 79.6 4:20p 63.1 12:00m 0.1 5.5 0.00 1.6 18.0 12:25p N 5 69.5 80.5 4:15p 59.0 3:05a 1.3 5.8 0.00 3.4 23.0 12:00p N 6 71.7 83.2 3:20p 61.4 7:25a 0.5 7.3 0.00 8.5 37.0 4:00p SSW 7 63.9 76.2 2:55p 51.2 12:00m 3.8 2.7 0.00 4.2 24.0 12:55p SSW 8 54.9 67.5 3:25p 44.0 6:35a 10.2 0.1 0.00 1.6 13.0 2:30p NNE 9 56.9 71.4 3:40p 41.8 4:50a 9.4 1.3 0.00 1.1 12.0 1:25p WSW 10 61.6 77.4 3:50p 43.8 6:00a 7.0 3.6 0.00 1.0 17.0 1:15p N 11 65.9 81.9 3:00p 46.8 6:35a 4.7 5.6 0.00 1.5 17.0 4:15p SW 12 66.7 83.3 3:45p 50.5 6:40a 4.0 5.8 0.00 2.6 17.0 12:25p N 13 65.9 83.3 3:50p 47.0 5:55a 4.8 5.7 0.00 0.8 11.0 12:50p SW 14 68.9 87.0 3:45p 49.4 7:15a 3.2 7.1 0.00 0.7 12.0 4:00p NNW 15 68.5 88.1 4:05p 49.7 5:15a 4.0 7.6 0.00 1.2 9.0 8:25a SSW 16 70.5 87.8 4:00p 50.3 7:30a 2.9 8.4 0.00 0.4 9.0 1:20p S 17 71.9 87.1 3:55p 50.0 7:30a 1.4 8.3 0.00 2.9 20.0 12:30p NNW 18 61.1 73.6 4:55p 46.3 7:20a 5.6 1.7 0.00 0.9 23.0 4:30p WSW 19 59.2 74.9 3:10p 42.6 7:40a 7.9 2.2 0.00 0.8 13.0 11:55a SSW 20 66.1 84.0 3:25p 49.7 5:20a 4.7 5.9 0.00 2.4 26.0 3:45p N 21 66.8 82.6 3:45p 47.6 7:15a 4.0 5.8 0.00 1.1 16.0 1:10p N 22 65.6 81.0 3:40p 49.7 4:00a 4.3 4.9 0.00 2.0 19.0 2:05p N 23 65.0 82.3 3:15p 47.6 7:10a 5.2 5.2 0.00 0.4 12.0 1:35p N 24 65.7 82.7 1:25p 48.9 4:45a 4.3 5.0 0.00 0.9 17.0 1:45p N 25 68.1 81.4 3:35p 55.4 5:40a 2.4 5.4 0.00 1.9 22.0 3:45p N 26 67.3 80.0 3:05p 58.4 7:40a 2.0 4.3 0.04 2.6 28.0 7:10p N 27 51.1 61.0 4:45p 41.3 7:40a 13.9 0.0 0.00 1.0 17.0 4:10a N 28 50.9 65.4 3:30p 36.4 7:30a 14.1 0.0 0.00 0.4 10.0 2:00p SSW 29 53.1 67.1 3:15p 39.0 7:15a 12.1 0.2 0.00 0.3 8.0 1:25p WSW 30 56.6 75.0 3:10p 38.6 7:05a 10.6 2.2 0.00 1.0 14.0 1:15p N 31 59.4 75.9 3:15p 41.7 7:25a 8.3 2.7 0.00 0.7 12.0 1:10p SW ------------------------------------------------------------------------------------- 64.4 88.1 15 36.4 28 160.6 143.5 0.06 1.7 37.0 6 N Max >= 90.0: 0 Max <= 32.0: 0 Min <= 32.0: 0 Min <= 0.0: 0 Max Rain: 0.04 ON 10/26/11 Days of Rain: 2 (>.01 in) 0 (>.1 in) 0 (>1 in) Heat Base: 65.0 Cool Base: 65.0 Method: Integration