NOAA-style Climate Reports

- as reported from this site (LasCruces-Weather.com) beginning 04-03-07

2023: Jan | Feb | Mar | Apr | May | Jun | Jul | Aug | Sep | Oct | Nov | Dec 
2022: Jan | Feb | Mar | Apr | May | Jun | Jul | Aug | Sep | Oct | Nov | Dec 
2021: Jan | Feb | Mar | Apr | May | Jun | Jul | Aug | Sep | Oct | Nov | Dec 
2020: Jan | Feb | Mar | Apr | May | Jun | Jul | Aug | Sep | Oct | Nov | Dec 
2019: Jan | Feb | Mar | Apr | May | Jun | Jul | Aug | Sep | Oct | Nov | Dec 
2018: Jan | Feb | Mar | Apr | May | Jun | Jul | Aug | Sep | Oct | Nov | Dec 
2017: Jan | Feb | Mar | Apr | May | Jun | Jul | Aug | Sep | Oct | Nov | Dec 
2016: Jan | Feb | Mar | Apr | May | Jun | Jul | Aug | Sep | Oct | Nov | Dec 
2015: Jan | Feb | Mar | Apr | May | Jun | Jul | Aug | Sep | Oct | Nov | Dec 
2014: Jan | Feb | Mar | Apr | May | Jun | Jul | Aug | Sep | Oct | Nov | Dec 
2013: Jan | Feb | Mar | Apr | May | Jun | Jul | Aug | Sep | Oct | Nov | Dec 
2012: Jan | Feb | Mar | Apr | May | Jun | Jul | Aug | Sep | Oct | Nov | Dec 
2011: Jan | Feb | Mar | Apr | May | Jun | Jul | Aug | Sep | Oct | Nov | Dec 
2010: Jan | Feb | Mar | Apr | May | Jun | Jul | Aug | Sep | Oct | Nov | Dec 
2009: Jan | Feb | Mar | Apr | May | Jun | Jul | Aug | Sep | Oct | Nov | Dec 
2008: Jan | Feb | Mar | Apr | May | Jun | Jul | Aug | Sep | Oct | Nov | Dec 
2007: Jan | Feb | Mar | Apr | May | Jun | Jul | Aug | Sep | Oct | Nov | Dec 

Report for 2011 09
MONTHLY CLIMATOLOGICAL SUMMARY for SEP. 2011 NAME: C32 CITY: Las Cruces|East Mesa STATE: NM ELEV: 4474 ft LAT: 32 24' 08" N LONG: 106 41' 01" W TEMPERATURE (F), RAIN (in), WIND SPEED (mph) HEAT COOL AVG MEAN DEG DEG WIND DOM DAY TEMP HIGH TIME LOW TIME DAYS DAYS RAIN SPEED HIGH TIME DIR ------------------------------------------------------------------------------------ 1 86.6 98.3 3:10p 73.0 7:15a 0.0 21.6 0.00 1.9 20.0 2:15p ESE 2 84.7 96.7 5:25p 69.7 6:10a 0.0 19.7 0.00 0.6 16.0 12:35a E 3 84.7 98.7 2:40p 70.7 7:05a 0.0 19.7 0.00 1.7 24.0 5:35p N 4 80.3 88.8 3:10p 68.8 9:05p 0.0 15.3 0.00 3.7 24.0 8:15p N 5 76.1 86.5 4:35p 67.3 7:25a 0.0 11.1 0.00 1.9 21.0 9:05a N 6 77.3 92.3 4:35p 60.9 7:00a 0.3 12.6 0.00 0.9 15.0 4:15p N 7 80.1 94.6 3:35p 65.2 4:05a 0.0 15.1 0.00 2.2 34.0 11:30p N 8 78.2 88.6 2:55p 69.6 7:10a 0.0 13.2 0.00 3.5 33.0 12:40a E 9 77.2 88.2 4:15p 67.5 6:30a 0.0 12.2 0.00 3.5 28.0 9:50p E 10 77.0 88.2 4:35p 63.6 7:30a 0.0 12.0 0.00 3.0 30.0 10:30p N 11 77.8 89.2 3:15p 66.1 6:20a 0.0 12.8 0.00 2.7 19.0 3:10p N 12 75.7 89.8 4:15p 68.0 8:05a 0.0 10.7 0.05 2.5 27.0 5:20p NNW 13 77.1 90.9 4:20p 64.5 5:40a 0.0 12.1 0.00 1.5 16.0 3:35p N 14 69.4 86.6 3:20p 60.6 7:15a 1.0 5.5 0.57 2.6 25.0 9:30p N 15 68.1 80.5 3:30p 60.6 4:25a 1.5 4.6 0.26 2.6 21.0 7:10p SSW 16 69.6 80.3 6:05p 60.6 2:10a 1.3 5.8 0.00 1.2 15.0 11:00a SSW 17 73.1 85.1 3:50p 61.7 7:00a 0.4 8.5 0.00 2.6 21.0 3:55p WSW 18 72.7 86.6 3:35p 57.3 7:10a 1.2 8.9 0.00 0.9 11.0 2:20p NNW 19 75.2 89.2 2:45p 57.7 7:05a 0.7 10.9 0.00 1.3 19.0 3:25p S 20 77.4 90.9 4:20p 61.4 6:15a 0.3 12.8 0.00 0.8 13.0 4:30p SW 21 78.5 90.5 4:40p 64.4 7:10a 0.0 13.5 0.00 1.8 27.0 8:30p SW 22 77.3 88.9 3:55p 67.1 7:30a 0.0 12.3 0.00 0.9 21.0 5:40p SW 23 74.2 89.5 3:55p 58.8 7:30a 1.0 10.1 0.00 0.3 14.0 4:30p SW 24 77.6 91.9 4:20p 63.7 5:15a 0.0 12.7 0.00 1.0 25.0 4:15p WSW 25 74.4 90.7 2:35p 56.7 7:20a 0.9 10.3 0.00 1.2 25.0 3:10p SE 26 74.1 89.6 3:00p 55.7 7:05a 1.3 10.4 0.00 0.9 14.0 1:55p N 27 75.1 91.7 4:25p 59.2 6:50a 0.7 10.8 0.00 1.4 22.0 5:00p N 28 74.8 90.2 3:45p 58.3 7:35a 0.7 10.5 0.00 0.7 20.0 3:55p NNW 29 77.2 91.9 2:40p 60.8 6:55a 0.3 12.5 0.00 3.8 33.0 11:30p E 30 74.2 84.1 3:15p 66.7 6:45a 0.0 9.2 0.00 6.6 38.0 12:55a E ------------------------------------------------------------------------------------- 76.5 98.7 3 55.7 26 11.6 357.4 0.88 2.0 38.0 30 N Max >= 90.0: 13 Max <= 32.0: 0 Min <= 32.0: 0 Min <= 0.0: 0 Max Rain: 0.57 ON 09/14/11 Days of Rain: 3 (>.01 in) 2 (>.1 in) 0 (>1 in) Heat Base: 65.0 Cool Base: 65.0 Method: Integration