NOAA-style Climate Reports

- as reported from this site (LasCruces-Weather.com) beginning 04-03-07

2023: Jan | Feb | Mar | Apr | May | Jun | Jul | Aug | Sep | Oct | Nov | Dec 
2022: Jan | Feb | Mar | Apr | May | Jun | Jul | Aug | Sep | Oct | Nov | Dec 
2021: Jan | Feb | Mar | Apr | May | Jun | Jul | Aug | Sep | Oct | Nov | Dec 
2020: Jan | Feb | Mar | Apr | May | Jun | Jul | Aug | Sep | Oct | Nov | Dec 
2019: Jan | Feb | Mar | Apr | May | Jun | Jul | Aug | Sep | Oct | Nov | Dec 
2018: Jan | Feb | Mar | Apr | May | Jun | Jul | Aug | Sep | Oct | Nov | Dec 
2017: Jan | Feb | Mar | Apr | May | Jun | Jul | Aug | Sep | Oct | Nov | Dec 
2016: Jan | Feb | Mar | Apr | May | Jun | Jul | Aug | Sep | Oct | Nov | Dec 
2015: Jan | Feb | Mar | Apr | May | Jun | Jul | Aug | Sep | Oct | Nov | Dec 
2014: Jan | Feb | Mar | Apr | May | Jun | Jul | Aug | Sep | Oct | Nov | Dec 
2013: Jan | Feb | Mar | Apr | May | Jun | Jul | Aug | Sep | Oct | Nov | Dec 
2012: Jan | Feb | Mar | Apr | May | Jun | Jul | Aug | Sep | Oct | Nov | Dec 
2011: Jan | Feb | Mar | Apr | May | Jun | Jul | Aug | Sep | Oct | Nov | Dec 
2010: Jan | Feb | Mar | Apr | May | Jun | Jul | Aug | Sep | Oct | Nov | Dec 
2009: Jan | Feb | Mar | Apr | May | Jun | Jul | Aug | Sep | Oct | Nov | Dec 
2008: Jan | Feb | Mar | Apr | May | Jun | Jul | Aug | Sep | Oct | Nov | Dec 
2007: Jan | Feb | Mar | Apr | May | Jun | Jul | Aug | Sep | Oct | Nov | Dec 

Report for 2011 08
MONTHLY CLIMATOLOGICAL SUMMARY for AUG. 2011 NAME: C32 CITY: Las Cruces|East Mesa STATE: NM ELEV: 4474 ft LAT: 32 24' 08" N LONG: 106 41' 01" W TEMPERATURE (F), RAIN (in), WIND SPEED (mph) HEAT COOL AVG MEAN DEG DEG WIND DOM DAY TEMP HIGH TIME LOW TIME DAYS DAYS RAIN SPEED HIGH TIME DIR ------------------------------------------------------------------------------------ 1 84.7 97.8 3:05p 67.9 6:30a 0.0 19.7 0.00 2.1 18.0 1:00p SW 2 86.4 101.0 5:30p 70.6 6:15a 0.0 21.4 0.00 1.4 16.0 3:00p SW 3 87.1 101.1 3:50p 72.7 6:50a 0.0 22.1 0.00 3.3 35.0 5:25p S 4 83.2 98.7 2:40p 73.1 6:35a 0.0 18.2 0.14 3.1 30.0 4:00p N 5 83.5 99.9 4:10p 71.9 4:05a 0.0 18.5 0.02 2.3 19.0 9:20p S 6 83.4 98.0 4:50p 69.1 5:40a 0.0 18.4 0.00 0.9 20.0 12:15p NNW 7 87.2 101.0 5:30p 70.6 6:35a 0.0 22.2 0.00 1.6 16.0 5:10p SSW 8 88.2 102.9 4:20p 73.8 6:35a 0.0 23.2 0.00 1.7 20.0 4:55p S 9 86.8 102.3 4:20p 75.8 6:40a 0.0 21.8 0.00 4.4 33.0 4:40p S 10 85.7 99.1 3:20p 73.0 6:05a 0.0 20.7 0.00 1.1 15.0 8:35p SSW 11 79.7 94.9 5:15p 66.7 11:40p 0.0 14.7 0.26 4.5 33.0 7:10p S 12 79.7 94.0 4:55p 66.9 12:05a 0.0 14.7 0.00 1.0 19.0 10:50p SSW 13 77.8 90.4 12:50p 68.4 6:45a 0.0 12.8 0.00 1.9 32.0 3:00p N 14 75.4 87.6 1:25p 65.2 6:20a 0.0 10.4 0.14 1.5 33.0 2:05p E 15 77.4 93.0 3:55p 68.3 8:05p 0.0 12.4 0.20 1.9 22.0 6:20p NE 16 81.3 95.9 4:35p 68.8 6:50a 0.0 16.3 0.00 0.7 16.0 5:05p SW 17 82.8 96.2 1:20p 73.5 7:35a 0.0 17.6 0.00 1.5 25.0 3:55p N 18 81.0 93.9 12:35p 68.3 6:35a 0.0 16.0 0.00 2.7 24.0 9:10p N 19 78.2 91.7 6:05p 66.0 2:15a 0.0 13.2 0.36 0.9 23.0 5:20p SSW 20 81.9 96.2 4:55p 68.5 7:00a 0.0 16.9 0.00 0.6 18.0 1:25p S 21 84.4 97.3 4:35p 71.6 7:25a 0.0 19.4 0.00 1.7 21.0 3:55p N 22 86.5 98.7 3:50p 70.0 6:50a 0.0 21.5 0.00 0.9 22.0 12:10a NNW 23 87.5 100.9 5:50p 70.8 7:10a 0.0 22.5 0.00 0.9 20.0 2:30p N 24 89.1 101.6 3:30p 73.1 6:45a 0.0 24.1 0.00 2.7 22.0 2:10p E 25 85.5 97.6 2:45p 72.6 6:40a 0.0 20.5 0.00 4.2 25.0 11:40a E 26 84.8 98.0 2:15p 70.1 7:15a 0.0 19.8 0.00 1.1 24.0 3:30p ESE 27 86.8 98.4 3:30p 74.1 7:15a 0.0 21.8 0.00 1.0 25.0 2:30p S 28 86.3 99.4 3:35p 68.6 7:00a 0.0 21.3 0.00 1.3 15.0 4:15p SW 29 87.7 101.1 4:00p 74.4 7:35a 0.0 22.7 0.00 1.7 18.0 2:35p SSW 30 86.6 101.0 3:20p 70.6 5:15a 0.0 21.6 0.00 1.1 14.0 1:45p N 31 89.4 101.1 4:35p 72.9 7:05a 0.0 24.4 0.00 3.5 25.0 3:25p SSW ------------------------------------------------------------------------------------- 84.1 102.9 8 65.2 14 0.0 590.8 1.12 1.9 35.0 3 S Max >= 90.0: 30 Max <= 32.0: 0 Min <= 32.0: 0 Min <= 0.0: 0 Max Rain: 0.36 ON 08/19/11 Days of Rain: 6 (>.01 in) 5 (>.1 in) 0 (>1 in) Heat Base: 65.0 Cool Base: 65.0 Method: Integration