NOAA-style Climate Reports

- as reported from this site (LasCruces-Weather.com) beginning 04-03-07

2023: Jan | Feb | Mar | Apr | May | Jun | Jul | Aug | Sep | Oct | Nov | Dec 
2022: Jan | Feb | Mar | Apr | May | Jun | Jul | Aug | Sep | Oct | Nov | Dec 
2021: Jan | Feb | Mar | Apr | May | Jun | Jul | Aug | Sep | Oct | Nov | Dec 
2020: Jan | Feb | Mar | Apr | May | Jun | Jul | Aug | Sep | Oct | Nov | Dec 
2019: Jan | Feb | Mar | Apr | May | Jun | Jul | Aug | Sep | Oct | Nov | Dec 
2018: Jan | Feb | Mar | Apr | May | Jun | Jul | Aug | Sep | Oct | Nov | Dec 
2017: Jan | Feb | Mar | Apr | May | Jun | Jul | Aug | Sep | Oct | Nov | Dec 
2016: Jan | Feb | Mar | Apr | May | Jun | Jul | Aug | Sep | Oct | Nov | Dec 
2015: Jan | Feb | Mar | Apr | May | Jun | Jul | Aug | Sep | Oct | Nov | Dec 
2014: Jan | Feb | Mar | Apr | May | Jun | Jul | Aug | Sep | Oct | Nov | Dec 
2013: Jan | Feb | Mar | Apr | May | Jun | Jul | Aug | Sep | Oct | Nov | Dec 
2012: Jan | Feb | Mar | Apr | May | Jun | Jul | Aug | Sep | Oct | Nov | Dec 
2011: Jan | Feb | Mar | Apr | May | Jun | Jul | Aug | Sep | Oct | Nov | Dec 
2010: Jan | Feb | Mar | Apr | May | Jun | Jul | Aug | Sep | Oct | Nov | Dec 
2009: Jan | Feb | Mar | Apr | May | Jun | Jul | Aug | Sep | Oct | Nov | Dec 
2008: Jan | Feb | Mar | Apr | May | Jun | Jul | Aug | Sep | Oct | Nov | Dec 
2007: Jan | Feb | Mar | Apr | May | Jun | Jul | Aug | Sep | Oct | Nov | Dec 

Report for 2011 07
MONTHLY CLIMATOLOGICAL SUMMARY for JUL. 2011 NAME: C32 CITY: Las Cruces|East Mesa STATE: NM ELEV: 4474 ft LAT: 32 24' 08" N LONG: 106 41' 01" W TEMPERATURE (F), RAIN (in), WIND SPEED (mph) HEAT COOL AVG MEAN DEG DEG WIND DOM DAY TEMP HIGH TIME LOW TIME DAYS DAYS RAIN SPEED HIGH TIME DIR ------------------------------------------------------------------------------------ 1 87.3 98.6 2:15p 76.6 3:40a 0.0 22.3 0.00 3.4 23.0 7:25p S 2 86.3 97.5 5:00p 71.2 6:40a 0.0 21.3 0.00 2.6 21.0 11:40p S 3 84.0 96.4 3:45p 70.0 6:15a 0.0 19.0 0.01 1.9 23.0 4:10p SSW 4 83.0 97.2 2:20p 65.8 6:15a 0.0 18.0 0.00 2.4 24.0 10:40a E 5 87.7 98.9 5:00p 76.6 5:40a 0.0 22.7 0.00 2.7 26.0 6:00p SE 6 87.5 99.0 4:00p 74.0 7:10a 0.0 22.5 0.00 3.3 21.0 9:30a E 7 88.5 100.7 4:45p 72.5 7:05a 0.0 23.5 0.00 2.0 20.0 2:10p SE 8 89.6 100.7 4:05p 74.4 6:55a 0.0 24.6 0.00 2.3 19.0 11:50p SE 9 90.3 101.3 2:35p 74.9 6:50a 0.0 25.3 0.00 5.2 23.0 6:10p ESE 10 87.8 100.7 4:15p 71.3 6:35a 0.0 22.8 0.00 2.2 26.0 10:55p SE 11 84.4 98.2 4:30p 71.8 6:40a 0.0 19.4 0.01 3.5 25.0 5:05p SSW 12 80.8 94.8 7:15p 70.3 7:10a 0.0 15.8 0.00 2.2 20.0 9:00p SSW 13 82.3 96.2 3:30p 69.6 10:20p 0.0 17.3 0.12 3.3 20.0 5:40p SSW 14 80.0 93.4 7:05p 67.4 4:25a 0.0 15.0 0.00 1.1 17.0 5:35p S 15 86.4 99.1 6:35p 71.9 6:35a 0.0 21.4 0.00 2.2 17.0 3:55p S 16 89.0 100.0 4:35p 76.4 4:55a 0.0 24.0 0.00 3.9 24.0 12:35p ESE 17 87.8 96.6 4:20p 81.1 6:20a 0.0 22.8 0.00 5.6 25.0 3:20p ESE 18 88.5 98.6 4:45p 79.8 6:45a 0.0 23.5 0.00 4.0 21.0 1:25a E 19 88.1 100.5 5:25p 72.1 6:25a 0.0 23.1 0.15 1.8 23.0 12:05a ESE 20 83.2 98.9 1:45p 71.2 6:35a 0.0 18.2 0.00 2.0 31.0 3:35p N 21 84.1 99.7 3:10p 67.6 6:10a 0.0 19.1 0.00 1.6 20.0 4:00p SSW 22 84.8 96.0 3:05p 75.6 4:55a 0.0 19.8 0.00 1.8 28.0 11:05p SSW 23 79.8 93.3 2:00p 69.5 6:30a 0.0 14.8 0.00 2.2 26.0 11:30p S 24 78.7 93.0 5:30p 69.5 5:45a 0.0 13.7 0.01 2.4 22.0 7:20p S 25 83.0 96.9 3:50p 67.5 6:40a 0.0 18.0 0.00 1.4 17.0 3:55p SSW 26 82.7 97.3 3:10p 73.2 7:00a 0.0 17.7 0.09 2.1 21.0 4:45p S 27 81.9 97.8 6:05p 68.4 6:05a 0.0 16.9 0.05 1.5 24.0 7:50p N 28 81.0 98.1 3:25p 70.4 6:25a 0.0 16.0 0.00 2.0 30.0 4:20p N 29 76.3 90.4 2:10p 66.1 5:20a 0.0 11.3 0.18 2.1 26.0 12:20a SSW 30 82.8 95.0 3:40p 66.6 7:00a 0.0 17.8 0.00 3.5 24.0 6:35p E 31 84.6 94.2 3:20p 76.3 7:10a 0.0 19.6 0.00 2.4 22.0 6:00p ESE ------------------------------------------------------------------------------------- 84.6 101.3 9 65.8 4 0.0 607.2 0.62 2.6 31.0 20 S Max >= 90.0: 31 Max <= 32.0: 0 Min <= 32.0: 0 Min <= 0.0: 0 Max Rain: 0.18 ON 07/29/11 Days of Rain: 5 (>.01 in) 3 (>.1 in) 0 (>1 in) Heat Base: 65.0 Cool Base: 65.0 Method: Integration