NOAA-style Climate Reports

- as reported from this site (LasCruces-Weather.com) beginning 04-03-07

2023: Jan | Feb | Mar | Apr | May | Jun | Jul | Aug | Sep | Oct | Nov | Dec 
2022: Jan | Feb | Mar | Apr | May | Jun | Jul | Aug | Sep | Oct | Nov | Dec 
2021: Jan | Feb | Mar | Apr | May | Jun | Jul | Aug | Sep | Oct | Nov | Dec 
2020: Jan | Feb | Mar | Apr | May | Jun | Jul | Aug | Sep | Oct | Nov | Dec 
2019: Jan | Feb | Mar | Apr | May | Jun | Jul | Aug | Sep | Oct | Nov | Dec 
2018: Jan | Feb | Mar | Apr | May | Jun | Jul | Aug | Sep | Oct | Nov | Dec 
2017: Jan | Feb | Mar | Apr | May | Jun | Jul | Aug | Sep | Oct | Nov | Dec 
2016: Jan | Feb | Mar | Apr | May | Jun | Jul | Aug | Sep | Oct | Nov | Dec 
2015: Jan | Feb | Mar | Apr | May | Jun | Jul | Aug | Sep | Oct | Nov | Dec 
2014: Jan | Feb | Mar | Apr | May | Jun | Jul | Aug | Sep | Oct | Nov | Dec 
2013: Jan | Feb | Mar | Apr | May | Jun | Jul | Aug | Sep | Oct | Nov | Dec 
2012: Jan | Feb | Mar | Apr | May | Jun | Jul | Aug | Sep | Oct | Nov | Dec 
2011: Jan | Feb | Mar | Apr | May | Jun | Jul | Aug | Sep | Oct | Nov | Dec 
2010: Jan | Feb | Mar | Apr | May | Jun | Jul | Aug | Sep | Oct | Nov | Dec 
2009: Jan | Feb | Mar | Apr | May | Jun | Jul | Aug | Sep | Oct | Nov | Dec 
2008: Jan | Feb | Mar | Apr | May | Jun | Jul | Aug | Sep | Oct | Nov | Dec 
2007: Jan | Feb | Mar | Apr | May | Jun | Jul | Aug | Sep | Oct | Nov | Dec 

Report for 2011 06
MONTHLY CLIMATOLOGICAL SUMMARY for JUN. 2011 NAME: C32 CITY: Las Cruces|East Mesa STATE: NM ELEV: 4474 ft LAT: 32 24' 08" N LONG: 106 41' 01" W TEMPERATURE (F), RAIN (in), WIND SPEED (mph) HEAT COOL AVG MEAN DEG DEG WIND DOM DAY TEMP HIGH TIME LOW TIME DAYS DAYS RAIN SPEED HIGH TIME DIR ------------------------------------------------------------------------------------ 1 85.2 99.5 4:10p 72.4 6:20a 0.0 20.2 0.00 6.9 42.0 6:40p S 2 84.9 98.0 2:40p 69.9 6:40a 0.0 19.9 0.00 5.6 28.0 4:20p S 3 83.2 97.0 3:50p 66.5 6:20a 0.0 18.2 0.00 2.0 19.0 7:10p S 4 83.6 97.7 4:20p 67.2 6:40a 0.0 18.6 0.00 3.5 25.0 7:50p E 5 83.8 98.8 2:50p 65.0 6:40a 0.0 18.8 0.04 3.5 36.0 11:30p ESE 6 82.5 97.6 5:00p 64.4 12:40a 0.0 17.5 0.02 4.7 29.0 3:30a WSW 7 83.4 97.2 4:10p 66.5 4:40a 0.0 18.4 0.00 4.4 26.0 5:00p WSW 8 82.9 97.6 3:50p 66.9 5:10a 0.0 17.9 0.00 4.8 28.0 4:50p SSW 9 81.4 95.0 4:20p 65.4 6:20a 0.0 16.4 0.00 2.4 20.0 12:20p WSW 10 79.7 93.2 3:30p 64.2 6:30a 0.0 14.8 0.00 3.1 22.0 2:50p WSW 11 80.5 95.9 4:30p 63.7 6:30a 0.1 15.6 0.00 3.0 23.0 4:00p S 12 82.0 98.8 4:10p 62.3 5:50a 0.2 17.3 0.00 3.3 23.0 4:10p S 13 83.7 98.8 5:30p 66.7 6:10a 0.0 18.7 0.00 3.2 25.0 6:30p SW 14 84.5 99.1 4:00p 62.9 6:30a 0.0 19.6 0.00 4.1 27.0 1:50p WSW 15 83.9 101.0 4:50p 64.1 6:40a 0.0 18.9 0.00 2.8 26.0 3:10p SW 16 85.7 99.7 3:10p 70.4 3:50a 0.0 20.7 0.00 6.5 30.0 4:50p WSW 17 85.2 96.7 3:00p 74.2 3:50a 0.0 20.2 0.00 5.0 28.0 4:30p WSW 18 85.1 98.5 4:10p 69.3 6:00a 0.0 20.1 0.00 4.2 27.0 5:40p SSW 19 85.6 99.9 4:00p 70.0 5:30a 0.0 20.6 0.00 7.8 36.0 2:50p WSW 20 81.1 94.1 4:30p 63.6 6:30a 0.0 16.1 0.00 4.6 24.0 1:10p WSW 21 80.5 96.1 5:00p 60.9 5:20a 0.4 15.9 0.00 2.5 17.0 4:30p N 22 85.7 101.1 5:50p 62.5 6:20a 0.1 20.8 0.00 1.0 28.0 4:10p WSW 23 90.7 103.7 6:20p 75.9 4:20a 0.0 25.7 0.00 3.7 24.0 8:50a S 24 89.5 104.7 4:10p 68.8 6:20a 0.0 24.5 0.00 2.6 20.0 7:30p SW 25 90.8 105.0 4:30p 71.7 5:40a 0.0 25.8 0.00 2.0 18.0 3:00p WSW 26 90.5 105.4 5:20p 73.2 3:20a 0.0 25.2 0.00 1.4 42.0 4:45p SSW 27 92.2 108.1 3:50p 69.7 6:15a 0.0 27.2 0.00 2.8 22.0 10:10p E 28 92.5 102.0 2:45p 82.3 6:40a 0.0 27.5 0.00 6.8 36.0 12:50a SE 29 90.5 100.6 2:10p 80.5 5:50a 0.0 25.5 0.00 4.4 31.0 2:45p S 30 89.0 103.0 2:40p 78.7 2:40a 0.0 24.0 0.00 3.5 23.0 2:10p S ------------------------------------------------------------------------------------- 85.3 108.1 27 60.9 21 0.8 610.6 0.06 3.9 42.0 1 WSW Max >= 90.0: 30 Max <= 32.0: 0 Min <= 32.0: 0 Min <= 0.0: 0 Max Rain: 0.04 ON 06/05/11 Days of Rain: 2 (>.01 in) 0 (>.1 in) 0 (>1 in) Heat Base: 65.0 Cool Base: 65.0 Method: Integration