NOAA-style Climate Reports

- as reported from this site (LasCruces-Weather.com) beginning 04-03-07

2023: Jan | Feb | Mar | Apr | May | Jun | Jul | Aug | Sep | Oct | Nov | Dec 
2022: Jan | Feb | Mar | Apr | May | Jun | Jul | Aug | Sep | Oct | Nov | Dec 
2021: Jan | Feb | Mar | Apr | May | Jun | Jul | Aug | Sep | Oct | Nov | Dec 
2020: Jan | Feb | Mar | Apr | May | Jun | Jul | Aug | Sep | Oct | Nov | Dec 
2019: Jan | Feb | Mar | Apr | May | Jun | Jul | Aug | Sep | Oct | Nov | Dec 
2018: Jan | Feb | Mar | Apr | May | Jun | Jul | Aug | Sep | Oct | Nov | Dec 
2017: Jan | Feb | Mar | Apr | May | Jun | Jul | Aug | Sep | Oct | Nov | Dec 
2016: Jan | Feb | Mar | Apr | May | Jun | Jul | Aug | Sep | Oct | Nov | Dec 
2015: Jan | Feb | Mar | Apr | May | Jun | Jul | Aug | Sep | Oct | Nov | Dec 
2014: Jan | Feb | Mar | Apr | May | Jun | Jul | Aug | Sep | Oct | Nov | Dec 
2013: Jan | Feb | Mar | Apr | May | Jun | Jul | Aug | Sep | Oct | Nov | Dec 
2012: Jan | Feb | Mar | Apr | May | Jun | Jul | Aug | Sep | Oct | Nov | Dec 
2011: Jan | Feb | Mar | Apr | May | Jun | Jul | Aug | Sep | Oct | Nov | Dec 
2010: Jan | Feb | Mar | Apr | May | Jun | Jul | Aug | Sep | Oct | Nov | Dec 
2009: Jan | Feb | Mar | Apr | May | Jun | Jul | Aug | Sep | Oct | Nov | Dec 
2008: Jan | Feb | Mar | Apr | May | Jun | Jul | Aug | Sep | Oct | Nov | Dec 
2007: Jan | Feb | Mar | Apr | May | Jun | Jul | Aug | Sep | Oct | Nov | Dec 

Report for 2011 05
MONTHLY CLIMATOLOGICAL SUMMARY for MAY. 2011 NAME: C32 CITY: Las Cruces|East Mesa STATE: NM ELEV: 4474 ft LAT: 32 24' 08" N LONG: 106 41' 01" W TEMPERATURE (F), RAIN (in), WIND SPEED (mph) HEAT COOL AVG MEAN DEG DEG WIND DOM DAY TEMP HIGH TIME LOW TIME DAYS DAYS RAIN SPEED HIGH TIME DIR ------------------------------------------------------------------------------------ 1 59.3 71.2 1:40p 45.8 6:40a 6.9 1.3 0.00 5.0 24.0 12:50p WSW 2 52.9 66.5 4:40p 36.4 6:40a 12.2 0.0 0.00 2.2 22.0 6:10p N 3 58.7 74.3 4:40p 40.3 6:50a 8.3 2.0 0.00 1.6 18.0 7:10p S 4 65.8 85.1 4:40p 42.9 5:50a 5.8 6.6 0.00 1.8 22.0 4:40p SW 5 71.8 88.0 2:10p 50.7 6:50a 2.7 9.6 0.00 2.9 31.0 2:10p ESE 6 75.9 89.8 4:20p 55.9 7:10a 0.7 11.6 0.00 3.9 21.0 3:20p SW 7 75.0 92.0 3:20p 55.7 6:10a 1.7 11.6 0.00 2.6 22.0 3:10p SSE 8 74.9 88.3 4:50p 60.5 6:00a 0.6 10.5 0.00 4.8 26.0 2:20p SW 9 74.0 87.2 3:50p 60.2 6:00a 0.8 9.8 0.00 9.3 34.0 2:20p SW 10 70.0 85.1 3:10p 55.0 6:30a 2.0 7.0 0.00 8.2 37.0 4:30p SW 11 62.1 74.6 4:00p 43.9 6:20a 5.4 2.5 0.00 5.7 27.0 4:30p WSW 12 67.6 83.8 5:50p 48.6 5:00a 3.6 6.2 0.00 2.5 20.0 3:00p SW 13 70.8 87.2 5:10p 50.5 6:40a 3.4 9.2 0.00 2.4 17.0 7:30p N 14 75.9 88.2 5:10p 62.8 6:30a 0.0 10.9 0.00 6.2 28.0 3:10p ESE 15 72.0 87.4 4:50p 52.1 6:20a 2.0 9.0 0.00 2.0 32.0 2:10p SSW 16 74.2 87.5 4:20p 58.5 7:00a 0.7 9.9 0.00 3.9 23.0 3:30p SW 17 68.8 78.1 3:10p 58.0 6:30a 1.2 5.0 0.00 6.8 30.0 2:10p WSW 18 68.5 82.1 3:30p 53.8 4:40a 2.4 5.9 0.00 8.1 33.0 7:50p SW 19 64.4 74.5 2:40p 55.6 6:40a 2.7 2.1 0.00 6.7 28.0 1:30p WSW 20 63.7 75.7 4:00p 44.5 6:30a 4.5 3.2 0.00 5.3 27.0 4:00p WSW 21 68.7 82.9 5:10p 51.3 5:20a 3.1 6.8 0.00 3.0 20.0 2:40p SW 22 74.7 89.3 3:00p 55.8 4:40a 1.4 11.0 0.00 3.0 27.0 3:40p SW 23 74.4 87.2 5:00p 61.1 6:20a 0.3 9.7 0.00 5.6 25.0 3:40p SW 24 71.2 81.8 5:20p 61.3 6:40a 0.4 6.6 0.00 9.2 34.0 12:00p WSW 25 73.3 89.3 4:50p 52.8 6:10a 1.6 9.9 0.00 2.0 18.0 5:10p N 26 79.6 95.0 5:10p 62.4 4:00a 0.3 14.9 0.00 4.6 24.0 3:30p SW 27 82.2 95.1 2:30p 65.8 6:10a 0.0 17.2 0.00 6.2 29.0 5:10p WSW 28 81.2 94.1 4:40p 63.7 6:20a 0.0 16.2 0.00 5.7 29.0 3:00p WSW 29 80.8 94.0 3:50p 65.2 5:30a 0.0 15.8 0.00 7.0 34.0 6:20p SW 30 75.6 87.1 3:10p 63.0 6:30a 0.1 10.8 0.00 5.4 25.0 11:20a SW 31 75.6 95.3 5:40p 52.9 6:00a 2.2 12.8 0.00 1.5 18.0 10:00a ESE ------------------------------------------------------------------------------------- 71.1 95.3 31 36.4 2 77.0 265.6 0.00 4.7 37.0 10 SW Max >= 90.0: 6 Max <= 32.0: 0 Min <= 32.0: 0 Min <= 0.0: 0 Max Rain: 0.00 ON 05/01/11 Days of Rain: 0 (>.01 in) 0 (>.1 in) 0 (>1 in) Heat Base: 65.0 Cool Base: 65.0 Method: Integration