NOAA-style Climate Reports

- as reported from this site (LasCruces-Weather.com) beginning 04-03-07

2023: Jan | Feb | Mar | Apr | May | Jun | Jul | Aug | Sep | Oct | Nov | Dec 
2022: Jan | Feb | Mar | Apr | May | Jun | Jul | Aug | Sep | Oct | Nov | Dec 
2021: Jan | Feb | Mar | Apr | May | Jun | Jul | Aug | Sep | Oct | Nov | Dec 
2020: Jan | Feb | Mar | Apr | May | Jun | Jul | Aug | Sep | Oct | Nov | Dec 
2019: Jan | Feb | Mar | Apr | May | Jun | Jul | Aug | Sep | Oct | Nov | Dec 
2018: Jan | Feb | Mar | Apr | May | Jun | Jul | Aug | Sep | Oct | Nov | Dec 
2017: Jan | Feb | Mar | Apr | May | Jun | Jul | Aug | Sep | Oct | Nov | Dec 
2016: Jan | Feb | Mar | Apr | May | Jun | Jul | Aug | Sep | Oct | Nov | Dec 
2015: Jan | Feb | Mar | Apr | May | Jun | Jul | Aug | Sep | Oct | Nov | Dec 
2014: Jan | Feb | Mar | Apr | May | Jun | Jul | Aug | Sep | Oct | Nov | Dec 
2013: Jan | Feb | Mar | Apr | May | Jun | Jul | Aug | Sep | Oct | Nov | Dec 
2012: Jan | Feb | Mar | Apr | May | Jun | Jul | Aug | Sep | Oct | Nov | Dec 
2011: Jan | Feb | Mar | Apr | May | Jun | Jul | Aug | Sep | Oct | Nov | Dec 
2010: Jan | Feb | Mar | Apr | May | Jun | Jul | Aug | Sep | Oct | Nov | Dec 
2009: Jan | Feb | Mar | Apr | May | Jun | Jul | Aug | Sep | Oct | Nov | Dec 
2008: Jan | Feb | Mar | Apr | May | Jun | Jul | Aug | Sep | Oct | Nov | Dec 
2007: Jan | Feb | Mar | Apr | May | Jun | Jul | Aug | Sep | Oct | Nov | Dec 

Report for 2011 04
MONTHLY CLIMATOLOGICAL SUMMARY for APR. 2011 NAME: C32 CITY: Las Cruces|East Mesa STATE: NM ELEV: 4474 ft LAT: 32 24' 08" N LONG: 106 41' 01" W TEMPERATURE (F), RAIN (in), WIND SPEED (mph) HEAT COOL AVG MEAN DEG DEG WIND DOM DAY TEMP HIGH TIME LOW TIME DAYS DAYS RAIN SPEED HIGH TIME DIR ------------------------------------------------------------------------------------ 1 70.1 86.4 3:10p 52.3 7:30a 2.6 7.7 0.00 2.4 17.0 12:20p WSW 2 73.9 89.5 3:30p 54.3 5:50a 1.4 10.3 0.00 3.5 22.0 3:30p SW 3 72.6 82.7 4:00p 64.2 6:20a 0.0 7.7 0.00 10.1 32.0 1:00p WSW 4 60.3 69.6 7:00p 47.6 7:10a 5.4 0.6 0.00 4.2 22.0 12:50a N 5 62.8 83.4 4:20p 40.0 5:00a 8.0 5.8 0.00 2.4 20.0 4:20p SW 6 70.2 84.3 4:00p 56.8 7:20a 1.0 6.2 0.00 6.4 31.0 5:20p WSW 7 64.8 75.6 3:30p 51.9 7:10a 3.3 3.1 0.00 6.7 27.0 1:30p WSW 8 66.0 79.0 5:00p 51.0 6:10a 3.7 4.7 0.00 5.8 28.0 11:50a SW 9 63.8 77.5 1:30p 51.2 12:00m 4.5 3.3 0.00 9.1 37.0 5:30p SW 10 51.3 60.8 5:00p 42.5 12:00m 13.7 0.0 0.00 6.1 32.0 5:10p WSW 11 53.7 71.6 5:10p 34.4 6:40a 12.3 1.0 0.00 1.9 19.0 2:00p NE 12 63.1 81.9 4:20p 40.6 6:40a 7.4 5.5 0.00 3.2 23.0 11:10a S 13 66.9 79.3 3:20p 52.2 6:40a 3.1 5.0 0.00 4.6 25.0 6:00p WSW 14 64.6 78.2 5:10p 53.0 7:00a 3.8 3.4 0.00 6.9 26.0 1:10p SW 15 59.4 76.1 5:10p 42.2 5:50a 8.1 2.6 0.00 2.4 16.0 12:50p NNW 16 64.8 83.3 5:30p 40.8 4:40a 6.5 6.2 0.00 1.3 17.0 1:40p WSW 17 71.3 87.1 2:30p 49.3 6:50a 3.0 9.2 0.00 5.2 39.0 3:20p WSW 18 71.8 84.8 4:40p 59.4 3:10a 1.1 7.8 0.00 6.7 28.0 1:20p WSW 19 71.7 83.8 3:50p 57.6 6:20a 0.7 7.3 0.00 5.9 27.0 3:00p WSW 20 71.6 85.5 4:10p 57.0 4:20a 1.6 8.1 0.00 2.5 24.0 1:50p SW 21 72.3 85.2 3:20p 58.1 7:10a 1.2 8.5 0.00 5.2 26.0 2:40p S 22 71.0 83.9 4:20p 55.9 6:00a 1.4 7.4 0.00 5.6 31.0 1:10p WSW 23 71.3 83.0 4:20p 56.9 6:50a 1.3 7.6 0.00 4.9 22.0 1:40p SW 24 68.5 78.9 4:50p 55.1 6:30a 1.8 5.3 0.00 7.0 30.0 3:30p WSW 25 67.9 79.3 4:20p 55.1 7:10a 1.7 4.6 0.00 9.3 24.0 5:40p WSW 26 67.6 79.4 4:20p 52.7 5:40a 2.1 4.7 0.00 12.3 39.0 6:00p W 27 61.0 74.2 6:10p 41.8 6:40a 5.8 1.8 0.00 5.0 22.0 10:20a N 28 65.0 83.6 5:20p 43.4 6:40a 6.4 6.4 0.00 2.7 17.0 2:20p N 29 74.2 89.1 4:30p 57.3 6:40a 1.3 10.6 0.00 7.4 38.0 4:50p WSW 30 69.9 81.8 3:40p 54.4 6:40a 1.6 6.5 0.00 5.5 27.0 12:40p WSW ------------------------------------------------------------------------------------- 66.8 89.5 2 34.4 11 115.8 168.9 0.00 5.4 39.0 17 WSW Max >= 90.0: 0 Max <= 32.0: 0 Min <= 32.0: 0 Min <= 0.0: 0 Max Rain: 0.00 ON 04/01/11 Days of Rain: 0 (>.01 in) 0 (>.1 in) 0 (>1 in) Heat Base: 65.0 Cool Base: 65.0 Method: Integration