NOAA-style Climate Reports

- as reported from this site (LasCruces-Weather.com) beginning 04-03-07

2023: Jan | Feb | Mar | Apr | May | Jun | Jul | Aug | Sep | Oct | Nov | Dec 
2022: Jan | Feb | Mar | Apr | May | Jun | Jul | Aug | Sep | Oct | Nov | Dec 
2021: Jan | Feb | Mar | Apr | May | Jun | Jul | Aug | Sep | Oct | Nov | Dec 
2020: Jan | Feb | Mar | Apr | May | Jun | Jul | Aug | Sep | Oct | Nov | Dec 
2019: Jan | Feb | Mar | Apr | May | Jun | Jul | Aug | Sep | Oct | Nov | Dec 
2018: Jan | Feb | Mar | Apr | May | Jun | Jul | Aug | Sep | Oct | Nov | Dec 
2017: Jan | Feb | Mar | Apr | May | Jun | Jul | Aug | Sep | Oct | Nov | Dec 
2016: Jan | Feb | Mar | Apr | May | Jun | Jul | Aug | Sep | Oct | Nov | Dec 
2015: Jan | Feb | Mar | Apr | May | Jun | Jul | Aug | Sep | Oct | Nov | Dec 
2014: Jan | Feb | Mar | Apr | May | Jun | Jul | Aug | Sep | Oct | Nov | Dec 
2013: Jan | Feb | Mar | Apr | May | Jun | Jul | Aug | Sep | Oct | Nov | Dec 
2012: Jan | Feb | Mar | Apr | May | Jun | Jul | Aug | Sep | Oct | Nov | Dec 
2011: Jan | Feb | Mar | Apr | May | Jun | Jul | Aug | Sep | Oct | Nov | Dec 
2010: Jan | Feb | Mar | Apr | May | Jun | Jul | Aug | Sep | Oct | Nov | Dec 
2009: Jan | Feb | Mar | Apr | May | Jun | Jul | Aug | Sep | Oct | Nov | Dec 
2008: Jan | Feb | Mar | Apr | May | Jun | Jul | Aug | Sep | Oct | Nov | Dec 
2007: Jan | Feb | Mar | Apr | May | Jun | Jul | Aug | Sep | Oct | Nov | Dec 

Report for 2011 03
MONTHLY CLIMATOLOGICAL SUMMARY for MAR. 2011 NAME: C32 CITY: Las Cruces|East Mesa STATE: NM ELEV: 4474 ft LAT: 32 24' 08" N LONG: 106 41' 01" W TEMPERATURE (F), RAIN (in), WIND SPEED (mph) HEAT COOL AVG MEAN DEG DEG WIND DOM DAY TEMP HIGH TIME LOW TIME DAYS DAYS RAIN SPEED HIGH TIME DIR ------------------------------------------------------------------------------------ 1 50.4 69.8 2:50p 26.6 6:00a 15.4 0.8 0.00 1.0 15.0 1:50p SW 2 61.8 79.0 3:20p 45.6 4:40a 6.7 3.5 0.00 2.5 21.0 3:40p WSW 3 63.9 78.1 3:20p 49.1 7:10a 4.4 3.3 0.00 2.7 20.0 4:10p SW 4 56.2 69.0 3:10p 38.0 7:00a 9.4 0.6 0.00 5.4 22.0 8:20p NNW 5 48.5 62.3 4:00p 32.6 7:00a 16.5 0.0 0.00 1.8 24.0 10:10a S 6 51.3 68.2 4:20p 31.8 6:20a 14.0 0.3 0.00 1.9 20.0 4:10p SSW 7 59.8 73.3 2:40p 49.0 12:00m 6.8 1.6 0.00 7.4 38.0 2:10p WSW 8 54.2 65.4 3:40p 42.1 12:00m 10.8 0.0 0.00 5.0 23.0 9:00a WSW 9 50.2 69.8 4:20p 30.2 6:40a 15.4 0.7 0.00 2.1 14.0 1:50a NNE 10 55.4 74.7 3:30p 36.1 3:50a 11.7 2.1 0.00 1.1 15.0 5:00p SSW 11 61.4 80.1 3:30p 40.6 3:30a 7.8 4.2 0.00 1.8 19.0 3:20p SW 12 63.9 76.2 1:30p 53.3 6:10a 4.3 3.2 0.00 3.3 22.0 5:50p SW 13 63.0 77.3 4:30p 43.4 7:40a 5.4 3.5 0.00 2.2 16.0 11:00a NNW 14 59.8 76.5 4:30p 40.2 8:00a 8.0 2.7 0.00 1.5 17.0 3:00p SW 15 63.0 80.1 4:20p 42.1 7:30a 6.2 4.2 0.00 1.3 16.0 1:40p SSW 16 67.1 83.0 3:00p 52.6 7:40a 3.2 5.4 0.00 3.6 20.0 2:40p SW 17 66.9 82.1 4:30p 49.4 7:50a 3.8 5.7 0.00 2.5 19.0 1:20p S 18 66.8 80.5 3:40p 52.5 6:50a 3.4 5.2 0.00 2.1 18.0 3:30p SSE 19 66.2 79.3 3:40p 52.3 6:50a 3.7 4.9 0.00 3.7 21.0 1:40p SW 20 64.4 79.0 4:20p 48.4 7:30a 4.9 4.2 0.00 2.8 22.0 2:30p S 21 66.7 81.1 4:00p 52.3 6:40a 3.4 5.1 0.00 6.8 32.0 2:20p SW 22 57.4 66.9 4:10p 46.9 12:00m 7.7 0.1 0.00 6.7 27.0 4:50p WSW 23 54.9 72.3 5:20p 36.5 5:10a 11.5 1.4 0.00 0.9 14.0 3:50p S 24 59.9 72.1 3:40p 45.0 7:10a 6.8 1.7 0.00 5.6 31.0 1:50p WSW 25 59.4 73.6 4:40p 44.4 7:30a 7.5 1.9 0.00 4.4 24.0 6:00p WSW 26 60.0 73.0 4:20p 45.5 7:00a 6.8 1.9 0.00 4.5 24.0 4:00p WSW 27 62.1 74.1 3:40p 50.1 7:10a 5.1 2.3 0.00 5.5 25.0 7:20p SW 28 65.5 78.7 3:10p 53.2 4:50a 3.7 4.2 0.00 5.2 26.0 3:20p WSW 29 64.4 77.7 4:00p 47.4 7:40a 4.1 3.6 0.00 1.6 15.0 3:20p SSW 30 62.9 78.4 4:10p 43.1 7:30a 5.8 3.6 0.00 2.4 24.0 4:10p WSW 31 66.3 81.6 6:30p 49.6 6:30a 3.8 5.2 0.00 3.4 17.0 11:00a N ------------------------------------------------------------------------------------- 60.4 83.0 16 26.6 1 228.0 87.1 0.00 3.3 38.0 7 SW Max >= 90.0: 0 Max <= 32.0: 0 Min <= 32.0: 3 Min <= 0.0: 0 Max Rain: 0.00 ON 03/01/11 Days of Rain: 0 (>.01 in) 0 (>.1 in) 0 (>1 in) Heat Base: 65.0 Cool Base: 65.0 Method: Integration