NOAA-style Climate Reports

- as reported from this site (LasCruces-Weather.com) beginning 04-03-07

2023: Jan | Feb | Mar | Apr | May | Jun | Jul | Aug | Sep | Oct | Nov | Dec 
2022: Jan | Feb | Mar | Apr | May | Jun | Jul | Aug | Sep | Oct | Nov | Dec 
2021: Jan | Feb | Mar | Apr | May | Jun | Jul | Aug | Sep | Oct | Nov | Dec 
2020: Jan | Feb | Mar | Apr | May | Jun | Jul | Aug | Sep | Oct | Nov | Dec 
2019: Jan | Feb | Mar | Apr | May | Jun | Jul | Aug | Sep | Oct | Nov | Dec 
2018: Jan | Feb | Mar | Apr | May | Jun | Jul | Aug | Sep | Oct | Nov | Dec 
2017: Jan | Feb | Mar | Apr | May | Jun | Jul | Aug | Sep | Oct | Nov | Dec 
2016: Jan | Feb | Mar | Apr | May | Jun | Jul | Aug | Sep | Oct | Nov | Dec 
2015: Jan | Feb | Mar | Apr | May | Jun | Jul | Aug | Sep | Oct | Nov | Dec 
2014: Jan | Feb | Mar | Apr | May | Jun | Jul | Aug | Sep | Oct | Nov | Dec 
2013: Jan | Feb | Mar | Apr | May | Jun | Jul | Aug | Sep | Oct | Nov | Dec 
2012: Jan | Feb | Mar | Apr | May | Jun | Jul | Aug | Sep | Oct | Nov | Dec 
2011: Jan | Feb | Mar | Apr | May | Jun | Jul | Aug | Sep | Oct | Nov | Dec 
2010: Jan | Feb | Mar | Apr | May | Jun | Jul | Aug | Sep | Oct | Nov | Dec 
2009: Jan | Feb | Mar | Apr | May | Jun | Jul | Aug | Sep | Oct | Nov | Dec 
2008: Jan | Feb | Mar | Apr | May | Jun | Jul | Aug | Sep | Oct | Nov | Dec 
2007: Jan | Feb | Mar | Apr | May | Jun | Jul | Aug | Sep | Oct | Nov | Dec 

Report for 2011 02
MONTHLY CLIMATOLOGICAL SUMMARY for FEB. 2011 NAME: C32 CITY: Las Cruces|East Mesa STATE: NM ELEV: 4474 ft LAT: 32 24' 08" N LONG: 106 41' 01" W TEMPERATURE (F), RAIN (in), WIND SPEED (mph) HEAT COOL AVG MEAN DEG DEG WIND DOM DAY TEMP HIGH TIME LOW TIME DAYS DAYS RAIN SPEED HIGH TIME DIR ------------------------------------------------------------------------------------ 1 33.4 43.8 12:50p 19.0 12:00m 31.6 0.0 0.00 3.6 22.0 12:10p S 2 10.4 19.0 12:10a -4.2 12:00m 54.6 0.0 0.00 3.4 20.0 2:40p E 3 4.3 17.1 5:00p -9.4 5:40a 60.7 0.0 0.00 2.5 16.0 2:10p NNE 4 18.1 33.9 5:10p -2.5 7:30a 46.9 0.0 0.00 1.2 10.0 1:20p NNW 5 36.3 52.2 4:20p 17.8 7:30a 28.7 0.0 0.02 0.9 10.0 3:10p SSW 6 40.8 52.4 2:00p 28.8 7:40a 24.2 0.0 0.00 4.9 28.0 1:30p N 7 38.6 53.4 3:40p 22.2 6:00a 26.4 0.0 0.00 1.9 15.0 3:20p S 8 50.4 68.3 3:10p 32.5 3:20a 14.8 0.3 0.00 5.3 34.0 3:10p W 9 34.0 41.8 2:50p 22.4 12:00m 31.0 0.0 0.00 3.2 17.0 1:40a NNW 10 31.3 48.1 4:10p 16.2 7:10a 33.7 0.0 0.00 0.7 11.0 1:20p N 11 36.3 56.7 4:10p 19.2 4:50a 28.7 0.0 0.00 2.0 13.0 1:10p NNE 12 41.2 60.7 4:00p 25.4 7:30a 23.8 0.0 0.00 1.5 14.0 12:30p NE 13 46.4 67.2 3:40p 26.2 6:40a 18.8 0.2 0.00 0.7 10.0 8:40a SW 14 53.8 71.3 2:50p 34.4 5:20a 12.3 1.1 0.00 1.3 15.0 1:50p SSW 15 57.1 74.1 4:10p 37.0 6:40a 9.7 1.8 0.00 0.6 14.0 3:10p SSE 16 60.9 77.0 4:00p 45.0 7:20a 7.2 3.0 0.00 2.6 19.0 1:30p SSW 17 58.8 70.2 2:00p 47.7 6:40a 7.0 0.8 0.00 5.6 27.0 10:00a WSW 18 59.8 71.6 4:10p 46.1 7:20a 6.6 1.3 0.00 2.7 20.0 1:10p SSW 19 61.3 75.1 3:00p 47.1 7:20a 6.4 2.7 0.00 6.0 28.0 8:40p SSW 20 56.2 70.1 2:50p 45.0 12:00m 9.3 0.5 0.00 6.6 32.0 2:30p WSW 21 50.0 63.1 4:10p 36.8 7:10a 15.0 0.0 0.00 1.3 19.0 4:40p S 22 54.4 68.5 1:50p 39.1 2:40a 11.1 0.5 0.00 2.2 22.0 1:30p SW 23 54.3 67.2 2:10p 38.9 7:00a 10.9 0.2 0.00 3.3 25.0 5:40p SW 24 49.0 58.7 2:40p 39.8 4:50a 16.0 0.0 0.00 6.1 25.0 1:30p WSW 25 51.7 66.1 2:10p 39.7 12:50a 13.4 0.1 0.00 4.4 28.0 3:10p SW 26 54.8 68.2 2:10p 40.4 6:20a 10.4 0.2 0.00 2.7 22.0 1:50p SSW 27 44.1 57.7 12:10a 30.0 12:00m 20.9 0.0 0.00 8.3 33.0 9:10a W 28 41.2 61.6 3:40p 19.5 7:00a 23.8 0.0 0.00 1.4 13.0 9:40a N ------------------------------------------------------------------------------------- 43.9 77.0 16 -9.4 3 603.9 12.7 0.02 3.1 34.0 8 SW Max >= 90.0: 0 Max <= 32.0: 2 Min <= 32.0: 14 Min <= 0.0: 3 Max Rain: 0.02 ON 02/05/11 Days of Rain: 1 (>.01 in) 0 (>.1 in) 0 (>1 in) Heat Base: 65.0 Cool Base: 65.0 Method: Integration