NOAA-style Climate Reports

- as reported from this site (LasCruces-Weather.com) beginning 04-03-07

2023: Jan | Feb | Mar | Apr | May | Jun | Jul | Aug | Sep | Oct | Nov | Dec 
2022: Jan | Feb | Mar | Apr | May | Jun | Jul | Aug | Sep | Oct | Nov | Dec 
2021: Jan | Feb | Mar | Apr | May | Jun | Jul | Aug | Sep | Oct | Nov | Dec 
2020: Jan | Feb | Mar | Apr | May | Jun | Jul | Aug | Sep | Oct | Nov | Dec 
2019: Jan | Feb | Mar | Apr | May | Jun | Jul | Aug | Sep | Oct | Nov | Dec 
2018: Jan | Feb | Mar | Apr | May | Jun | Jul | Aug | Sep | Oct | Nov | Dec 
2017: Jan | Feb | Mar | Apr | May | Jun | Jul | Aug | Sep | Oct | Nov | Dec 
2016: Jan | Feb | Mar | Apr | May | Jun | Jul | Aug | Sep | Oct | Nov | Dec 
2015: Jan | Feb | Mar | Apr | May | Jun | Jul | Aug | Sep | Oct | Nov | Dec 
2014: Jan | Feb | Mar | Apr | May | Jun | Jul | Aug | Sep | Oct | Nov | Dec 
2013: Jan | Feb | Mar | Apr | May | Jun | Jul | Aug | Sep | Oct | Nov | Dec 
2012: Jan | Feb | Mar | Apr | May | Jun | Jul | Aug | Sep | Oct | Nov | Dec 
2011: Jan | Feb | Mar | Apr | May | Jun | Jul | Aug | Sep | Oct | Nov | Dec 
2010: Jan | Feb | Mar | Apr | May | Jun | Jul | Aug | Sep | Oct | Nov | Dec 
2009: Jan | Feb | Mar | Apr | May | Jun | Jul | Aug | Sep | Oct | Nov | Dec 
2008: Jan | Feb | Mar | Apr | May | Jun | Jul | Aug | Sep | Oct | Nov | Dec 
2007: Jan | Feb | Mar | Apr | May | Jun | Jul | Aug | Sep | Oct | Nov | Dec 

Report for 2011 01
MONTHLY CLIMATOLOGICAL SUMMARY for JAN. 2011 NAME: C32 CITY: Las Cruces|East Mesa STATE: NM ELEV: 4474 ft LAT: 32 24' 08" N LONG: 106 41' 01" W TEMPERATURE (F), RAIN (in), WIND SPEED (mph) HEAT COOL AVG MEAN DEG DEG WIND DOM DAY TEMP HIGH TIME LOW TIME DAYS DAYS RAIN SPEED HIGH TIME DIR ------------------------------------------------------------------------------------ 1 24.3 37.1 3:40p 13.0 7:30a 40.7 0.0 0.00 1.7 13.0 1:50p NNE 2 25.1 42.9 3:00p 10.2 3:00a 39.9 0.0 0.00 1.5 10.0 9:00a E 3 33.9 53.0 3:00p 17.0 3:50a 31.1 0.0 0.00 1.7 13.0 2:20p SE 4 38.8 55.9 2:00p 22.9 7:30a 26.2 0.0 0.00 2.9 23.0 2:40p WSW 5 35.0 50.2 1:40p 22.6 7:10a 30.0 0.0 0.00 2.4 14.0 6:20a N 6 36.9 51.0 3:10p 23.3 2:30a 28.1 0.0 0.00 2.0 11.0 11:10a N 7 40.9 59.5 3:50p 26.7 6:20a 24.1 0.0 0.00 2.2 11.0 7:10a E 8 43.3 57.2 2:10p 31.4 6:00a 21.7 0.0 0.00 2.8 19.0 3:30p SW 9 44.5 58.3 2:00p 33.3 5:30a 20.5 0.0 0.00 6.7 24.0 1:00p S 10 45.2 58.0 3:20p 30.9 11:50p 19.8 0.0 0.00 4.7 19.0 12:40p S 11 32.1 46.1 4:40p 18.7 7:30a 32.9 0.0 0.00 1.8 14.0 12:40a N 12 34.1 49.0 3:30p 24.7 3:20a 30.9 0.0 0.00 0.5 9.0 1:00p NNE 13 36.3 53.9 3:50p 19.4 7:30a 28.7 0.0 0.00 0.8 9.0 11:00a S 14 41.2 59.0 2:10p 24.3 4:30a 23.8 0.0 0.00 1.7 13.0 2:20p N 15 44.6 60.5 3:00p 28.2 7:40a 20.4 0.0 0.00 1.3 11.0 2:10a NE 16 44.2 63.3 3:40p 27.0 7:20a 20.8 0.0 0.00 2.0 13.0 11:30a NNE 17 52.0 69.9 4:10p 36.6 12:20a 13.6 0.6 0.00 1.2 12.0 9:40a NNE 18 52.3 68.5 3:20p 36.8 6:00a 13.0 0.3 0.00 0.3 9.0 1:30p SE 19 57.3 68.6 3:00p 46.0 7:50a 8.2 0.5 0.00 5.0 26.0 11:30a S 20 46.6 55.6 12:10a 32.3 11:30p 18.4 0.0 0.00 2.0 14.0 5:20a N 21 41.6 61.6 4:20p 23.3 7:50a 23.4 0.0 0.00 1.9 16.0 2:10p N 22 46.8 64.6 3:50p 27.9 6:10a 18.2 0.0 0.00 2.1 18.0 1:00p SSW 23 44.3 55.1 1:40p 32.8 11:10p 20.7 0.0 0.00 1.4 19.0 11:30a NNE 24 40.9 57.2 3:20p 25.0 6:00a 24.1 0.0 0.00 2.0 27.0 3:30p NE 25 36.7 50.1 3:30p 24.3 6:50a 28.3 0.0 0.00 0.9 14.0 2:50p SSW 26 38.1 54.8 4:10p 20.4 5:50a 26.9 0.0 0.00 2.0 15.0 5:10p N 27 38.9 56.1 3:10p 24.7 6:10a 26.1 0.0 0.00 0.7 10.0 8:40a NE 28 41.3 59.7 3:40p 19.8 6:30a 23.7 0.0 0.00 0.9 10.0 1:00p SE 29 48.3 65.0 3:00p 33.2 7:40a 16.7 0.0 0.00 3.0 27.0 3:20p SSW 30 46.5 63.9 3:00p 29.7 5:20a 18.5 0.0 0.00 2.5 21.0 3:00p SW 31 46.4 55.1 1:50p 35.4 12:00m 18.6 0.0 0.00 4.9 28.0 2:10p S ------------------------------------------------------------------------------------- 41.2 69.9 17 10.2 2 738.0 1.4 0.00 2.2 28.0 31 N Max >= 90.0: 0 Max <= 32.0: 0 Min <= 32.0: 23 Min <= 0.0: 0 Max Rain: 0.00 ON 01/01/11 Days of Rain: 0 (>.01 in) 0 (>.1 in) 0 (>1 in) Heat Base: 65.0 Cool Base: 65.0 Method: Integration