NOAA-style Climate Reports

- as reported from this site (LasCruces-Weather.com) beginning 04-03-07

2023: Jan | Feb | Mar | Apr | May | Jun | Jul | Aug | Sep | Oct | Nov | Dec 
2022: Jan | Feb | Mar | Apr | May | Jun | Jul | Aug | Sep | Oct | Nov | Dec 
2021: Jan | Feb | Mar | Apr | May | Jun | Jul | Aug | Sep | Oct | Nov | Dec 
2020: Jan | Feb | Mar | Apr | May | Jun | Jul | Aug | Sep | Oct | Nov | Dec 
2019: Jan | Feb | Mar | Apr | May | Jun | Jul | Aug | Sep | Oct | Nov | Dec 
2018: Jan | Feb | Mar | Apr | May | Jun | Jul | Aug | Sep | Oct | Nov | Dec 
2017: Jan | Feb | Mar | Apr | May | Jun | Jul | Aug | Sep | Oct | Nov | Dec 
2016: Jan | Feb | Mar | Apr | May | Jun | Jul | Aug | Sep | Oct | Nov | Dec 
2015: Jan | Feb | Mar | Apr | May | Jun | Jul | Aug | Sep | Oct | Nov | Dec 
2014: Jan | Feb | Mar | Apr | May | Jun | Jul | Aug | Sep | Oct | Nov | Dec 
2013: Jan | Feb | Mar | Apr | May | Jun | Jul | Aug | Sep | Oct | Nov | Dec 
2012: Jan | Feb | Mar | Apr | May | Jun | Jul | Aug | Sep | Oct | Nov | Dec 
2011: Jan | Feb | Mar | Apr | May | Jun | Jul | Aug | Sep | Oct | Nov | Dec 
2010: Jan | Feb | Mar | Apr | May | Jun | Jul | Aug | Sep | Oct | Nov | Dec 
2009: Jan | Feb | Mar | Apr | May | Jun | Jul | Aug | Sep | Oct | Nov | Dec 
2008: Jan | Feb | Mar | Apr | May | Jun | Jul | Aug | Sep | Oct | Nov | Dec 
2007: Jan | Feb | Mar | Apr | May | Jun | Jul | Aug | Sep | Oct | Nov | Dec 

Report for 2010 12
MONTHLY CLIMATOLOGICAL SUMMARY for DEC. 2010 NAME: C32 CITY: Las Cruces|East Mesa STATE: NM ELEV: 4474 ft LAT: 32 24' 08" N LONG: 106 41' 01" W TEMPERATURE (F), RAIN (in), WIND SPEED (mph) HEAT COOL AVG MEAN DEG DEG WIND DOM DAY TEMP HIGH TIME LOW TIME DAYS DAYS RAIN SPEED HIGH TIME DIR ------------------------------------------------------------------------------------ 1 36.9 56.8 3:30p 17.5 5:40a 28.1 0.0 0.00 1.0 11.0 9:00a NNE 2 43.8 63.6 3:20p 26.9 4:10a 21.2 0.0 0.00 0.6 8.0 8:40a ESE 3 48.2 66.6 2:20p 28.4 6:30a 16.8 0.1 0.00 0.5 10.0 2:30p S 4 48.0 66.2 3:10p 32.7 6:50a 17.1 0.0 0.00 0.3 11.0 4:10p S 5 47.4 65.7 2:40p 32.4 7:00a 17.6 0.0 0.00 0.5 11.0 2:40p SW 6 48.7 65.0 2:00p 33.3 5:50a 16.3 0.0 0.00 1.2 15.0 2:10p SSW 7 50.7 64.3 12:50p 35.6 7:30a 14.3 0.0 0.00 4.2 25.0 11:40a N 8 45.0 60.7 2:20p 31.3 7:20a 20.0 0.0 0.00 1.6 13.0 1:40p SSE 9 49.6 65.0 3:20p 33.6 7:20a 15.4 0.0 0.00 1.0 11.0 11:20p S 10 55.0 71.9 2:40p 34.4 7:30a 10.8 0.8 0.00 2.2 19.0 4:10p WSW 11 52.5 68.0 2:20p 41.1 12:00m 12.8 0.3 0.00 1.1 13.0 11:10a N 12 44.5 59.0 2:30p 33.5 7:40a 20.5 0.0 0.00 1.2 17.0 12:50a SSW 13 45.3 64.5 4:00p 28.9 6:20a 19.7 0.0 0.00 0.6 9.0 9:10a ESE 14 52.4 68.3 3:10p 35.8 7:30a 12.8 0.3 0.00 2.1 16.0 12:30p S 15 56.7 69.3 2:20p 45.0 7:00a 8.7 0.4 0.00 4.6 28.0 2:50p SSW 16 52.8 63.4 2:30p 43.3 4:50a 12.2 0.0 0.00 2.2 19.0 1:10p S 17 50.9 58.0 1:00p 42.2 11:40p 14.0 0.0 0.00 2.9 16.0 7:00a SW 18 50.2 60.9 2:50p 40.5 2:40a 14.8 0.0 0.00 3.7 24.0 12:50p SW 19 54.4 66.7 1:50p 44.2 4:50a 10.8 0.1 0.00 4.2 23.0 2:00p SSW 20 55.5 66.7 2:20p 49.0 3:40a 9.6 0.1 0.00 2.3 21.0 1:10p S 21 55.7 68.7 2:20p 45.9 5:20a 9.8 0.5 0.00 1.4 15.0 12:30p SW 22 51.4 64.3 1:40p 37.8 7:20a 13.6 0.0 0.00 0.3 8.0 9:00p SSE 23 46.8 60.6 1:10p 35.2 11:50p 18.2 0.0 0.00 3.5 23.0 3:40p WSW 24 42.8 57.2 3:10p 28.7 6:50a 22.2 0.0 0.00 1.1 14.0 1:10p N 25 41.4 55.5 3:10p 27.0 6:50a 23.6 0.0 0.00 0.1 7.0 1:40p NW 26 41.8 57.0 2:30p 25.5 6:20a 23.2 0.0 0.00 1.6 18.0 1:40p S 27 45.0 56.7 1:20p 32.0 8:00a 19.8 0.0 0.00 0.4 9.0 8:20a N 28 44.7 58.2 3:50p 34.4 4:50a 20.3 0.0 0.00 1.2 13.0 4:00p NE 29 46.8 56.7 3:30p 36.6 5:20a 18.2 0.0 0.00 6.0 23.0 9:10p SW 30 40.6 55.4 1:00p 28.4 12:00m 24.4 0.0 0.01 11.5 43.0 12:50p SW 31 29.4 39.8 3:40p 20.8 4:50a 35.6 0.0 0.00 5.3 24.0 2:30p N ------------------------------------------------------------------------------------- 47.6 71.9 10 17.5 1 542.4 2.6 0.01 2.3 43.0 30 S Max >= 90.0: 0 Max <= 32.0: 0 Min <= 32.0: 11 Min <= 0.0: 0 Max Rain: 0.01 ON 12/30/10 Days of Rain: 0 (>.01 in) 0 (>.1 in) 0 (>1 in) Heat Base: 65.0 Cool Base: 65.0 Method: Integration