NOAA-style Climate Reports

- as reported from this site (LasCruces-Weather.com) beginning 04-03-07

2023: Jan | Feb | Mar | Apr | May | Jun | Jul | Aug | Sep | Oct | Nov | Dec 
2022: Jan | Feb | Mar | Apr | May | Jun | Jul | Aug | Sep | Oct | Nov | Dec 
2021: Jan | Feb | Mar | Apr | May | Jun | Jul | Aug | Sep | Oct | Nov | Dec 
2020: Jan | Feb | Mar | Apr | May | Jun | Jul | Aug | Sep | Oct | Nov | Dec 
2019: Jan | Feb | Mar | Apr | May | Jun | Jul | Aug | Sep | Oct | Nov | Dec 
2018: Jan | Feb | Mar | Apr | May | Jun | Jul | Aug | Sep | Oct | Nov | Dec 
2017: Jan | Feb | Mar | Apr | May | Jun | Jul | Aug | Sep | Oct | Nov | Dec 
2016: Jan | Feb | Mar | Apr | May | Jun | Jul | Aug | Sep | Oct | Nov | Dec 
2015: Jan | Feb | Mar | Apr | May | Jun | Jul | Aug | Sep | Oct | Nov | Dec 
2014: Jan | Feb | Mar | Apr | May | Jun | Jul | Aug | Sep | Oct | Nov | Dec 
2013: Jan | Feb | Mar | Apr | May | Jun | Jul | Aug | Sep | Oct | Nov | Dec 
2012: Jan | Feb | Mar | Apr | May | Jun | Jul | Aug | Sep | Oct | Nov | Dec 
2011: Jan | Feb | Mar | Apr | May | Jun | Jul | Aug | Sep | Oct | Nov | Dec 
2010: Jan | Feb | Mar | Apr | May | Jun | Jul | Aug | Sep | Oct | Nov | Dec 
2009: Jan | Feb | Mar | Apr | May | Jun | Jul | Aug | Sep | Oct | Nov | Dec 
2008: Jan | Feb | Mar | Apr | May | Jun | Jul | Aug | Sep | Oct | Nov | Dec 
2007: Jan | Feb | Mar | Apr | May | Jun | Jul | Aug | Sep | Oct | Nov | Dec 

Report for 2010 11
MONTHLY CLIMATOLOGICAL SUMMARY for NOV. 2010 NAME: C32 CITY: Las Cruces|East Mesa STATE: NM ELEV: 4474 ft LAT: 32 24' 08" N LONG: 106 41' 01" W TEMPERATURE (F), RAIN (in), WIND SPEED (mph) HEAT COOL AVG MEAN DEG DEG WIND DOM DAY TEMP HIGH TIME LOW TIME DAYS DAYS RAIN SPEED HIGH TIME DIR ------------------------------------------------------------------------------------ 1 59.3 74.8 4:10p 44.2 7:40a 8.0 2.3 0.00 3.4 18.0 4:30p NE 2 55.1 70.2 4:10p 39.3 8:00a 10.7 0.8 0.00 1.0 10.0 12:10a SSW 3 58.8 75.1 3:10p 41.5 5:10a 8.8 2.6 0.00 3.6 27.0 2:10p E 4 57.8 67.3 2:50p 46.8 12:00m 7.4 0.2 0.00 1.8 22.0 12:30a SSW 5 54.1 70.5 3:10p 40.7 7:20a 11.7 0.8 0.00 1.0 14.0 2:00p SSE 6 56.5 74.0 3:20p 39.2 7:20a 10.1 1.7 0.00 0.8 14.0 11:20a SSW 7 59.8 75.6 2:50p 44.9 7:20a 7.8 2.6 0.00 1.8 16.0 10:20a SSW 8 60.1 75.3 1:50p 46.6 7:00a 7.1 2.2 0.00 2.3 18.0 2:10p S 9 55.5 65.4 2:50p 42.3 12:00m 9.5 0.0 0.00 4.4 25.0 12:30p S 10 50.5 64.2 2:30p 31.5 7:00a 14.5 0.0 0.00 2.6 24.0 1:00p S 11 54.6 66.0 1:40p 43.5 5:30a 10.4 0.0 0.00 2.9 24.0 10:40p SSW 12 46.3 59.0 2:50p 35.1 12:00m 18.7 0.0 0.00 3.1 17.0 11:20a NNW 13 43.9 60.8 2:50p 26.8 7:10a 21.1 0.0 0.00 1.3 10.0 6:00a S 14 47.2 61.9 1:00p 29.0 5:40a 17.8 0.0 0.00 2.1 14.0 3:40p S 15 48.2 62.1 12:50p 34.7 5:50a 16.8 0.0 0.00 4.2 30.0 4:40p SSE 16 50.1 64.5 2:40p 33.1 5:20a 14.9 0.0 0.00 4.6 26.0 7:20p WSW 17 49.7 64.1 2:40p 37.1 6:30a 15.3 0.0 0.00 1.3 14.0 1:00p NNW 18 45.7 64.9 3:10p 28.0 6:50a 19.3 0.0 0.00 1.0 12.0 2:50p NE 19 51.1 69.2 3:50p 32.8 5:50a 14.4 0.5 0.00 1.4 14.0 3:00p SSW 20 57.3 70.3 1:20p 46.3 7:50a 8.5 0.8 0.00 3.8 23.0 11:50a SSW 21 55.6 67.8 2:10p 45.0 6:00a 9.7 0.3 0.00 4.5 23.0 11:30a SW 22 50.0 62.5 2:40p 40.2 6:30a 15.0 0.0 0.00 5.1 27.0 11:20a S 23 48.8 63.6 3:10p 28.7 7:10a 16.2 0.0 0.00 2.3 19.0 12:50p SSW 24 50.5 62.4 2:40p 40.6 6:50a 14.5 0.0 0.00 3.4 22.0 12:00p S 25 41.8 50.6 2:20p 25.2 11:50p 23.2 0.0 0.00 3.8 20.0 12:20p NNW 26 33.8 52.1 3:10p 18.7 5:10a 31.2 0.0 0.00 1.8 14.0 1:50p NE 27 39.9 57.9 2:30p 22.5 4:10a 25.1 0.0 0.00 1.5 12.0 1:50p SSW 28 48.2 61.1 12:30p 31.8 3:50a 16.8 0.0 0.00 8.2 37.0 1:30p WSW 29 36.7 44.2 1:40p 24.6 11:00p 28.3 0.0 0.00 5.7 27.0 3:30p W 30 33.0 47.2 3:50p 18.8 5:30a 32.0 0.0 0.00 0.9 11.0 1:10p SE ------------------------------------------------------------------------------------- 50.0 75.6 7 18.7 26 464.8 14.8 0.00 2.9 37.0 28 SSW Max >= 90.0: 0 Max <= 32.0: 0 Min <= 32.0: 11 Min <= 0.0: 0 Max Rain: 0.00 ON 11/01/10 Days of Rain: 0 (>.01 in) 0 (>.1 in) 0 (>1 in) Heat Base: 65.0 Cool Base: 65.0 Method: Integration