NOAA-style Climate Reports

- as reported from this site (LasCruces-Weather.com) beginning 04-03-07

2023: Jan | Feb | Mar | Apr | May | Jun | Jul | Aug | Sep | Oct | Nov | Dec 
2022: Jan | Feb | Mar | Apr | May | Jun | Jul | Aug | Sep | Oct | Nov | Dec 
2021: Jan | Feb | Mar | Apr | May | Jun | Jul | Aug | Sep | Oct | Nov | Dec 
2020: Jan | Feb | Mar | Apr | May | Jun | Jul | Aug | Sep | Oct | Nov | Dec 
2019: Jan | Feb | Mar | Apr | May | Jun | Jul | Aug | Sep | Oct | Nov | Dec 
2018: Jan | Feb | Mar | Apr | May | Jun | Jul | Aug | Sep | Oct | Nov | Dec 
2017: Jan | Feb | Mar | Apr | May | Jun | Jul | Aug | Sep | Oct | Nov | Dec 
2016: Jan | Feb | Mar | Apr | May | Jun | Jul | Aug | Sep | Oct | Nov | Dec 
2015: Jan | Feb | Mar | Apr | May | Jun | Jul | Aug | Sep | Oct | Nov | Dec 
2014: Jan | Feb | Mar | Apr | May | Jun | Jul | Aug | Sep | Oct | Nov | Dec 
2013: Jan | Feb | Mar | Apr | May | Jun | Jul | Aug | Sep | Oct | Nov | Dec 
2012: Jan | Feb | Mar | Apr | May | Jun | Jul | Aug | Sep | Oct | Nov | Dec 
2011: Jan | Feb | Mar | Apr | May | Jun | Jul | Aug | Sep | Oct | Nov | Dec 
2010: Jan | Feb | Mar | Apr | May | Jun | Jul | Aug | Sep | Oct | Nov | Dec 
2009: Jan | Feb | Mar | Apr | May | Jun | Jul | Aug | Sep | Oct | Nov | Dec 
2008: Jan | Feb | Mar | Apr | May | Jun | Jul | Aug | Sep | Oct | Nov | Dec 
2007: Jan | Feb | Mar | Apr | May | Jun | Jul | Aug | Sep | Oct | Nov | Dec 

Report for 2010 10
MONTHLY CLIMATOLOGICAL SUMMARY for OCT. 2010 NAME: C32 CITY: Las Cruces|East Mesa STATE: NM ELEV: 4474 ft LAT: 32 24' 08" N LONG: 106 41' 01" W TEMPERATURE (F), RAIN (in), WIND SPEED (mph) HEAT COOL AVG MEAN DEG DEG WIND DOM DAY TEMP HIGH TIME LOW TIME DAYS DAYS RAIN SPEED HIGH TIME DIR ------------------------------------------------------------------------------------ 1 73.7 88.1 3:50p 58.7 7:00a 0.9 9.6 0.00 0.4 10.0 1:30p S 2 74.8 90.6 3:10p 57.8 5:20a 1.1 10.9 0.00 2.8 23.0 10:50p S 3 73.0 83.2 3:00p 63.8 7:20a 0.0 8.0 0.00 3.6 24.0 12:10a S 4 69.1 82.3 3:50p 59.0 9:20p 1.6 5.7 0.35 3.0 35.0 9:00p S 5 65.9 78.4 3:40p 57.3 7:20a 2.7 3.6 0.04 1.8 24.0 8:40p SSW 6 71.0 84.2 2:50p 56.7 7:10a 1.4 7.4 0.00 2.4 18.0 12:50p S 7 71.4 83.8 4:10p 55.2 6:50a 1.5 7.9 0.00 2.4 20.0 1:30p S 8 70.1 83.5 3:40p 55.3 6:40a 1.9 7.0 0.00 2.1 18.0 3:40p SSW 9 66.5 82.6 3:50p 51.2 7:40a 4.0 5.5 0.00 1.1 12.0 2:20p SE 10 64.7 78.0 3:40p 49.9 6:20a 4.3 4.0 0.00 1.8 14.0 2:40p NNE 11 64.4 80.6 4:30p 49.7 7:20a 5.1 4.5 0.00 1.1 15.0 4:00p SW 12 67.0 83.3 3:40p 48.4 7:10a 4.3 6.2 0.00 2.5 28.0 11:20p WNW 13 70.5 79.7 3:00p 62.3 12:00m 0.1 5.7 0.00 5.0 32.0 12:50a E 14 65.3 79.1 2:00p 48.9 7:30a 4.1 4.4 0.00 0.9 13.0 1:50p S 15 65.4 78.7 1:10p 49.6 6:20a 4.1 4.5 0.00 0.8 13.0 1:30p SSE 16 66.5 79.9 3:20p 53.8 7:30a 3.0 4.6 0.00 1.7 24.0 2:40p SSW 17 67.2 82.0 3:40p 50.8 8:00a 3.3 5.5 0.00 1.4 13.0 1:30p N 18 66.8 79.2 3:20p 57.7 11:40p 2.1 3.9 0.00 1.6 15.0 3:10p S 19 64.0 79.6 4:50p 48.1 6:50a 5.0 4.0 0.00 0.9 13.0 4:10p S 20 69.5 80.3 2:50p 59.8 8:10a 0.6 5.0 0.00 3.3 25.0 9:10p S 21 61.0 71.8 2:50p 50.5 5:30a 5.3 1.3 0.11 2.9 22.0 3:20p N 22 55.3 67.3 3:30p 43.3 6:20a 9.8 0.2 0.00 3.9 20.0 12:30p SW 23 58.0 70.0 3:50p 47.6 5:20a 7.8 0.8 0.00 5.4 24.0 12:40p WSW 24 59.9 73.9 3:20p 43.8 7:20a 6.9 1.8 0.00 4.1 22.0 11:40p SW 25 63.6 72.1 4:50p 54.2 5:40a 3.3 1.9 0.00 8.6 33.0 4:00p WSW 26 60.5 71.9 3:20p 45.8 6:50a 6.1 1.5 0.00 4.6 28.0 3:50p WSW 27 60.4 71.8 4:40p 50.3 8:10a 6.0 1.4 0.00 1.3 13.0 2:20p N 28 56.2 72.8 3:30p 40.7 7:50a 10.2 1.5 0.00 3.8 16.0 7:50a N 29 58.7 77.0 3:30p 41.3 7:10a 9.1 2.8 0.00 1.1 16.0 3:50p SW 30 66.2 82.9 3:20p 48.3 6:40a 4.6 5.8 0.00 3.0 23.0 3:40p SSW 31 64.2 77.1 2:50p 51.8 7:40a 3.7 2.9 0.00 1.8 16.0 2:10p SSW ------------------------------------------------------------------------------------- 65.5 90.6 2 40.7 28 123.9 139.8 0.50 2.6 35.0 4 S Max >= 90.0: 1 Max <= 32.0: 0 Min <= 32.0: 0 Min <= 0.0: 0 Max Rain: 0.35 ON 10/04/10 Days of Rain: 3 (>.01 in) 2 (>.1 in) 0 (>1 in) Heat Base: 65.0 Cool Base: 65.0 Method: Integration