NOAA-style Climate Reports

- as reported from this site (LasCruces-Weather.com) beginning 04-03-07

2023: Jan | Feb | Mar | Apr | May | Jun | Jul | Aug | Sep | Oct | Nov | Dec 
2022: Jan | Feb | Mar | Apr | May | Jun | Jul | Aug | Sep | Oct | Nov | Dec 
2021: Jan | Feb | Mar | Apr | May | Jun | Jul | Aug | Sep | Oct | Nov | Dec 
2020: Jan | Feb | Mar | Apr | May | Jun | Jul | Aug | Sep | Oct | Nov | Dec 
2019: Jan | Feb | Mar | Apr | May | Jun | Jul | Aug | Sep | Oct | Nov | Dec 
2018: Jan | Feb | Mar | Apr | May | Jun | Jul | Aug | Sep | Oct | Nov | Dec 
2017: Jan | Feb | Mar | Apr | May | Jun | Jul | Aug | Sep | Oct | Nov | Dec 
2016: Jan | Feb | Mar | Apr | May | Jun | Jul | Aug | Sep | Oct | Nov | Dec 
2015: Jan | Feb | Mar | Apr | May | Jun | Jul | Aug | Sep | Oct | Nov | Dec 
2014: Jan | Feb | Mar | Apr | May | Jun | Jul | Aug | Sep | Oct | Nov | Dec 
2013: Jan | Feb | Mar | Apr | May | Jun | Jul | Aug | Sep | Oct | Nov | Dec 
2012: Jan | Feb | Mar | Apr | May | Jun | Jul | Aug | Sep | Oct | Nov | Dec 
2011: Jan | Feb | Mar | Apr | May | Jun | Jul | Aug | Sep | Oct | Nov | Dec 
2010: Jan | Feb | Mar | Apr | May | Jun | Jul | Aug | Sep | Oct | Nov | Dec 
2009: Jan | Feb | Mar | Apr | May | Jun | Jul | Aug | Sep | Oct | Nov | Dec 
2008: Jan | Feb | Mar | Apr | May | Jun | Jul | Aug | Sep | Oct | Nov | Dec 
2007: Jan | Feb | Mar | Apr | May | Jun | Jul | Aug | Sep | Oct | Nov | Dec 

Report for 2010 09
MONTHLY CLIMATOLOGICAL SUMMARY for SEP. 2010 NAME: C32 CITY: Las Cruces|East Mesa STATE: NM ELEV: 4474 ft LAT: 32 24' 08" N LONG: 106 41' 01" W TEMPERATURE (F), RAIN (in), WIND SPEED (mph) HEAT COOL AVG MEAN DEG DEG WIND DOM DAY TEMP HIGH TIME LOW TIME DAYS DAYS RAIN SPEED HIGH TIME DIR ------------------------------------------------------------------------------------ 1 78.7 92.2 4:50p 66.6 5:10a 0.0 13.7 0.00 1.1 17.0 12:20a S 2 83.0 95.9 5:10p 66.9 7:10a 0.0 18.0 0.00 0.9 24.0 12:00m S 3 78.4 86.2 2:50p 67.3 12:00m 0.0 13.4 0.00 3.6 28.0 1:10a E 4 74.6 88.7 4:50p 60.5 6:50a 0.6 10.2 0.00 0.8 14.0 11:00a S 5 78.9 92.9 3:40p 64.3 7:10a 0.0 13.9 0.00 1.2 16.0 5:40p S 6 82.4 95.2 3:10p 70.4 7:20a 0.0 17.4 0.00 1.4 26.0 3:30p S 7 80.5 93.5 2:30p 66.5 7:20a 0.0 15.5 0.00 3.6 26.0 10:50p ESE 8 78.1 90.8 4:20p 66.9 6:30a 0.0 13.1 0.00 2.0 22.0 7:40p SSW 9 77.8 89.8 4:10p 67.6 4:00a 0.0 12.8 0.00 4.3 19.0 11:50a N 10 75.2 87.5 3:50p 61.5 6:20a 0.3 10.5 0.00 3.4 24.0 4:50p SSW 11 72.7 90.6 3:30p 54.0 6:20a 2.1 9.9 0.00 2.7 16.0 11:40a N 12 78.0 91.7 1:50p 56.3 6:50a 0.9 13.9 0.00 2.0 24.0 11:50p N 13 74.5 89.8 5:00p 64.8 6:50a 0.0 9.5 0.36 3.3 28.0 5:20p N 14 75.6 88.1 4:00p 62.0 7:10a 0.3 10.8 0.00 0.8 14.0 1:30p SSW 15 78.9 94.3 3:50p 69.6 7:20a 0.0 13.9 0.04 1.1 22.0 4:00p S 16 76.5 93.4 3:20p 64.5 7:00a 0.0 11.5 0.00 4.3 42.0 5:20p E 17 73.3 86.3 3:20p 59.2 5:40a 1.0 9.3 0.00 0.8 16.0 1:40p S 18 76.6 90.2 3:30p 62.1 7:30a 0.3 11.9 0.00 1.5 16.0 5:00p S 19 77.8 88.3 3:10p 68.2 7:30a 0.0 12.8 0.00 3.3 21.0 11:20a E 20 76.6 88.8 2:30p 65.4 5:20a 0.0 11.6 0.00 1.5 19.0 2:40p NNW 21 75.2 88.0 5:00p 63.5 6:50a 0.2 10.4 0.64 1.4 20.0 1:10a SSW 22 74.6 82.1 2:40p 69.5 6:30a 0.0 9.6 0.06 2.7 20.0 5:30p S 23 72.4 82.4 6:10p 64.9 7:20a 0.0 7.4 0.08 0.8 14.0 1:00a S 24 74.6 86.8 4:10p 58.5 7:30a 0.6 10.2 0.00 1.1 13.0 10:40a N 25 75.7 87.7 5:20p 63.2 6:40a 0.1 10.8 0.00 3.2 22.0 10:10p ESE 26 73.8 83.3 3:40p 62.4 12:00m 0.1 8.8 0.00 3.0 23.0 10:50a E 27 69.0 82.8 3:40p 57.8 5:50a 2.0 6.0 0.00 0.7 12.0 4:00p S 28 71.7 89.2 3:50p 53.2 6:30a 2.6 9.3 0.00 0.8 12.0 12:40p SSE 29 76.9 94.2 3:40p 62.1 5:10a 0.4 12.4 0.00 0.5 9.0 11:50a SSE 30 77.4 90.2 3:00p 63.8 4:50a 0.1 12.5 0.00 2.7 23.0 2:00p E ------------------------------------------------------------------------------------- 76.3 95.9 2 53.2 28 11.6 351.0 1.18 2.0 42.0 16 S Max >= 90.0: 13 Max <= 32.0: 0 Min <= 32.0: 0 Min <= 0.0: 0 Max Rain: 0.64 ON 09/21/10 Days of Rain: 5 (>.01 in) 2 (>.1 in) 0 (>1 in) Heat Base: 65.0 Cool Base: 65.0 Method: Integration