NOAA-style Climate Reports

- as reported from this site (LasCruces-Weather.com) beginning 04-03-07

2023: Jan | Feb | Mar | Apr | May | Jun | Jul | Aug | Sep | Oct | Nov | Dec 
2022: Jan | Feb | Mar | Apr | May | Jun | Jul | Aug | Sep | Oct | Nov | Dec 
2021: Jan | Feb | Mar | Apr | May | Jun | Jul | Aug | Sep | Oct | Nov | Dec 
2020: Jan | Feb | Mar | Apr | May | Jun | Jul | Aug | Sep | Oct | Nov | Dec 
2019: Jan | Feb | Mar | Apr | May | Jun | Jul | Aug | Sep | Oct | Nov | Dec 
2018: Jan | Feb | Mar | Apr | May | Jun | Jul | Aug | Sep | Oct | Nov | Dec 
2017: Jan | Feb | Mar | Apr | May | Jun | Jul | Aug | Sep | Oct | Nov | Dec 
2016: Jan | Feb | Mar | Apr | May | Jun | Jul | Aug | Sep | Oct | Nov | Dec 
2015: Jan | Feb | Mar | Apr | May | Jun | Jul | Aug | Sep | Oct | Nov | Dec 
2014: Jan | Feb | Mar | Apr | May | Jun | Jul | Aug | Sep | Oct | Nov | Dec 
2013: Jan | Feb | Mar | Apr | May | Jun | Jul | Aug | Sep | Oct | Nov | Dec 
2012: Jan | Feb | Mar | Apr | May | Jun | Jul | Aug | Sep | Oct | Nov | Dec 
2011: Jan | Feb | Mar | Apr | May | Jun | Jul | Aug | Sep | Oct | Nov | Dec 
2010: Jan | Feb | Mar | Apr | May | Jun | Jul | Aug | Sep | Oct | Nov | Dec 
2009: Jan | Feb | Mar | Apr | May | Jun | Jul | Aug | Sep | Oct | Nov | Dec 
2008: Jan | Feb | Mar | Apr | May | Jun | Jul | Aug | Sep | Oct | Nov | Dec 
2007: Jan | Feb | Mar | Apr | May | Jun | Jul | Aug | Sep | Oct | Nov | Dec 

Report for 2010 08
MONTHLY CLIMATOLOGICAL SUMMARY for AUG. 2010 NAME: C32 CITY: Las Cruces|East Mesa STATE: NM ELEV: 4474 ft LAT: 32 24' 08" N LONG: 106 41' 01" W TEMPERATURE (F), RAIN (in), WIND SPEED (mph) HEAT COOL AVG MEAN DEG DEG WIND DOM DAY TEMP HIGH TIME LOW TIME DAYS DAYS RAIN SPEED HIGH TIME DIR ------------------------------------------------------------------------------------ 1 75.9 87.4 4:50p 66.6 1:30a 0.0 10.9 0.00 2.0 15.0 2:20p SSW 2 80.8 93.7 4:40p 67.3 6:30a 0.0 15.8 0.00 1.3 23.0 3:30p SSW 3 82.5 97.4 4:10p 65.2 6:50a 0.0 17.5 0.00 1.8 15.0 4:20p ESE 4 83.0 98.6 2:20p 67.4 6:50a 0.0 18.0 0.00 1.7 16.0 3:10p N 5 81.1 95.8 2:30p 67.7 6:30a 0.0 16.1 0.02 2.7 20.0 5:10p ESE 6 81.9 96.7 5:00p 67.0 6:00a 0.0 16.9 0.00 1.9 13.0 12:10a N 7 83.6 96.7 3:10p 69.1 7:00a 0.0 18.6 0.00 3.1 18.0 4:00p SW 8 82.5 94.0 3:20p 73.2 7:10a 0.0 17.5 0.00 2.6 18.0 4:10p S 9 80.7 94.2 4:20p 65.9 6:50a 0.0 15.7 0.00 1.0 26.0 5:30p SSW 10 84.6 98.4 5:00p 70.7 7:00a 0.0 19.6 0.00 1.1 18.0 3:50p SW 11 85.1 98.8 4:50p 72.3 6:20a 0.0 20.1 0.00 1.6 26.0 2:00p SSE 12 84.4 97.3 3:50p 71.7 5:30a 0.0 19.4 0.00 1.6 26.0 6:20p ESE 13 84.1 100.2 3:00p 70.6 6:00a 0.0 19.1 0.00 2.2 25.0 3:10p NE 14 85.0 100.5 2:40p 71.1 7:00a 0.0 20.0 0.03 2.1 33.0 4:20p N 15 85.2 96.6 3:30p 72.6 6:10a 0.0 20.2 0.00 3.2 24.0 2:30p E 16 80.4 92.3 6:30p 72.1 8:10a 0.0 15.4 0.00 4.5 26.0 9:20p N 17 80.3 95.1 4:20p 68.9 6:50a 0.0 15.3 0.00 1.6 25.0 5:10p ENE 18 81.0 98.5 3:30p 69.3 7:00a 0.0 16.0 0.13 2.2 27.0 6:40p SSW 19 81.8 93.9 5:20p 67.8 6:10a 0.0 16.8 0.00 1.2 14.0 2:40p SW 20 84.4 98.6 4:10p 70.7 7:10a 0.0 19.4 0.07 2.3 21.0 3:40p S 21 82.1 94.9 4:50p 70.0 6:20a 0.0 17.1 0.00 2.8 26.0 4:50p E 22 82.2 96.5 3:00p 68.7 7:00a 0.0 17.2 0.01 1.3 25.0 7:10p E 23 81.6 97.4 1:30p 69.2 6:50a 0.0 16.6 0.00 1.2 16.0 5:10p N 24 72.2 86.0 11:40a 66.5 7:20a 0.0 7.2 0.64 4.4 26.0 1:50p N 25 72.4 84.8 3:50p 60.2 7:20a 0.5 7.9 0.00 1.3 16.0 4:00p SE 26 74.7 86.6 5:10p 60.3 7:00a 0.3 10.0 0.00 1.5 16.0 12:40a SW 27 72.8 88.8 2:30p 60.5 6:40a 0.6 8.4 0.04 1.5 16.0 5:40p S 28 75.6 86.9 4:40p 67.2 7:00a 0.0 10.6 0.03 1.9 24.0 1:30a SW 29 76.1 89.7 4:30p 66.5 12:00m 0.0 11.1 0.06 1.9 24.0 7:00p S 30 75.5 87.6 4:40p 65.0 6:50a 0.0 10.5 0.07 2.7 25.0 11:50p SSW 31 77.3 89.3 5:50p 66.9 7:20a 0.0 12.3 0.02 1.3 16.0 12:20a SSW ------------------------------------------------------------------------------------- 80.3 100.5 14 60.2 25 1.4 477.2 1.12 2.0 33.0 14 SSW Max >= 90.0: 22 Max <= 32.0: 0 Min <= 32.0: 0 Min <= 0.0: 0 Max Rain: 0.64 ON 08/24/10 Days of Rain: 10 (>.01 in) 2 (>.1 in) 0 (>1 in) Heat Base: 65.0 Cool Base: 65.0 Method: Integration