NOAA-style Climate Reports

- as reported from this site (LasCruces-Weather.com) beginning 04-03-07

2023: Jan | Feb | Mar | Apr | May | Jun | Jul | Aug | Sep | Oct | Nov | Dec 
2022: Jan | Feb | Mar | Apr | May | Jun | Jul | Aug | Sep | Oct | Nov | Dec 
2021: Jan | Feb | Mar | Apr | May | Jun | Jul | Aug | Sep | Oct | Nov | Dec 
2020: Jan | Feb | Mar | Apr | May | Jun | Jul | Aug | Sep | Oct | Nov | Dec 
2019: Jan | Feb | Mar | Apr | May | Jun | Jul | Aug | Sep | Oct | Nov | Dec 
2018: Jan | Feb | Mar | Apr | May | Jun | Jul | Aug | Sep | Oct | Nov | Dec 
2017: Jan | Feb | Mar | Apr | May | Jun | Jul | Aug | Sep | Oct | Nov | Dec 
2016: Jan | Feb | Mar | Apr | May | Jun | Jul | Aug | Sep | Oct | Nov | Dec 
2015: Jan | Feb | Mar | Apr | May | Jun | Jul | Aug | Sep | Oct | Nov | Dec 
2014: Jan | Feb | Mar | Apr | May | Jun | Jul | Aug | Sep | Oct | Nov | Dec 
2013: Jan | Feb | Mar | Apr | May | Jun | Jul | Aug | Sep | Oct | Nov | Dec 
2012: Jan | Feb | Mar | Apr | May | Jun | Jul | Aug | Sep | Oct | Nov | Dec 
2011: Jan | Feb | Mar | Apr | May | Jun | Jul | Aug | Sep | Oct | Nov | Dec 
2010: Jan | Feb | Mar | Apr | May | Jun | Jul | Aug | Sep | Oct | Nov | Dec 
2009: Jan | Feb | Mar | Apr | May | Jun | Jul | Aug | Sep | Oct | Nov | Dec 
2008: Jan | Feb | Mar | Apr | May | Jun | Jul | Aug | Sep | Oct | Nov | Dec 
2007: Jan | Feb | Mar | Apr | May | Jun | Jul | Aug | Sep | Oct | Nov | Dec 

Report for 2010 07
MONTHLY CLIMATOLOGICAL SUMMARY for JUL. 2010 NAME: C32 CITY: Las Cruces|East Mesa STATE: NM ELEV: 4474 ft LAT: 32 24' 08" N LONG: 106 41' 01" W TEMPERATURE (F), RAIN (in), WIND SPEED (mph) HEAT COOL AVG MEAN DEG DEG WIND DOM DAY TEMP HIGH TIME LOW TIME DAYS DAYS RAIN SPEED HIGH TIME DIR ------------------------------------------------------------------------------------ 1 77.9 90.2 2:10p 65.2 6:20a 0.0 12.9 0.00 3.3 30.0 12:10a ESE 2 78.8 90.9 4:40p 69.3 6:20a 0.0 13.8 0.00 1.9 22.0 1:00a E 3 79.1 96.4 3:00p 66.2 6:20a 0.0 14.1 0.14 1.1 26.0 4:40p E 4 82.5 96.1 5:20p 65.9 6:40a 0.0 17.5 0.00 4.0 32.0 2:20p WSW 5 82.6 97.6 2:10p 63.4 6:00a 0.1 17.7 0.00 1.5 16.0 4:20p NNW 6 81.9 98.4 5:40p 64.7 6:30a 0.0 16.9 0.00 4.1 34.0 7:20p E 7 78.9 93.2 3:00p 65.6 11:40p 0.0 13.9 0.12 3.3 27.0 8:00p E 8 76.3 88.5 5:00p 64.0 6:20a 0.1 11.3 0.05 7.3 34.0 12:00m E 9 80.1 91.1 5:10p 70.2 5:50a 0.0 15.1 0.00 5.4 33.0 12:10a E 10 80.8 91.3 4:00p 69.3 6:40a 0.0 15.8 0.00 3.0 22.0 12:10a E 11 73.7 83.1 2:20p 66.8 11:00p 0.0 8.7 0.19 3.3 21.0 12:40p N 12 78.8 96.4 5:40p 65.8 3:50a 0.0 13.8 0.00 1.1 15.0 8:00p S 13 86.0 100.9 4:40p 69.3 6:40a 0.0 21.0 0.00 1.3 25.0 2:30p SSW 14 86.7 102.7 3:10p 71.7 6:50a 0.0 21.7 0.00 3.1 30.0 11:30p SSW 15 82.5 99.5 2:10p 72.3 6:40a 0.0 17.5 0.20 1.8 22.0 5:30p N 16 82.1 95.6 1:50p 71.8 6:00a 0.0 17.1 0.01 1.8 22.0 2:50p S 17 84.3 97.0 6:20p 67.9 6:10a 0.0 19.3 0.00 1.4 18.0 11:10a SW 18 87.4 101.2 4:20p 70.7 6:10a 0.0 22.4 0.00 1.7 16.0 1:40p SSW 19 89.8 103.3 5:00p 75.1 7:00a 0.0 24.8 0.00 1.7 22.0 6:40p SSW 20 86.6 101.3 4:40p 71.3 6:00a 0.0 21.6 0.00 2.8 17.0 12:20p S 21 81.9 95.6 1:30p 71.4 12:00m 0.0 16.9 0.21 2.7 33.0 4:40p W 22 79.3 93.3 5:30p 66.7 4:10a 0.0 14.3 0.00 2.9 22.0 7:30p SSW 23 80.2 94.0 4:40p 68.3 6:30a 0.0 15.2 0.00 2.8 28.0 6:50p SSW 24 72.5 83.6 5:10p 65.9 5:50a 0.0 7.5 0.41 1.7 18.0 5:10p N 25 73.3 84.4 12:50p 64.2 11:50p 0.0 8.3 0.19 2.4 21.0 11:00p E 26 70.4 80.2 12:30p 64.1 12:10a 0.2 5.6 0.39 2.5 16.0 1:30p N 27 78.8 92.7 5:30p 67.1 6:40a 0.0 13.8 0.00 1.3 20.0 8:00p S 28 78.5 91.9 1:50p 69.1 6:50a 0.0 13.5 0.00 1.8 32.0 4:10p SSW 29 75.5 86.0 2:00p 68.4 5:30a 0.0 10.5 0.22 1.4 17.0 5:50p E 30 78.6 91.6 4:30p 66.4 6:50a 0.0 13.6 0.00 2.6 15.0 7:50p SSW 31 72.9 85.0 3:10p 67.7 12:00m 0.0 7.9 0.12 1.2 17.0 3:30p S ------------------------------------------------------------------------------------- 80.0 103.3 19 63.4 5 0.4 464.0 2.25 2.5 34.0 6 SSW Max >= 90.0: 24 Max <= 32.0: 0 Min <= 32.0: 0 Min <= 0.0: 0 Max Rain: 0.41 ON 07/24/10 Days of Rain: 11 (>.01 in) 10 (>.1 in) 0 (>1 in) Heat Base: 65.0 Cool Base: 65.0 Method: Integration