NOAA-style Climate Reports

- as reported from this site (LasCruces-Weather.com) beginning 04-03-07

2023: Jan | Feb | Mar | Apr | May | Jun | Jul | Aug | Sep | Oct | Nov | Dec 
2022: Jan | Feb | Mar | Apr | May | Jun | Jul | Aug | Sep | Oct | Nov | Dec 
2021: Jan | Feb | Mar | Apr | May | Jun | Jul | Aug | Sep | Oct | Nov | Dec 
2020: Jan | Feb | Mar | Apr | May | Jun | Jul | Aug | Sep | Oct | Nov | Dec 
2019: Jan | Feb | Mar | Apr | May | Jun | Jul | Aug | Sep | Oct | Nov | Dec 
2018: Jan | Feb | Mar | Apr | May | Jun | Jul | Aug | Sep | Oct | Nov | Dec 
2017: Jan | Feb | Mar | Apr | May | Jun | Jul | Aug | Sep | Oct | Nov | Dec 
2016: Jan | Feb | Mar | Apr | May | Jun | Jul | Aug | Sep | Oct | Nov | Dec 
2015: Jan | Feb | Mar | Apr | May | Jun | Jul | Aug | Sep | Oct | Nov | Dec 
2014: Jan | Feb | Mar | Apr | May | Jun | Jul | Aug | Sep | Oct | Nov | Dec 
2013: Jan | Feb | Mar | Apr | May | Jun | Jul | Aug | Sep | Oct | Nov | Dec 
2012: Jan | Feb | Mar | Apr | May | Jun | Jul | Aug | Sep | Oct | Nov | Dec 
2011: Jan | Feb | Mar | Apr | May | Jun | Jul | Aug | Sep | Oct | Nov | Dec 
2010: Jan | Feb | Mar | Apr | May | Jun | Jul | Aug | Sep | Oct | Nov | Dec 
2009: Jan | Feb | Mar | Apr | May | Jun | Jul | Aug | Sep | Oct | Nov | Dec 
2008: Jan | Feb | Mar | Apr | May | Jun | Jul | Aug | Sep | Oct | Nov | Dec 
2007: Jan | Feb | Mar | Apr | May | Jun | Jul | Aug | Sep | Oct | Nov | Dec 

Report for 2010 06
MONTHLY CLIMATOLOGICAL SUMMARY for JUN. 2010 NAME: C32 CITY: Las Cruces|East Mesa STATE: NM ELEV: 4474 ft LAT: 32 24' 08" N LONG: 106 41' 01" W TEMPERATURE (F), RAIN (in), WIND SPEED (mph) HEAT COOL AVG MEAN DEG DEG WIND DOM DAY TEMP HIGH TIME LOW TIME DAYS DAYS RAIN SPEED HIGH TIME DIR ------------------------------------------------------------------------------------ 1 81.0 93.6 4:30p 70.0 6:50a 0.0 16.0 0.00 3.0 23.0 5:20p S 2 77.5 91.8 5:00p 59.1 6:00a 0.6 13.1 0.00 3.0 28.0 1:40p SW 3 80.2 96.7 4:10p 59.8 5:50a 0.4 15.6 0.00 1.9 16.0 4:40p SSE 4 82.7 99.8 4:40p 62.4 5:10a 0.2 17.9 0.00 1.7 16.0 6:50p SSE 5 87.6 105.3 4:40p 66.1 5:50a 0.0 22.6 0.00 2.0 20.0 4:40p SSE 6 86.9 108.2 3:00p 67.0 6:20a 0.0 21.9 0.00 3.1 35.0 5:00p SE 7 86.9 101.0 5:10p 76.2 7:00a 0.0 21.9 0.03 5.5 33.0 3:20a E 8 86.6 102.0 5:30p 72.7 6:30a 0.0 21.6 0.00 3.2 25.0 1:00a S 9 86.1 102.8 4:40p 67.2 6:20a 0.0 21.1 0.00 1.7 17.0 7:10p S 10 83.5 96.3 4:20p 70.2 5:50a 0.0 18.5 0.00 5.3 24.0 2:00p SW 11 80.9 93.7 4:40p 69.4 6:30a 0.0 15.9 0.00 4.8 24.0 2:00p SW 12 79.6 95.0 4:40p 64.9 3:20a 0.0 14.6 0.00 6.2 29.0 3:50p SSW 13 75.2 87.8 4:10p 60.4 6:30a 0.3 10.5 0.00 3.0 22.0 4:20p WSW 14 74.8 89.9 4:00p 54.5 6:40a 1.7 11.5 0.00 2.9 22.0 2:10p SW 15 79.1 95.7 4:30p 58.2 6:30a 0.8 14.9 0.00 2.3 21.0 4:00p SSW 16 86.0 100.3 4:20p 69.3 6:30a 0.0 21.0 0.00 4.3 23.0 4:30p S 17 84.2 99.0 4:40p 67.0 5:50a 0.0 19.2 0.00 2.1 21.0 3:40p S 18 84.5 102.6 4:00p 60.1 5:20a 0.3 19.9 0.00 1.9 23.0 3:20p E 19 88.1 102.6 4:10p 73.4 6:40a 0.0 23.1 0.00 2.9 24.0 1:00p S 20 87.7 102.3 3:10p 69.3 6:10a 0.0 22.7 0.00 1.7 20.0 4:00p WSW 21 86.8 101.4 5:00p 67.9 6:10a 0.0 21.8 0.00 2.1 27.0 9:50p SW 22 87.2 99.9 6:00p 75.1 3:00a 0.0 22.2 0.03 2.0 21.0 10:30p SSW 23 86.3 103.6 3:50p 72.9 7:20a 0.0 21.3 0.00 3.7 37.0 9:30p ESE 24 83.2 96.0 4:40p 71.9 12:00m 0.0 18.2 0.00 3.7 23.0 8:50p SSW 25 82.7 97.9 5:30p 65.0 6:10a 0.0 17.7 0.00 3.1 22.0 6:30p SW 26 80.7 91.6 2:20p 71.0 6:20a 0.0 15.7 0.00 2.0 25.0 4:30p NNE 27 83.6 99.3 4:30p 64.9 6:00a 0.0 18.6 0.00 2.8 30.0 9:40p SW 28 79.1 94.9 2:30p 64.3 11:40p 0.0 14.1 0.25 2.8 28.0 7:10p E 29 75.9 89.0 3:30p 61.1 6:20a 0.3 11.3 0.00 5.0 29.0 10:50p E 30 77.2 88.7 4:50p 67.6 6:20a 0.0 11.6 0.00 5.8 37.0 2:20a E ------------------------------------------------------------------------------------- 82.7 108.2 6 54.5 14 4.6 536.0 0.31 3.2 37.0 23 SW Max >= 90.0: 26 Max <= 32.0: 0 Min <= 32.0: 0 Min <= 0.0: 0 Max Rain: 0.25 ON 06/28/10 Days of Rain: 3 (>.01 in) 1 (>.1 in) 0 (>1 in) Heat Base: 65.0 Cool Base: 65.0 Method: Integration