NOAA-style Climate Reports

- as reported from this site (LasCruces-Weather.com) beginning 04-03-07

2023: Jan | Feb | Mar | Apr | May | Jun | Jul | Aug | Sep | Oct | Nov | Dec 
2022: Jan | Feb | Mar | Apr | May | Jun | Jul | Aug | Sep | Oct | Nov | Dec 
2021: Jan | Feb | Mar | Apr | May | Jun | Jul | Aug | Sep | Oct | Nov | Dec 
2020: Jan | Feb | Mar | Apr | May | Jun | Jul | Aug | Sep | Oct | Nov | Dec 
2019: Jan | Feb | Mar | Apr | May | Jun | Jul | Aug | Sep | Oct | Nov | Dec 
2018: Jan | Feb | Mar | Apr | May | Jun | Jul | Aug | Sep | Oct | Nov | Dec 
2017: Jan | Feb | Mar | Apr | May | Jun | Jul | Aug | Sep | Oct | Nov | Dec 
2016: Jan | Feb | Mar | Apr | May | Jun | Jul | Aug | Sep | Oct | Nov | Dec 
2015: Jan | Feb | Mar | Apr | May | Jun | Jul | Aug | Sep | Oct | Nov | Dec 
2014: Jan | Feb | Mar | Apr | May | Jun | Jul | Aug | Sep | Oct | Nov | Dec 
2013: Jan | Feb | Mar | Apr | May | Jun | Jul | Aug | Sep | Oct | Nov | Dec 
2012: Jan | Feb | Mar | Apr | May | Jun | Jul | Aug | Sep | Oct | Nov | Dec 
2011: Jan | Feb | Mar | Apr | May | Jun | Jul | Aug | Sep | Oct | Nov | Dec 
2010: Jan | Feb | Mar | Apr | May | Jun | Jul | Aug | Sep | Oct | Nov | Dec 
2009: Jan | Feb | Mar | Apr | May | Jun | Jul | Aug | Sep | Oct | Nov | Dec 
2008: Jan | Feb | Mar | Apr | May | Jun | Jul | Aug | Sep | Oct | Nov | Dec 
2007: Jan | Feb | Mar | Apr | May | Jun | Jul | Aug | Sep | Oct | Nov | Dec 

Report for 2010 05
MONTHLY CLIMATOLOGICAL SUMMARY for MAY. 2010 NAME: C32 CITY: Las Cruces|East Mesa STATE: NM ELEV: 4474 ft LAT: 32 24' 08" N LONG: 106 41' 01" W TEMPERATURE (F), RAIN (in), WIND SPEED (mph) HEAT COOL AVG MEAN DEG DEG WIND DOM DAY TEMP HIGH TIME LOW TIME DAYS DAYS RAIN SPEED HIGH TIME DIR ------------------------------------------------------------------------------------ 1 52.9 63.9 3:20p 39.8 6:00a 12.1 0.0 0.00 4.0 23.0 5:30p WSW 2 53.4 66.8 2:10p 44.9 4:10a 11.6 0.0 0.00 7.4 30.0 4:00p WSW 3 55.9 73.9 5:10p 35.2 6:10a 11.0 1.8 0.00 2.6 18.0 1:50p SW 4 69.1 86.4 4:20p 50.2 6:50a 3.8 7.9 0.00 4.1 20.0 4:30p SW 5 73.7 90.6 4:40p 55.8 5:00a 1.8 10.5 0.00 3.8 24.0 3:50p SW 6 74.5 90.0 3:10p 57.6 6:30a 1.1 10.6 0.00 5.5 28.0 3:10p WSW 7 72.6 88.4 4:30p 53.9 6:10a 1.9 9.5 0.00 2.3 22.0 3:30p S 8 70.1 81.2 2:50p 57.3 12:00m 0.9 6.1 0.00 2.4 19.0 1:30p E 9 71.1 89.0 4:20p 49.5 6:40a 3.8 9.9 0.00 4.7 25.0 3:20p SW 10 71.3 81.6 5:00p 59.4 3:50a 0.6 6.9 0.00 8.6 32.0 1:20p WSW 11 71.5 86.9 3:50p 53.8 6:40a 2.2 8.6 0.00 7.2 31.0 5:10p SW 12 63.2 72.5 4:10p 51.0 6:20a 3.9 2.1 0.00 5.9 29.0 3:10p WSW 13 65.2 81.7 4:20p 43.1 6:10a 5.6 5.8 0.00 1.9 24.0 3:20p E 14 71.3 84.5 2:50p 55.0 6:30a 1.7 7.9 0.00 4.6 26.0 6:00p SW 15 66.7 82.0 5:00p 49.7 6:30a 3.9 5.6 0.00 1.5 17.0 3:40p SW 16 69.5 85.5 3:20p 46.4 6:40a 3.7 8.2 0.00 1.4 22.0 1:30p ESE 17 74.7 89.9 4:10p 57.0 6:20a 1.6 11.2 0.00 2.3 19.0 2:20p S 18 73.7 87.2 3:00p 57.8 4:30a 1.2 9.9 0.00 4.8 27.0 2:40p SW 19 71.4 85.5 3:30p 52.4 6:30a 1.9 8.4 0.00 4.7 25.0 6:40p WSW 20 72.4 89.7 5:00p 53.1 6:40a 2.7 10.1 0.00 1.6 21.0 1:00p SW 21 78.1 94.0 4:30p 59.0 5:10a 1.2 14.2 0.00 3.1 24.0 2:10p SW 22 77.0 90.5 3:50p 61.5 6:30a 0.2 12.2 0.00 4.9 26.0 2:50p SW 23 75.2 89.3 4:10p 59.4 6:40a 0.7 10.8 0.00 4.2 24.0 11:30a SW 24 68.8 78.8 3:40p 58.0 6:20a 1.3 5.1 0.00 4.1 22.0 1:20p WSW 25 70.7 87.6 4:50p 50.0 5:50a 3.3 9.0 0.00 1.8 19.0 2:10p E 26 76.7 94.3 3:50p 54.7 5:40a 2.0 13.8 0.00 3.4 23.0 1:20p ESE 27 83.6 96.1 3:40p 70.9 4:00a 0.0 18.6 0.00 6.6 32.0 11:10p S 28 82.0 96.2 4:30p 67.1 3:50a 0.0 17.0 0.00 2.9 22.0 10:40a S 29 81.4 95.8 3:40p 65.1 7:00a 0.0 16.4 0.00 3.1 21.0 4:10p WSW 30 78.7 94.3 4:40p 60.0 6:40a 0.4 14.0 0.00 2.6 32.0 5:00p WSW 31 79.0 95.4 3:50p 57.3 6:00a 0.7 14.7 0.00 2.2 24.0 5:40p WSW ------------------------------------------------------------------------------------- 71.5 96.2 28 35.2 3 86.8 286.8 0.00 3.9 32.0 10 SW Max >= 90.0: 10 Max <= 32.0: 0 Min <= 32.0: 0 Min <= 0.0: 0 Max Rain: 0.00 ON 05/01/10 Days of Rain: 0 (>.01 in) 0 (>.1 in) 0 (>1 in) Heat Base: 65.0 Cool Base: 65.0 Method: Integration