NOAA-style Climate Reports

- as reported from this site (LasCruces-Weather.com) beginning 04-03-07

2023: Jan | Feb | Mar | Apr | May | Jun | Jul | Aug | Sep | Oct | Nov | Dec 
2022: Jan | Feb | Mar | Apr | May | Jun | Jul | Aug | Sep | Oct | Nov | Dec 
2021: Jan | Feb | Mar | Apr | May | Jun | Jul | Aug | Sep | Oct | Nov | Dec 
2020: Jan | Feb | Mar | Apr | May | Jun | Jul | Aug | Sep | Oct | Nov | Dec 
2019: Jan | Feb | Mar | Apr | May | Jun | Jul | Aug | Sep | Oct | Nov | Dec 
2018: Jan | Feb | Mar | Apr | May | Jun | Jul | Aug | Sep | Oct | Nov | Dec 
2017: Jan | Feb | Mar | Apr | May | Jun | Jul | Aug | Sep | Oct | Nov | Dec 
2016: Jan | Feb | Mar | Apr | May | Jun | Jul | Aug | Sep | Oct | Nov | Dec 
2015: Jan | Feb | Mar | Apr | May | Jun | Jul | Aug | Sep | Oct | Nov | Dec 
2014: Jan | Feb | Mar | Apr | May | Jun | Jul | Aug | Sep | Oct | Nov | Dec 
2013: Jan | Feb | Mar | Apr | May | Jun | Jul | Aug | Sep | Oct | Nov | Dec 
2012: Jan | Feb | Mar | Apr | May | Jun | Jul | Aug | Sep | Oct | Nov | Dec 
2011: Jan | Feb | Mar | Apr | May | Jun | Jul | Aug | Sep | Oct | Nov | Dec 
2010: Jan | Feb | Mar | Apr | May | Jun | Jul | Aug | Sep | Oct | Nov | Dec 
2009: Jan | Feb | Mar | Apr | May | Jun | Jul | Aug | Sep | Oct | Nov | Dec 
2008: Jan | Feb | Mar | Apr | May | Jun | Jul | Aug | Sep | Oct | Nov | Dec 
2007: Jan | Feb | Mar | Apr | May | Jun | Jul | Aug | Sep | Oct | Nov | Dec 

Report for 2010 04
MONTHLY CLIMATOLOGICAL SUMMARY for APR. 2010 NAME: C32 CITY: Las Cruces|East Mesa STATE: NM ELEV: 4474 ft LAT: 32 24' 08" N LONG: 106 41' 01" W TEMPERATURE (F), RAIN (in), WIND SPEED (mph) HEAT COOL AVG MEAN DEG DEG WIND DOM DAY TEMP HIGH TIME LOW TIME DAYS DAYS RAIN SPEED HIGH TIME DIR ------------------------------------------------------------------------------------ 1 61.3 74.2 2:00p 49.5 10:40p 5.2 1.6 0.00 9.5 42.0 2:00p SW 2 52.1 63.0 5:00p 42.2 7:30a 12.9 0.0 0.00 5.1 27.0 1:40p SW 3 58.4 74.7 4:00p 42.8 2:30a 8.8 2.2 0.00 3.7 21.0 5:50p SW 4 64.8 79.4 4:50p 50.5 7:20a 4.5 4.4 0.00 3.8 21.0 1:20p S 5 67.9 83.1 4:10p 52.0 6:50a 3.2 6.0 0.00 7.1 31.0 5:00p SW 6 62.0 71.8 3:50p 51.0 7:20a 4.4 1.5 0.00 9.5 36.0 12:30p WSW 7 51.5 65.6 4:40p 34.7 6:00a 13.5 0.0 0.00 4.4 23.0 9:40a N 8 54.4 70.2 3:00p 32.9 7:10a 11.6 1.1 0.00 1.5 18.0 1:00p S 9 62.2 80.5 3:40p 40.3 5:40a 7.4 4.6 0.00 2.5 20.0 4:20p SW 10 65.7 80.2 4:10p 50.4 7:00a 4.3 5.0 0.00 3.5 23.0 4:50p WSW 11 64.5 82.1 3:50p 43.8 6:50a 6.2 5.7 0.00 1.7 17.0 3:40p ESE 12 68.7 83.6 3:20p 53.5 5:40a 2.9 6.6 0.00 3.8 24.0 2:00p S 13 67.4 80.5 4:10p 52.6 7:10a 2.6 5.0 0.00 5.5 25.0 5:40p SW 14 65.9 81.2 3:30p 47.9 7:10a 4.3 5.2 0.00 1.4 24.0 4:40p SE 15 66.2 80.8 4:10p 47.1 7:10a 4.3 5.6 0.00 1.2 16.0 5:00p W 16 64.7 80.5 2:10p 48.0 6:50a 4.5 4.2 0.01 4.3 32.0 8:30p E 17 60.1 71.4 3:10p 52.3 8:20a 6.0 1.1 0.07 2.0 22.0 12:50a SSW 18 61.1 75.7 5:00p 47.7 6:00a 6.3 2.4 0.00 2.5 21.0 7:00p SW 19 60.4 73.8 3:40p 49.3 6:40a 6.2 1.6 0.00 3.1 24.0 5:10p S 20 62.9 77.8 4:30p 47.4 5:30a 5.8 3.7 0.00 1.4 19.0 7:20p SW 21 68.4 81.3 5:30p 56.5 3:30a 2.3 5.7 0.00 4.2 25.0 2:40p SSW 22 52.9 65.5 12:10a 41.1 12:00m 12.1 0.0 0.17 5.2 35.0 6:50p WSW 23 48.6 57.6 5:50p 40.3 1:20a 16.4 0.0 0.00 8.7 27.0 12:00p WSW 24 58.0 74.1 4:30p 40.7 6:20a 9.0 2.0 0.00 5.0 24.0 12:30a SW 25 62.8 78.7 3:50p 42.6 6:50a 6.4 4.2 0.00 2.3 24.0 4:50p SW 26 66.1 82.1 4:40p 46.0 6:30a 4.8 5.9 0.00 1.4 21.0 6:20p SSE 27 65.9 78.7 4:20p 52.7 7:00a 2.9 3.8 0.00 1.8 33.0 12:50p S 28 69.7 83.1 5:20p 54.4 3:40a 2.3 7.0 0.00 6.2 28.0 2:20p SSW 29 68.4 79.8 3:00p 55.0 12:00m 1.8 5.1 0.00 13.4 45.0 6:20p SW 30 52.6 61.7 2:50p 42.9 12:00m 12.4 0.0 0.00 7.3 30.0 4:00p W ------------------------------------------------------------------------------------- 61.9 83.6 12 32.9 8 195.3 101.2 0.25 4.4 45.0 29 SW Max >= 90.0: 0 Max <= 32.0: 0 Min <= 32.0: 0 Min <= 0.0: 0 Max Rain: 0.17 ON 04/22/10 Days of Rain: 2 (>.01 in) 1 (>.1 in) 0 (>1 in) Heat Base: 65.0 Cool Base: 65.0 Method: Integration