NOAA-style Climate Reports

- as reported from this site (LasCruces-Weather.com) beginning 04-03-07

2023: Jan | Feb | Mar | Apr | May | Jun | Jul | Aug | Sep | Oct | Nov | Dec 
2022: Jan | Feb | Mar | Apr | May | Jun | Jul | Aug | Sep | Oct | Nov | Dec 
2021: Jan | Feb | Mar | Apr | May | Jun | Jul | Aug | Sep | Oct | Nov | Dec 
2020: Jan | Feb | Mar | Apr | May | Jun | Jul | Aug | Sep | Oct | Nov | Dec 
2019: Jan | Feb | Mar | Apr | May | Jun | Jul | Aug | Sep | Oct | Nov | Dec 
2018: Jan | Feb | Mar | Apr | May | Jun | Jul | Aug | Sep | Oct | Nov | Dec 
2017: Jan | Feb | Mar | Apr | May | Jun | Jul | Aug | Sep | Oct | Nov | Dec 
2016: Jan | Feb | Mar | Apr | May | Jun | Jul | Aug | Sep | Oct | Nov | Dec 
2015: Jan | Feb | Mar | Apr | May | Jun | Jul | Aug | Sep | Oct | Nov | Dec 
2014: Jan | Feb | Mar | Apr | May | Jun | Jul | Aug | Sep | Oct | Nov | Dec 
2013: Jan | Feb | Mar | Apr | May | Jun | Jul | Aug | Sep | Oct | Nov | Dec 
2012: Jan | Feb | Mar | Apr | May | Jun | Jul | Aug | Sep | Oct | Nov | Dec 
2011: Jan | Feb | Mar | Apr | May | Jun | Jul | Aug | Sep | Oct | Nov | Dec 
2010: Jan | Feb | Mar | Apr | May | Jun | Jul | Aug | Sep | Oct | Nov | Dec 
2009: Jan | Feb | Mar | Apr | May | Jun | Jul | Aug | Sep | Oct | Nov | Dec 
2008: Jan | Feb | Mar | Apr | May | Jun | Jul | Aug | Sep | Oct | Nov | Dec 
2007: Jan | Feb | Mar | Apr | May | Jun | Jul | Aug | Sep | Oct | Nov | Dec 

Report for 2010 03
MONTHLY CLIMATOLOGICAL SUMMARY for MAR. 2010 NAME: C32 CITY: Las Cruces|East Mesa STATE: NM ELEV: 4474 ft LAT: 32 24' 08" N LONG: 106 41' 01" W TEMPERATURE (F), RAIN (in), WIND SPEED (mph) HEAT COOL AVG MEAN DEG DEG WIND DOM DAY TEMP HIGH TIME LOW TIME DAYS DAYS RAIN SPEED HIGH TIME DIR ------------------------------------------------------------------------------------ 1 43.9 55.6 3:40p 33.2 7:00a 21.1 0.0 0.00 2.1 24.0 11:40a NNW 2 44.3 59.5 3:40p 30.1 7:00a 20.7 0.0 0.00 0.6 13.0 3:20p SE 3 50.4 67.5 3:30p 31.5 7:00a 14.8 0.2 0.00 1.1 16.0 4:50p SE 4 56.9 70.2 2:40p 43.9 7:00a 9.0 0.9 0.00 3.0 23.0 3:00p SW 5 53.8 66.9 3:30p 41.8 7:00a 11.3 0.2 0.00 3.0 22.0 3:20p SW 6 54.5 71.2 3:10p 35.6 5:30a 11.3 0.8 0.00 2.9 21.0 8:30p S 7 59.2 71.8 2:50p 47.2 7:00a 6.8 0.9 0.03 3.9 25.0 11:30a S 8 46.3 54.0 3:50p 39.3 12:00m 18.7 0.0 0.00 9.2 32.0 2:50p WSW 9 48.4 62.6 4:10p 35.9 6:40a 16.6 0.0 0.00 6.9 26.0 4:50p SSW 10 43.4 56.0 2:00p 33.2 6:40a 21.6 0.0 0.00 9.0 29.0 3:20p WSW 11 44.6 56.5 3:30p 34.4 4:20a 20.4 0.0 0.00 5.0 20.0 1:10p NNW 12 48.1 63.9 4:30p 31.4 5:00a 16.9 0.0 0.00 1.1 12.0 9:40a ENE 13 55.6 72.6 2:20p 37.7 6:30a 10.8 1.4 0.00 3.5 21.0 3:10p SSW 14 54.1 66.7 3:10p 40.8 12:00m 10.5 0.0 0.00 4.8 25.0 5:00p WSW 15 43.4 54.7 6:30p 34.6 7:40a 21.6 0.0 0.00 2.8 16.0 10:10a N 16 46.4 63.9 5:10p 30.1 7:40a 18.6 0.0 0.00 0.6 12.0 11:50a ESE 17 52.8 68.5 5:00p 37.7 7:30a 12.7 0.5 0.00 0.6 14.0 4:50p SSE 18 56.8 74.4 4:00p 37.5 8:00a 10.3 2.2 0.00 2.9 24.0 10:50a S 19 54.7 67.9 3:10p 44.7 7:40a 10.6 0.3 0.00 5.5 35.0 5:30p WSW 20 41.1 51.8 5:00p 28.1 7:40a 23.9 0.0 0.00 4.9 37.0 12:00p N 21 45.2 64.2 4:30p 24.9 7:20a 19.8 0.0 0.00 0.8 13.0 2:50p SE 22 55.7 72.9 5:00p 38.8 7:50a 10.9 1.6 0.00 2.0 18.0 2:50p SW 23 56.7 66.7 11:10a 50.2 11:40p 8.3 0.1 0.00 4.8 24.0 11:50a S 24 50.6 60.5 4:30p 37.8 7:20a 14.4 0.0 0.00 4.7 30.0 5:20p N 25 51.3 67.9 5:00p 32.3 7:10a 14.1 0.3 0.00 2.3 18.0 3:10p SSW 26 59.0 75.4 1:40p 46.6 7:10a 7.8 1.8 0.00 9.9 48.0 5:10p W 27 50.3 61.0 2:50p 36.3 7:30a 14.7 0.0 0.00 3.9 24.0 4:10p N 28 49.0 64.6 4:10p 32.0 5:50a 16.0 0.0 0.00 0.9 13.0 1:40p SW 29 55.2 74.0 4:30p 36.8 6:50a 11.7 1.9 0.00 1.2 14.0 2:40p S 30 64.0 81.2 4:00p 44.5 7:40a 6.1 5.1 0.00 4.8 26.0 2:20p WSW 31 67.2 81.3 4:10p 50.7 7:20a 3.2 5.4 0.00 5.7 26.0 3:10p SW ------------------------------------------------------------------------------------- 51.7 81.3 31 24.9 21 435.2 23.6 0.03 3.7 48.0 26 WSW Max >= 90.0: 0 Max <= 32.0: 0 Min <= 32.0: 7 Min <= 0.0: 0 Max Rain: 0.03 ON 03/07/10 Days of Rain: 1 (>.01 in) 0 (>.1 in) 0 (>1 in) Heat Base: 65.0 Cool Base: 65.0 Method: Integration