NOAA-style Climate Reports

- as reported from this site (LasCruces-Weather.com) beginning 04-03-07

2023: Jan | Feb | Mar | Apr | May | Jun | Jul | Aug | Sep | Oct | Nov | Dec 
2022: Jan | Feb | Mar | Apr | May | Jun | Jul | Aug | Sep | Oct | Nov | Dec 
2021: Jan | Feb | Mar | Apr | May | Jun | Jul | Aug | Sep | Oct | Nov | Dec 
2020: Jan | Feb | Mar | Apr | May | Jun | Jul | Aug | Sep | Oct | Nov | Dec 
2019: Jan | Feb | Mar | Apr | May | Jun | Jul | Aug | Sep | Oct | Nov | Dec 
2018: Jan | Feb | Mar | Apr | May | Jun | Jul | Aug | Sep | Oct | Nov | Dec 
2017: Jan | Feb | Mar | Apr | May | Jun | Jul | Aug | Sep | Oct | Nov | Dec 
2016: Jan | Feb | Mar | Apr | May | Jun | Jul | Aug | Sep | Oct | Nov | Dec 
2015: Jan | Feb | Mar | Apr | May | Jun | Jul | Aug | Sep | Oct | Nov | Dec 
2014: Jan | Feb | Mar | Apr | May | Jun | Jul | Aug | Sep | Oct | Nov | Dec 
2013: Jan | Feb | Mar | Apr | May | Jun | Jul | Aug | Sep | Oct | Nov | Dec 
2012: Jan | Feb | Mar | Apr | May | Jun | Jul | Aug | Sep | Oct | Nov | Dec 
2011: Jan | Feb | Mar | Apr | May | Jun | Jul | Aug | Sep | Oct | Nov | Dec 
2010: Jan | Feb | Mar | Apr | May | Jun | Jul | Aug | Sep | Oct | Nov | Dec 
2009: Jan | Feb | Mar | Apr | May | Jun | Jul | Aug | Sep | Oct | Nov | Dec 
2008: Jan | Feb | Mar | Apr | May | Jun | Jul | Aug | Sep | Oct | Nov | Dec 
2007: Jan | Feb | Mar | Apr | May | Jun | Jul | Aug | Sep | Oct | Nov | Dec 

Report for 2010 02
MONTHLY CLIMATOLOGICAL SUMMARY for FEB. 2010 NAME: C32 CITY: Las Cruces|East Mesa STATE: NM ELEV: 4474 ft LAT: 32 24' 08" N LONG: 106 41' 01" W TEMPERATURE (F), RAIN (in), WIND SPEED (mph) HEAT COOL AVG MEAN DEG DEG WIND DOM DAY TEMP HIGH TIME LOW TIME DAYS DAYS RAIN SPEED HIGH TIME DIR ------------------------------------------------------------------------------------ 1 47.6 59.0 4:00p 37.0 6:30a 17.4 0.0 0.00 1.0 18.0 2:30p SW 2 47.1 60.6 4:00p 33.1 7:30a 17.9 0.0 0.00 3.2 30.0 10:50p E 3 43.8 48.3 1:50a 40.3 8:20a 21.2 0.0 0.23 5.7 35.0 8:50a E 4 43.9 54.3 4:00p 37.1 8:30a 21.1 0.0 0.03 1.5 17.0 2:00p NNW 5 46.6 59.3 3:50p 34.9 6:50a 18.4 0.0 0.00 1.1 14.0 1:30p SSE 6 48.2 61.6 3:50p 35.7 5:30a 16.8 0.0 0.00 1.3 15.0 3:50p SW 7 49.6 60.9 3:00p 40.3 12:00m 15.4 0.0 0.00 5.1 29.0 3:00p S 8 42.5 52.1 3:20p 31.6 7:40a 22.5 0.0 0.00 0.7 19.0 2:20p W 9 42.0 54.6 2:50p 30.5 5:00a 23.0 0.0 0.00 0.9 20.0 1:20p S 10 43.3 54.9 12:40p 32.8 7:40a 21.7 0.0 0.07 1.3 17.0 1:00p NNW 11 44.7 54.9 4:20p 36.9 12:00m 20.3 0.0 0.01 3.0 17.0 1:30p N 12 43.3 56.3 3:40p 29.4 7:10a 21.7 0.0 0.00 1.2 16.0 12:50p SSE 13 44.7 61.5 3:10p 29.0 6:50a 20.3 0.0 0.00 1.7 15.0 3:40p N 14 45.7 60.8 2:40p 31.6 7:20a 19.3 0.0 0.00 1.9 19.0 12:00m N 15 40.2 51.3 4:00p 29.8 7:30a 24.8 0.0 0.00 1.0 20.0 12:30a SW 16 41.3 55.7 3:20p 26.8 7:10a 23.7 0.0 0.00 0.4 9.0 2:30p SSW 17 45.3 60.5 2:20p 29.8 5:10a 19.7 0.0 0.00 0.9 15.0 1:20p SE 18 51.2 67.1 2:10p 34.6 4:30a 13.9 0.1 0.00 2.3 22.0 1:40p SW 19 51.5 63.9 2:30p 39.9 7:10a 13.5 0.0 0.00 3.3 21.0 12:50p S 20 50.4 64.0 2:50p 39.0 11:30p 14.6 0.0 0.00 7.8 35.0 4:50p SW 21 47.2 57.1 3:00p 38.2 1:10a 17.8 0.0 0.00 5.5 25.0 12:50p WSW 22 44.8 54.7 3:00p 34.1 12:00m 20.2 0.0 0.00 5.9 30.0 2:40p WSW 23 35.0 47.4 4:30p 22.0 7:00a 30.0 0.0 0.00 4.4 24.0 1:30p N 24 40.0 55.1 4:10p 23.5 6:40a 25.0 0.0 0.00 1.7 15.0 1:30p SSW 25 50.0 60.7 2:30p 39.2 11:50p 15.0 0.0 0.00 4.3 21.0 2:50p SSW 26 43.6 57.9 2:40p 28.8 6:50a 21.4 0.0 0.00 2.1 18.0 2:00p NNE 27 48.6 62.8 2:30p 30.6 7:10a 16.4 0.0 0.00 2.2 23.0 1:20p SSW 28 45.4 54.5 2:30a 38.3 12:00m 19.6 0.0 0.12 6.1 34.0 9:00a WSW ------------------------------------------------------------------------------------- 45.3 67.1 18 22.0 23 552.6 0.1 0.46 2.8 35.0 3 SSW Max >= 90.0: 0 Max <= 32.0: 0 Min <= 32.0: 12 Min <= 0.0: 0 Max Rain: 0.23 ON 02/03/10 Days of Rain: 4 (>.01 in) 2 (>.1 in) 0 (>1 in) Heat Base: 65.0 Cool Base: 65.0 Method: Integration