NOAA-style Climate Reports

- as reported from this site (LasCruces-Weather.com) beginning 04-03-07

2023: Jan | Feb | Mar | Apr | May | Jun | Jul | Aug | Sep | Oct | Nov | Dec 
2022: Jan | Feb | Mar | Apr | May | Jun | Jul | Aug | Sep | Oct | Nov | Dec 
2021: Jan | Feb | Mar | Apr | May | Jun | Jul | Aug | Sep | Oct | Nov | Dec 
2020: Jan | Feb | Mar | Apr | May | Jun | Jul | Aug | Sep | Oct | Nov | Dec 
2019: Jan | Feb | Mar | Apr | May | Jun | Jul | Aug | Sep | Oct | Nov | Dec 
2018: Jan | Feb | Mar | Apr | May | Jun | Jul | Aug | Sep | Oct | Nov | Dec 
2017: Jan | Feb | Mar | Apr | May | Jun | Jul | Aug | Sep | Oct | Nov | Dec 
2016: Jan | Feb | Mar | Apr | May | Jun | Jul | Aug | Sep | Oct | Nov | Dec 
2015: Jan | Feb | Mar | Apr | May | Jun | Jul | Aug | Sep | Oct | Nov | Dec 
2014: Jan | Feb | Mar | Apr | May | Jun | Jul | Aug | Sep | Oct | Nov | Dec 
2013: Jan | Feb | Mar | Apr | May | Jun | Jul | Aug | Sep | Oct | Nov | Dec 
2012: Jan | Feb | Mar | Apr | May | Jun | Jul | Aug | Sep | Oct | Nov | Dec 
2011: Jan | Feb | Mar | Apr | May | Jun | Jul | Aug | Sep | Oct | Nov | Dec 
2010: Jan | Feb | Mar | Apr | May | Jun | Jul | Aug | Sep | Oct | Nov | Dec 
2009: Jan | Feb | Mar | Apr | May | Jun | Jul | Aug | Sep | Oct | Nov | Dec 
2008: Jan | Feb | Mar | Apr | May | Jun | Jul | Aug | Sep | Oct | Nov | Dec 
2007: Jan | Feb | Mar | Apr | May | Jun | Jul | Aug | Sep | Oct | Nov | Dec 

Report for 2009 12
MONTHLY CLIMATOLOGICAL SUMMARY for DEC. 2009 NAME: C32 CITY: Las Cruces|East Mesa STATE: NM ELEV: 4474 ft LAT: 32 24' 08" N LONG: 106 41' 01" W TEMPERATURE (F), RAIN (in), WIND SPEED (mph) HEAT COOL AVG MEAN DEG DEG WIND DOM DAY TEMP HIGH TIME LOW TIME DAYS DAYS RAIN SPEED HIGH TIME DIR ------------------------------------------------------------------------------------ 1 36.9 45.9 3:20p 32.5 5:40a 28.1 0.0 0.13 0.6 10.0 11:30a S 2 40.3 50.3 3:20p 30.0 6:10a 24.7 0.0 0.01 2.8 18.0 12:00p S 3 37.0 48.5 2:00p 28.1 12:00m 28.0 0.0 0.00 2.3 15.0 1:40p SW 4 26.2 34.5 3:40p 14.9 7:10a 38.8 0.0 0.09 1.5 13.0 1:40a NNE 5 34.5 42.8 1:10p 23.3 5:10a 30.5 0.0 0.00 2.3 14.0 12:30p S 6 43.8 53.9 2:10p 34.4 6:40a 21.2 0.0 0.00 3.3 23.0 2:00p S 7 47.9 58.1 2:40p 34.1 4:50a 17.1 0.0 0.00 5.6 30.0 9:10p SSW 8 47.5 52.1 12:10a 39.8 8:00p 17.5 0.0 0.01 13.2 41.0 6:40a W 9 46.3 54.8 2:50p 38.4 12:00m 18.7 0.0 0.00 5.4 24.0 10:20a SW 10 41.1 54.8 3:10p 25.7 6:30a 23.9 0.0 0.00 1.2 11.0 2:50p SSE 11 44.4 59.5 2:30p 29.1 6:00a 20.6 0.0 0.00 1.2 13.0 1:20p SSE 12 48.1 60.0 2:30p 37.6 6:10a 16.9 0.0 0.00 2.6 20.0 12:20p SSE 13 47.7 60.0 1:30p 37.7 5:20a 17.3 0.0 0.00 2.4 21.0 3:00p S 14 47.4 58.2 1:30p 39.7 4:30a 17.6 0.0 0.00 1.1 16.0 4:10p ESE 15 40.3 54.8 3:20p 29.3 7:10a 24.7 0.0 0.00 3.9 17.0 9:20a N 16 40.5 57.7 3:10p 28.1 5:20a 24.5 0.0 0.00 1.5 12.0 11:00a NE 17 41.6 60.0 4:00p 26.9 7:30a 23.4 0.0 0.00 1.1 9.0 6:20a NNE 18 43.0 58.1 2:10p 30.9 7:30a 22.0 0.0 0.00 1.5 11.0 10:10a NE 19 42.9 55.5 3:10p 29.2 7:20a 22.1 0.0 0.00 0.3 7.0 11:00a SE 20 40.5 57.1 2:50p 27.4 7:40a 24.5 0.0 0.00 1.1 11.0 8:30a ESE 21 47.0 56.6 2:00p 31.0 7:30a 18.0 0.0 0.00 0.5 11.0 1:30p S 22 50.4 59.9 3:20p 44.0 4:00a 14.6 0.0 0.00 5.4 27.0 2:10p SSW 23 38.0 45.6 1:20a 30.6 12:00m 27.0 0.0 0.18 4.4 25.0 1:10a WSW 24 35.6 47.7 3:40p 26.4 7:00a 29.4 0.0 0.00 0.6 12.0 1:00p S 25 34.1 47.5 3:40p 23.6 4:20a 30.9 0.0 0.00 0.5 8.0 11:00a ENE 26 32.1 44.5 2:50p 23.2 12:00m 32.9 0.0 0.00 1.9 14.0 10:50a N 27 31.6 47.5 3:20p 20.5 2:30a 33.4 0.0 0.00 1.0 9.0 9:00a NNE 28 34.4 48.5 3:10p 22.6 5:10a 30.6 0.0 0.00 2.2 16.0 5:50a E 29 35.3 38.6 11:50a 32.1 6:20a 29.7 0.0 0.25 1.1 13.0 7:10p S 30 41.5 50.2 2:20p 33.5 6:10a 23.5 0.0 0.01 4.8 24.0 3:30p SSW 31 40.9 48.9 3:00p 27.7 12:00m 24.1 0.0 0.00 3.9 22.0 8:00a NNW ------------------------------------------------------------------------------------- 40.6 60.0 12 14.9 4 756.2 0.0 0.68 2.6 41.0 8 SSW Max >= 90.0: 0 Max <= 32.0: 0 Min <= 32.0: 20 Min <= 0.0: 0 Max Rain: 0.25 ON 12/29/09 Days of Rain: 4 (>.01 in) 3 (>.1 in) 0 (>1 in) Heat Base: 65.0 Cool Base: 65.0 Method: Integration