NOAA-style Climate Reports

- as reported from this site (LasCruces-Weather.com) beginning 04-03-07

2023: Jan | Feb | Mar | Apr | May | Jun | Jul | Aug | Sep | Oct | Nov | Dec 
2022: Jan | Feb | Mar | Apr | May | Jun | Jul | Aug | Sep | Oct | Nov | Dec 
2021: Jan | Feb | Mar | Apr | May | Jun | Jul | Aug | Sep | Oct | Nov | Dec 
2020: Jan | Feb | Mar | Apr | May | Jun | Jul | Aug | Sep | Oct | Nov | Dec 
2019: Jan | Feb | Mar | Apr | May | Jun | Jul | Aug | Sep | Oct | Nov | Dec 
2018: Jan | Feb | Mar | Apr | May | Jun | Jul | Aug | Sep | Oct | Nov | Dec 
2017: Jan | Feb | Mar | Apr | May | Jun | Jul | Aug | Sep | Oct | Nov | Dec 
2016: Jan | Feb | Mar | Apr | May | Jun | Jul | Aug | Sep | Oct | Nov | Dec 
2015: Jan | Feb | Mar | Apr | May | Jun | Jul | Aug | Sep | Oct | Nov | Dec 
2014: Jan | Feb | Mar | Apr | May | Jun | Jul | Aug | Sep | Oct | Nov | Dec 
2013: Jan | Feb | Mar | Apr | May | Jun | Jul | Aug | Sep | Oct | Nov | Dec 
2012: Jan | Feb | Mar | Apr | May | Jun | Jul | Aug | Sep | Oct | Nov | Dec 
2011: Jan | Feb | Mar | Apr | May | Jun | Jul | Aug | Sep | Oct | Nov | Dec 
2010: Jan | Feb | Mar | Apr | May | Jun | Jul | Aug | Sep | Oct | Nov | Dec 
2009: Jan | Feb | Mar | Apr | May | Jun | Jul | Aug | Sep | Oct | Nov | Dec 
2008: Jan | Feb | Mar | Apr | May | Jun | Jul | Aug | Sep | Oct | Nov | Dec 
2007: Jan | Feb | Mar | Apr | May | Jun | Jul | Aug | Sep | Oct | Nov | Dec 

Report for 2009 11
MONTHLY CLIMATOLOGICAL SUMMARY for NOV. 2009 NAME: C32 CITY: Las Cruces|East Mesa STATE: NM ELEV: 4474 ft LAT: 32 24' 08" N LONG: 106 41' 01" W TEMPERATURE (F), RAIN (in), WIND SPEED (mph) HEAT COOL AVG MEAN DEG DEG WIND DOM DAY TEMP HIGH TIME LOW TIME DAYS DAYS RAIN SPEED HIGH TIME DIR ------------------------------------------------------------------------------------ 1 52.2 71.5 2:50p 32.9 7:00a 13.7 0.9 0.00 1.0 11.0 7:50a E 2 56.4 77.4 4:10p 38.7 4:40a 11.1 2.5 0.00 0.9 10.0 8:20a NE 3 56.9 75.6 1:50p 40.3 7:00a 10.2 2.1 0.00 1.3 13.0 1:50p ESE 4 58.7 76.3 3:40p 39.1 5:40a 8.7 2.4 0.00 0.8 10.0 7:30a ESE 5 59.9 76.9 1:10p 45.5 6:20a 7.8 2.7 0.00 1.3 16.0 1:30p ESE 6 58.8 77.6 2:40p 42.4 7:10a 8.8 2.6 0.00 0.8 12.0 1:00p ESE 7 56.3 71.0 1:50p 45.8 3:30a 9.7 1.0 0.00 0.6 10.0 12:40p ESE 8 57.1 73.5 2:40p 38.9 7:20a 9.3 1.5 0.00 0.5 8.0 1:40p SE 9 58.8 76.0 2:30p 41.6 6:20a 8.5 2.3 0.00 0.9 10.0 1:50p ESE 10 57.9 74.1 1:20p 41.9 6:50a 8.6 1.6 0.00 1.2 21.0 1:20p SE 11 57.2 71.2 2:20p 41.2 6:30a 9.0 1.2 0.00 1.2 17.0 1:50p SSW 12 60.7 73.1 3:50p 48.2 6:10a 5.6 1.4 0.00 2.3 18.0 9:20a SSW 13 62.0 71.3 2:00p 52.2 12:00m 4.0 1.0 0.00 5.5 28.0 12:30p WSW 14 56.0 64.1 2:20p 49.8 11:20p 9.0 0.0 0.00 3.7 22.0 2:30p WSW 15 48.0 58.2 1:10p 32.8 12:00m 17.0 0.0 0.00 4.9 25.0 2:50p S 16 39.2 55.4 4:20p 26.3 6:00a 25.8 0.0 0.00 1.5 9.0 12:30a N 17 41.4 60.0 3:30p 24.6 6:20a 23.6 0.0 0.00 0.7 10.0 12:50p ESE 18 47.2 65.1 3:20p 29.5 4:40a 17.8 0.0 0.00 1.0 13.0 3:30p S 19 50.6 67.0 2:50p 34.3 7:20a 14.6 0.1 0.00 1.0 12.0 11:40a NNW 20 47.3 62.9 3:10p 32.4 6:50a 17.7 0.0 0.00 0.5 9.0 2:00p SW 21 50.4 64.3 3:10p 34.8 5:00a 14.6 0.0 0.00 1.7 15.0 1:00p SSW 22 50.9 65.3 2:40p 32.0 7:20a 14.1 0.0 0.00 0.7 10.0 2:30p SE 23 53.6 68.9 3:40p 42.2 12:00m 11.8 0.3 0.00 2.0 15.0 3:40p SSE 24 42.1 56.4 3:00p 29.7 6:40a 22.9 0.0 0.00 1.1 15.0 2:50a ENE 25 41.0 61.3 3:20p 23.8 6:40a 24.0 0.0 0.00 1.5 13.0 2:50p NNE 26 42.5 60.1 4:00p 26.0 6:50a 22.5 0.0 0.00 0.9 10.0 9:50a NE 27 49.2 63.8 3:00p 36.0 5:50a 15.8 0.0 0.00 0.9 10.0 1:20p SSE 28 53.5 64.2 1:10p 47.5 12:30a 11.5 0.0 0.33 2.6 25.0 4:50p S 29 44.8 49.5 11:00a 40.5 12:00m 20.2 0.0 0.39 2.3 18.0 1:40p NNE 30 39.4 43.1 7:00a 35.9 11:30p 25.6 0.0 0.27 5.3 25.0 11:00a NE ------------------------------------------------------------------------------------- 51.7 77.6 6 23.8 25 423.5 23.6 0.99 1.7 28.0 13 S Max >= 90.0: 0 Max <= 32.0: 0 Min <= 32.0: 7 Min <= 0.0: 0 Max Rain: 0.39 ON 11/29/09 Days of Rain: 3 (>.01 in) 3 (>.1 in) 0 (>1 in) Heat Base: 65.0 Cool Base: 65.0 Method: Integration