NOAA-style Climate Reports

- as reported from this site (LasCruces-Weather.com) beginning 04-03-07

2023: Jan | Feb | Mar | Apr | May | Jun | Jul | Aug | Sep | Oct | Nov | Dec 
2022: Jan | Feb | Mar | Apr | May | Jun | Jul | Aug | Sep | Oct | Nov | Dec 
2021: Jan | Feb | Mar | Apr | May | Jun | Jul | Aug | Sep | Oct | Nov | Dec 
2020: Jan | Feb | Mar | Apr | May | Jun | Jul | Aug | Sep | Oct | Nov | Dec 
2019: Jan | Feb | Mar | Apr | May | Jun | Jul | Aug | Sep | Oct | Nov | Dec 
2018: Jan | Feb | Mar | Apr | May | Jun | Jul | Aug | Sep | Oct | Nov | Dec 
2017: Jan | Feb | Mar | Apr | May | Jun | Jul | Aug | Sep | Oct | Nov | Dec 
2016: Jan | Feb | Mar | Apr | May | Jun | Jul | Aug | Sep | Oct | Nov | Dec 
2015: Jan | Feb | Mar | Apr | May | Jun | Jul | Aug | Sep | Oct | Nov | Dec 
2014: Jan | Feb | Mar | Apr | May | Jun | Jul | Aug | Sep | Oct | Nov | Dec 
2013: Jan | Feb | Mar | Apr | May | Jun | Jul | Aug | Sep | Oct | Nov | Dec 
2012: Jan | Feb | Mar | Apr | May | Jun | Jul | Aug | Sep | Oct | Nov | Dec 
2011: Jan | Feb | Mar | Apr | May | Jun | Jul | Aug | Sep | Oct | Nov | Dec 
2010: Jan | Feb | Mar | Apr | May | Jun | Jul | Aug | Sep | Oct | Nov | Dec 
2009: Jan | Feb | Mar | Apr | May | Jun | Jul | Aug | Sep | Oct | Nov | Dec 
2008: Jan | Feb | Mar | Apr | May | Jun | Jul | Aug | Sep | Oct | Nov | Dec 
2007: Jan | Feb | Mar | Apr | May | Jun | Jul | Aug | Sep | Oct | Nov | Dec 

Report for 2009 10
MONTHLY CLIMATOLOGICAL SUMMARY for OCT. 2009 NAME: C32 CITY: Las Cruces|East Mesa STATE: NM ELEV: 4474 ft LAT: 32 24' 08" N LONG: 106 41' 01" W TEMPERATURE (F), RAIN (in), WIND SPEED (mph) HEAT COOL AVG MEAN DEG DEG WIND DOM DAY TEMP HIGH TIME LOW TIME DAYS DAYS RAIN SPEED HIGH TIME DIR ------------------------------------------------------------------------------------ 1 71.7 81.9 4:40p 60.9 7:20a 0.3 7.0 0.00 2.6 15.0 3:00p S 2 65.5 81.8 4:20p 48.2 7:30a 4.8 5.3 0.00 2.9 29.0 3:20p NE 3 60.0 68.9 12:10a 54.5 10:10a 5.4 0.4 0.36 2.6 25.0 6:40a S 4 63.1 73.5 4:20p 54.7 6:50a 3.8 1.9 0.00 4.5 20.0 9:30p S 5 69.9 80.7 2:20p 60.2 7:20a 0.9 5.8 0.00 7.4 31.0 4:00p SW 6 68.7 77.1 6:00p 60.7 7:40a 0.8 4.5 0.00 2.1 22.0 11:00p ESE 7 72.2 83.8 3:30p 60.4 6:20a 0.5 7.6 0.00 3.8 22.0 1:30a WSW 8 65.6 71.9 3:40p 53.8 11:50p 1.6 2.2 0.00 5.7 25.0 11:30a WSW 9 60.2 74.6 4:40p 44.8 7:20a 6.8 2.0 0.00 1.1 13.0 2:40p SE 10 64.0 77.3 1:50p 51.5 6:40a 4.1 3.1 0.00 1.6 17.0 2:40p S 11 66.2 79.6 3:30p 51.6 7:20a 3.3 4.5 0.00 3.5 25.0 4:40p SW 12 65.7 79.8 4:00p 52.8 7:00a 3.0 3.6 0.00 4.4 22.0 4:50p S 13 69.1 80.6 4:40p 60.7 6:30a 1.1 5.2 0.00 3.8 19.0 2:40p SW 14 70.1 81.4 4:00p 59.3 6:50a 1.0 6.1 0.00 4.8 19.0 2:10p SW 15 68.6 83.9 4:10p 54.4 5:20a 2.3 6.0 0.00 1.6 17.0 2:30p ESE 16 68.1 83.8 4:50p 49.7 7:20a 3.3 6.5 0.00 2.3 14.0 1:00p N 17 66.3 78.7 3:30p 53.3 4:30a 3.0 4.2 0.00 2.1 22.0 1:10p E 18 65.9 80.1 2:50p 50.8 6:10a 3.9 4.8 0.00 1.7 14.0 3:00p S 19 70.9 83.2 3:50p 60.4 7:50a 0.7 6.5 0.00 3.3 21.0 3:30p S 20 65.6 80.6 3:10p 54.9 10:10p 2.8 3.4 0.28 4.5 28.0 6:00p S 21 56.5 66.6 4:10p 46.1 7:30a 8.6 0.1 0.00 1.0 14.0 1:40p SSW 22 56.6 69.1 4:20p 44.4 7:00a 9.0 0.5 0.00 0.9 13.0 12:10p NNE 23 56.2 70.5 3:50p 42.4 7:40a 9.8 0.9 0.00 1.2 15.0 4:10p NE 24 60.6 77.4 4:10p 43.0 7:20a 7.0 2.7 0.00 3.1 20.0 5:20p SW 25 61.9 74.2 3:20p 52.2 8:10a 5.3 2.2 0.00 2.3 27.0 9:10p S 26 50.9 60.4 2:40p 41.2 6:40a 14.1 0.0 0.00 2.0 17.0 2:30a NNE 27 56.0 73.7 5:10p 38.4 4:30a 10.2 1.3 0.00 6.3 25.0 5:10p SSW 28 47.4 61.7 12:10a 34.4 11:10p 17.6 0.0 0.07 7.6 35.0 6:00a SSW 29 39.7 50.0 3:00p 31.5 7:40a 25.3 0.0 0.00 5.5 25.0 2:50p S 30 41.5 55.5 4:20p 27.0 6:30a 23.5 0.0 0.00 1.8 16.0 11:10a ESE 31 47.4 63.4 4:40p 34.0 6:40a 17.6 0.0 0.00 0.8 14.0 12:00p ESE ------------------------------------------------------------------------------------- 61.7 83.9 15 27.0 30 201.4 98.3 0.71 3.2 35.0 28 S Max >= 90.0: 0 Max <= 32.0: 0 Min <= 32.0: 2 Min <= 0.0: 0 Max Rain: 0.36 ON 10/03/09 Days of Rain: 3 (>.01 in) 2 (>.1 in) 0 (>1 in) Heat Base: 65.0 Cool Base: 65.0 Method: Integration