NOAA-style Climate Reports

- as reported from this site (LasCruces-Weather.com) beginning 04-03-07

2023: Jan | Feb | Mar | Apr | May | Jun | Jul | Aug | Sep | Oct | Nov | Dec 
2022: Jan | Feb | Mar | Apr | May | Jun | Jul | Aug | Sep | Oct | Nov | Dec 
2021: Jan | Feb | Mar | Apr | May | Jun | Jul | Aug | Sep | Oct | Nov | Dec 
2020: Jan | Feb | Mar | Apr | May | Jun | Jul | Aug | Sep | Oct | Nov | Dec 
2019: Jan | Feb | Mar | Apr | May | Jun | Jul | Aug | Sep | Oct | Nov | Dec 
2018: Jan | Feb | Mar | Apr | May | Jun | Jul | Aug | Sep | Oct | Nov | Dec 
2017: Jan | Feb | Mar | Apr | May | Jun | Jul | Aug | Sep | Oct | Nov | Dec 
2016: Jan | Feb | Mar | Apr | May | Jun | Jul | Aug | Sep | Oct | Nov | Dec 
2015: Jan | Feb | Mar | Apr | May | Jun | Jul | Aug | Sep | Oct | Nov | Dec 
2014: Jan | Feb | Mar | Apr | May | Jun | Jul | Aug | Sep | Oct | Nov | Dec 
2013: Jan | Feb | Mar | Apr | May | Jun | Jul | Aug | Sep | Oct | Nov | Dec 
2012: Jan | Feb | Mar | Apr | May | Jun | Jul | Aug | Sep | Oct | Nov | Dec 
2011: Jan | Feb | Mar | Apr | May | Jun | Jul | Aug | Sep | Oct | Nov | Dec 
2010: Jan | Feb | Mar | Apr | May | Jun | Jul | Aug | Sep | Oct | Nov | Dec 
2009: Jan | Feb | Mar | Apr | May | Jun | Jul | Aug | Sep | Oct | Nov | Dec 
2008: Jan | Feb | Mar | Apr | May | Jun | Jul | Aug | Sep | Oct | Nov | Dec 
2007: Jan | Feb | Mar | Apr | May | Jun | Jul | Aug | Sep | Oct | Nov | Dec 

Report for 2009 09
MONTHLY CLIMATOLOGICAL SUMMARY for SEP. 2009 NAME: C32 CITY: Las Cruces|East Mesa STATE: NM ELEV: 4474 ft LAT: 32 24' 08" N LONG: 106 41' 01" W TEMPERATURE (F), RAIN (in), WIND SPEED (mph) HEAT COOL AVG MEAN DEG DEG WIND DOM DAY TEMP HIGH TIME LOW TIME DAYS DAYS RAIN SPEED HIGH TIME DIR ------------------------------------------------------------------------------------ 1 78.8 91.1 3:50p 64.5 6:30a 0.0 13.8 0.00 1.8 14.0 9:50a SSW 2 79.1 91.4 3:30p 67.6 6:30a 0.0 14.1 0.00 1.4 15.0 3:30p SSE 3 76.3 89.7 2:00p 67.9 7:00a 0.0 11.3 0.41 1.7 36.0 3:00p SSW 4 74.1 85.6 5:00p 64.0 6:10a 0.0 9.1 0.00 1.6 22.0 11:10a N 5 75.7 88.3 4:00p 61.7 7:10a 0.2 10.8 0.00 1.6 19.0 5:00p E 6 73.8 84.6 4:50p 60.5 7:00a 0.4 9.2 0.00 0.9 12.0 1:40p NNW 7 74.2 87.5 2:20p 65.1 5:10a 0.0 9.2 0.00 3.3 26.0 10:40p E 8 72.6 86.0 5:10p 62.1 4:10a 0.2 7.8 0.00 1.6 13.0 9:00a SSW 9 75.2 90.0 3:20p 60.7 7:20a 0.5 10.7 0.01 1.2 17.0 11:30p ENE 10 69.7 84.7 3:00p 61.4 8:10p 0.5 5.2 0.63 4.2 36.0 10:10p N 11 66.4 83.6 3:20p 55.7 4:10p 2.1 3.6 2.08 1.7 43.0 3:50p NE 12 69.3 81.6 4:30p 56.7 6:20a 1.9 6.2 0.00 2.8 25.0 6:40p ENE 13 70.1 81.6 4:40p 59.0 5:50a 1.0 6.1 0.00 1.1 11.0 2:50p ESE 14 73.1 86.9 3:30p 60.2 5:50a 0.7 8.8 0.01 1.7 18.0 5:20p SW 15 75.3 89.9 3:10p 59.0 7:00a 0.5 10.8 0.00 2.4 19.0 6:10p SW 16 73.7 89.0 2:40p 60.8 6:10a 0.3 9.0 0.00 5.6 39.0 7:30p E 17 65.6 71.3 1:20p 59.6 4:40a 0.9 1.6 0.30 5.2 28.0 2:50a E 18 66.4 76.4 4:00p 56.4 7:20a 2.1 3.5 0.05 2.4 18.0 11:30p E 19 67.0 80.2 4:00p 56.7 6:50a 1.9 3.9 0.07 2.2 22.0 6:10p SSW 20 69.1 83.0 5:00p 56.8 6:20a 2.2 6.3 0.00 1.6 15.0 4:40p S 21 74.0 87.9 4:30p 60.1 6:10a 0.6 9.6 0.00 1.5 15.0 4:30p SW 22 62.0 72.2 4:50p 49.3 7:20a 4.4 1.4 0.00 4.6 30.0 10:30p N 23 62.8 73.9 3:00p 49.0 7:00a 4.1 1.9 0.00 3.7 31.0 12:50a E 24 64.4 76.2 4:50p 52.2 6:30a 3.4 2.8 0.00 0.8 11.0 3:20p WSW 25 67.6 82.6 3:50p 50.7 6:40a 3.2 5.7 0.00 1.1 12.0 1:40p ESE 26 72.2 87.3 2:40p 55.7 5:40a 1.6 8.7 0.00 0.9 12.0 4:40p SE 27 73.3 90.3 4:10p 55.0 6:40a 1.6 9.9 0.00 1.5 17.0 5:30p E 28 72.5 86.5 4:00p 55.4 7:50a 1.1 8.5 0.00 3.2 21.0 11:10p E 29 72.9 87.8 5:00p 55.5 5:20a 1.8 9.8 0.00 2.3 18.0 1:50p SSW 30 78.3 89.7 3:20p 66.9 3:00a 0.0 13.3 0.00 6.0 25.0 2:50p WSW ------------------------------------------------------------------------------------- 71.5 91.4 2 49.0 23 37.2 232.6 3.56 2.4 43.0 11 E Max >= 90.0: 4 Max <= 32.0: 0 Min <= 32.0: 0 Min <= 0.0: 0 Max Rain: 2.08 ON 09/11/09 Days of Rain: 6 (>.01 in) 4 (>.1 in) 1 (>1 in) Heat Base: 65.0 Cool Base: 65.0 Method: Integration