NOAA-style Climate Reports

- as reported from this site (LasCruces-Weather.com) beginning 04-03-07

2023: Jan | Feb | Mar | Apr | May | Jun | Jul | Aug | Sep | Oct | Nov | Dec 
2022: Jan | Feb | Mar | Apr | May | Jun | Jul | Aug | Sep | Oct | Nov | Dec 
2021: Jan | Feb | Mar | Apr | May | Jun | Jul | Aug | Sep | Oct | Nov | Dec 
2020: Jan | Feb | Mar | Apr | May | Jun | Jul | Aug | Sep | Oct | Nov | Dec 
2019: Jan | Feb | Mar | Apr | May | Jun | Jul | Aug | Sep | Oct | Nov | Dec 
2018: Jan | Feb | Mar | Apr | May | Jun | Jul | Aug | Sep | Oct | Nov | Dec 
2017: Jan | Feb | Mar | Apr | May | Jun | Jul | Aug | Sep | Oct | Nov | Dec 
2016: Jan | Feb | Mar | Apr | May | Jun | Jul | Aug | Sep | Oct | Nov | Dec 
2015: Jan | Feb | Mar | Apr | May | Jun | Jul | Aug | Sep | Oct | Nov | Dec 
2014: Jan | Feb | Mar | Apr | May | Jun | Jul | Aug | Sep | Oct | Nov | Dec 
2013: Jan | Feb | Mar | Apr | May | Jun | Jul | Aug | Sep | Oct | Nov | Dec 
2012: Jan | Feb | Mar | Apr | May | Jun | Jul | Aug | Sep | Oct | Nov | Dec 
2011: Jan | Feb | Mar | Apr | May | Jun | Jul | Aug | Sep | Oct | Nov | Dec 
2010: Jan | Feb | Mar | Apr | May | Jun | Jul | Aug | Sep | Oct | Nov | Dec 
2009: Jan | Feb | Mar | Apr | May | Jun | Jul | Aug | Sep | Oct | Nov | Dec 
2008: Jan | Feb | Mar | Apr | May | Jun | Jul | Aug | Sep | Oct | Nov | Dec 
2007: Jan | Feb | Mar | Apr | May | Jun | Jul | Aug | Sep | Oct | Nov | Dec 

Report for 2009 08
MONTHLY CLIMATOLOGICAL SUMMARY for AUG. 2009 NAME: C32 CITY: Las Cruces|East Mesa STATE: NM ELEV: 4474 ft LAT: 32 24' 08" N LONG: 106 41' 01" W TEMPERATURE (F), RAIN (in), WIND SPEED (mph) HEAT COOL AVG MEAN DEG DEG WIND DOM DAY TEMP HIGH TIME LOW TIME DAYS DAYS RAIN SPEED HIGH TIME DIR ------------------------------------------------------------------------------------ 1 82.6 94.7 4:40p 73.3 12:00m 0.0 17.6 0.04 4.6 32.0 5:20p S 2 80.5 95.1 5:40p 65.4 6:20a 0.0 15.5 0.00 1.8 15.0 4:00p S 3 82.3 97.4 4:50p 67.7 6:20a 0.0 17.3 0.00 1.5 18.0 11:20p S 4 85.4 99.4 5:20p 71.3 6:30a 0.0 20.4 0.00 3.3 29.0 8:00p S 5 82.7 97.7 4:10p 69.2 6:30a 0.0 17.7 0.00 2.1 22.0 6:50p SSW 6 80.9 93.4 5:40p 72.4 6:20a 0.0 15.9 0.00 3.0 26.0 7:30p S 7 81.2 96.3 4:10p 66.6 6:50a 0.0 16.2 0.00 2.7 21.0 4:20p SSW 8 82.8 94.9 2:10p 68.0 7:00a 0.0 17.8 0.00 2.8 22.0 12:30p S 9 82.5 95.7 2:50p 69.6 6:40a 0.0 17.5 0.00 3.2 22.0 9:40p S 10 83.8 96.1 3:10p 73.8 5:00a 0.0 18.8 0.00 3.0 21.0 3:00p S 11 81.9 96.9 3:20p 71.4 7:10a 0.0 16.9 0.23 1.9 33.0 4:00p S 12 80.7 94.0 3:50p 67.2 6:10a 0.0 15.7 0.00 2.0 26.0 6:50p E 13 79.7 92.7 4:00p 69.2 10:40p 0.0 14.7 0.03 3.9 23.0 10:00p S 14 74.9 89.7 5:50p 64.0 6:50a 0.0 9.9 0.08 3.2 29.0 7:50p SSW 15 79.6 94.8 4:20p 62.7 6:10a 0.1 14.6 0.00 2.3 19.0 3:50p SW 16 81.8 96.4 3:40p 66.8 7:20a 0.0 16.8 0.00 1.9 21.0 2:30p SE 17 84.5 98.5 4:00p 65.8 6:10a 0.0 19.5 0.00 2.0 16.0 3:00p SE 18 86.0 99.9 3:20p 72.5 7:10a 0.0 21.0 0.00 3.6 25.0 7:10p S 19 84.5 98.2 4:40p 73.5 7:10a 0.0 19.5 0.00 3.0 20.0 5:10p S 20 84.5 100.1 2:40p 63.0 7:10a 0.0 19.5 0.00 4.5 34.0 11:30p E 21 82.3 94.6 3:50p 73.4 12:00m 0.0 17.3 0.00 4.6 33.0 4:30p S 22 76.5 91.5 3:30p 66.6 5:20a 0.0 11.5 0.46 1.6 32.0 5:10p S 23 76.3 89.4 3:30p 66.7 5:40a 0.0 11.3 0.00 1.8 23.0 3:00p NE 24 71.8 82.8 5:40p 65.1 6:50a 0.0 6.8 0.10 1.6 16.0 8:50p N 25 69.1 78.4 5:50p 62.0 7:00a 0.5 4.6 0.07 3.9 16.0 1:50p N 26 74.4 90.1 5:30p 60.2 5:40a 0.8 10.2 0.00 1.4 11.0 4:40p NE 27 77.4 92.0 3:10p 62.5 6:10a 0.1 12.5 0.00 2.0 29.0 4:30p E 28 78.4 91.5 3:50p 60.7 5:40a 0.3 13.7 0.00 3.7 26.0 11:20p E 29 79.8 92.0 3:40p 61.7 7:00a 0.2 15.0 0.00 1.9 23.0 12:30a E 30 80.5 91.5 5:10p 65.4 6:50a 0.0 15.5 0.00 2.5 19.0 11:20a SSW 31 80.1 90.6 4:00p 71.2 6:20a 0.0 15.1 0.01 3.6 19.0 9:10a SSW ------------------------------------------------------------------------------------- 80.3 100.1 20 60.2 26 2.0 476.3 1.02 2.7 34.0 20 S Max >= 90.0: 27 Max <= 32.0: 0 Min <= 32.0: 0 Min <= 0.0: 0 Max Rain: 0.46 ON 08/22/09 Days of Rain: 7 (>.01 in) 2 (>.1 in) 0 (>1 in) Heat Base: 65.0 Cool Base: 65.0 Method: Integration