NOAA-style Climate Reports

- as reported from this site (LasCruces-Weather.com) beginning 04-03-07

2023: Jan | Feb | Mar | Apr | May | Jun | Jul | Aug | Sep | Oct | Nov | Dec 
2022: Jan | Feb | Mar | Apr | May | Jun | Jul | Aug | Sep | Oct | Nov | Dec 
2021: Jan | Feb | Mar | Apr | May | Jun | Jul | Aug | Sep | Oct | Nov | Dec 
2020: Jan | Feb | Mar | Apr | May | Jun | Jul | Aug | Sep | Oct | Nov | Dec 
2019: Jan | Feb | Mar | Apr | May | Jun | Jul | Aug | Sep | Oct | Nov | Dec 
2018: Jan | Feb | Mar | Apr | May | Jun | Jul | Aug | Sep | Oct | Nov | Dec 
2017: Jan | Feb | Mar | Apr | May | Jun | Jul | Aug | Sep | Oct | Nov | Dec 
2016: Jan | Feb | Mar | Apr | May | Jun | Jul | Aug | Sep | Oct | Nov | Dec 
2015: Jan | Feb | Mar | Apr | May | Jun | Jul | Aug | Sep | Oct | Nov | Dec 
2014: Jan | Feb | Mar | Apr | May | Jun | Jul | Aug | Sep | Oct | Nov | Dec 
2013: Jan | Feb | Mar | Apr | May | Jun | Jul | Aug | Sep | Oct | Nov | Dec 
2012: Jan | Feb | Mar | Apr | May | Jun | Jul | Aug | Sep | Oct | Nov | Dec 
2011: Jan | Feb | Mar | Apr | May | Jun | Jul | Aug | Sep | Oct | Nov | Dec 
2010: Jan | Feb | Mar | Apr | May | Jun | Jul | Aug | Sep | Oct | Nov | Dec 
2009: Jan | Feb | Mar | Apr | May | Jun | Jul | Aug | Sep | Oct | Nov | Dec 
2008: Jan | Feb | Mar | Apr | May | Jun | Jul | Aug | Sep | Oct | Nov | Dec 
2007: Jan | Feb | Mar | Apr | May | Jun | Jul | Aug | Sep | Oct | Nov | Dec 

Report for 2009 07
MONTHLY CLIMATOLOGICAL SUMMARY for JUL. 2009 NAME: C32 CITY: Las Cruces|East Mesa STATE: NM ELEV: 4474 ft LAT: 32 24' 08" N LONG: 106 41' 01" W TEMPERATURE (F), RAIN (in), WIND SPEED (mph) HEAT COOL AVG MEAN DEG DEG WIND DOM DAY TEMP HIGH TIME LOW TIME DAYS DAYS RAIN SPEED HIGH TIME DIR ------------------------------------------------------------------------------------ 1 81.3 92.8 4:20p 67.9 6:10a 0.0 16.3 0.00 2.9 18.0 3:10a E 2 82.3 93.0 4:10p 70.9 5:40a 0.0 17.3 0.00 2.8 22.0 5:50p S 3 76.2 89.9 3:40p 65.9 11:20p 0.0 11.2 0.52 3.4 35.0 7:50p NNW 4 76.4 88.0 5:20p 66.3 12:10a 0.0 11.4 0.01 1.1 11.0 4:00a S 5 77.6 91.5 3:30p 68.6 5:30p 0.0 12.6 0.59 1.7 34.0 5:00p S 6 79.3 91.3 5:40p 67.6 5:30a 0.0 14.3 0.03 2.4 30.0 9:20p SSW 7 83.8 96.3 4:10p 72.7 6:50a 0.0 18.8 0.00 2.8 31.0 1:50a S 8 85.5 98.2 4:20p 71.4 6:20a 0.0 20.5 0.00 1.7 19.0 3:30p S 9 86.6 98.5 3:40p 74.4 6:10a 0.0 21.6 0.00 2.5 18.0 5:00p S 10 87.8 99.3 5:10p 73.0 6:10a 0.0 22.8 0.00 3.1 21.0 5:00p S 11 87.3 96.8 5:00p 76.8 6:50a 0.0 22.3 0.00 4.1 33.0 1:00p SE 12 84.9 96.7 5:10p 69.5 6:20a 0.0 19.9 0.00 2.1 22.0 12:50a WSW 13 87.4 100.1 4:30p 72.8 4:40a 0.0 22.4 0.00 2.5 17.0 9:10a SE 14 88.5 103.6 4:00p 72.7 6:40a 0.0 23.5 0.00 3.3 25.0 5:20p N 15 87.6 103.1 3:50p 72.7 6:00a 0.0 22.5 0.00 2.4 23.0 7:50p NNW 16 85.3 98.9 3:10p 76.3 6:20a 0.0 20.3 0.00 2.4 26.0 3:10p SSW 17 83.8 95.6 5:00p 73.3 6:40a 0.0 18.8 0.00 2.3 18.0 8:40a S 18 85.3 95.9 4:30p 74.7 7:00a 0.0 20.3 0.00 3.2 22.0 10:20a SSW 19 85.5 97.3 4:00p 74.2 7:10a 0.0 20.5 0.00 4.6 33.0 1:40a SSW 20 85.2 100.5 4:00p 70.9 5:50a 0.0 20.2 0.00 2.3 18.0 10:30p ESE 21 83.4 96.5 3:10p 66.6 11:20p 0.0 18.4 0.59 2.9 22.0 9:30p ESE 22 75.9 86.8 3:40p 65.9 6:50a 0.0 10.9 0.08 2.7 24.0 12:30a E 23 79.2 90.8 4:00p 67.8 6:40a 0.0 14.2 0.00 1.1 15.0 10:50p ENE 24 82.4 94.1 5:30p 71.8 6:30a 0.0 17.4 0.00 1.8 18.0 5:00p S 25 85.2 99.2 3:50p 69.4 6:30a 0.0 20.2 0.00 1.2 22.0 5:30p SE 26 85.8 99.9 3:50p 72.2 6:10a 0.0 20.8 0.00 2.9 25.0 7:10p SSW 27 84.8 99.5 3:50p 72.3 7:40a 0.0 19.8 0.00 1.7 16.0 2:40p N 28 84.1 98.0 3:00p 72.7 6:20a 0.0 19.0 0.00 1.9 27.0 6:50p SE 29 83.6 99.0 5:10p 71.1 5:10a 0.0 18.6 0.00 3.4 19.0 11:00p S 30 82.2 96.4 4:20p 67.0 6:40a 0.0 17.2 0.00 2.8 21.0 6:30p S 31 81.8 94.6 4:30p 68.0 6:50a 0.0 16.8 0.00 1.8 15.0 9:40a S ------------------------------------------------------------------------------------- 83.4 103.6 14 65.9 3 0.0 570.8 1.82 2.5 35.0 3 S Max >= 90.0: 28 Max <= 32.0: 0 Min <= 32.0: 0 Min <= 0.0: 0 Max Rain: 0.59 ON 07/05/09 Days of Rain: 5 (>.01 in) 3 (>.1 in) 0 (>1 in) Heat Base: 65.0 Cool Base: 65.0 Method: Integration