NOAA-style Climate Reports

- as reported from this site (LasCruces-Weather.com) beginning 04-03-07

2023: Jan | Feb | Mar | Apr | May | Jun | Jul | Aug | Sep | Oct | Nov | Dec 
2022: Jan | Feb | Mar | Apr | May | Jun | Jul | Aug | Sep | Oct | Nov | Dec 
2021: Jan | Feb | Mar | Apr | May | Jun | Jul | Aug | Sep | Oct | Nov | Dec 
2020: Jan | Feb | Mar | Apr | May | Jun | Jul | Aug | Sep | Oct | Nov | Dec 
2019: Jan | Feb | Mar | Apr | May | Jun | Jul | Aug | Sep | Oct | Nov | Dec 
2018: Jan | Feb | Mar | Apr | May | Jun | Jul | Aug | Sep | Oct | Nov | Dec 
2017: Jan | Feb | Mar | Apr | May | Jun | Jul | Aug | Sep | Oct | Nov | Dec 
2016: Jan | Feb | Mar | Apr | May | Jun | Jul | Aug | Sep | Oct | Nov | Dec 
2015: Jan | Feb | Mar | Apr | May | Jun | Jul | Aug | Sep | Oct | Nov | Dec 
2014: Jan | Feb | Mar | Apr | May | Jun | Jul | Aug | Sep | Oct | Nov | Dec 
2013: Jan | Feb | Mar | Apr | May | Jun | Jul | Aug | Sep | Oct | Nov | Dec 
2012: Jan | Feb | Mar | Apr | May | Jun | Jul | Aug | Sep | Oct | Nov | Dec 
2011: Jan | Feb | Mar | Apr | May | Jun | Jul | Aug | Sep | Oct | Nov | Dec 
2010: Jan | Feb | Mar | Apr | May | Jun | Jul | Aug | Sep | Oct | Nov | Dec 
2009: Jan | Feb | Mar | Apr | May | Jun | Jul | Aug | Sep | Oct | Nov | Dec 
2008: Jan | Feb | Mar | Apr | May | Jun | Jul | Aug | Sep | Oct | Nov | Dec 
2007: Jan | Feb | Mar | Apr | May | Jun | Jul | Aug | Sep | Oct | Nov | Dec 

Report for 2009 06
MONTHLY CLIMATOLOGICAL SUMMARY for JUN. 2009 NAME: C32 CITY: Las Cruces|East Mesa STATE: NM ELEV: 4474 ft LAT: 32 24' 08" N LONG: 106 41' 01" W TEMPERATURE (F), RAIN (in), WIND SPEED (mph) HEAT COOL AVG MEAN DEG DEG WIND DOM DAY TEMP HIGH TIME LOW TIME DAYS DAYS RAIN SPEED HIGH TIME DIR ------------------------------------------------------------------------------------ 1 73.4 87.5 4:40p 56.3 5:50a 1.5 9.9 0.00 3.4 20.0 2:40p SW 2 76.3 90.9 3:40p 59.1 4:50a 0.9 12.2 0.00 2.7 19.0 4:10p SW 3 77.8 90.5 4:20p 66.0 1:10a 0.0 12.8 0.00 3.1 26.0 4:50a E 4 80.2 93.8 4:50p 62.5 5:50a 0.2 15.4 0.00 2.1 18.0 11:50p S 5 82.3 93.8 2:30p 70.7 12:00m 0.0 17.3 0.00 4.6 25.0 6:10p SSW 6 80.2 93.7 4:30p 63.9 6:20a 0.0 15.2 0.00 6.5 31.0 1:20p WSW 7 78.2 87.8 5:00p 67.3 10:50p 0.0 13.2 0.00 6.0 29.0 10:40a WSW 8 77.4 90.3 3:30p 62.0 6:30a 0.2 12.6 0.00 5.3 24.0 2:20p SW 9 74.5 86.1 4:50p 69.0 7:20a 0.0 9.5 0.00 2.5 25.0 7:20p SSW 10 75.2 88.4 5:10p 62.8 6:10a 0.1 10.3 0.00 5.0 26.0 1:40p W 11 76.5 89.3 4:50p 60.1 5:20a 0.3 11.8 0.00 5.9 46.0 2:50p WSW 12 79.0 92.7 5:40p 62.5 6:00a 0.1 14.1 0.00 4.8 24.0 11:40a SW 13 81.4 94.8 2:30p 67.6 6:20a 0.0 16.4 0.00 4.3 26.0 5:20p W 14 82.5 95.8 3:10p 71.3 6:50a 0.0 17.4 0.00 4.4 27.0 4:00p W 15 82.2 93.6 4:30p 68.3 6:30a 0.0 17.2 0.00 5.5 29.0 1:00p WSW 16 80.7 93.5 5:40p 63.9 5:00a 0.0 15.7 0.00 2.9 22.0 5:30p WSW 17 82.1 94.7 5:10p 68.9 6:50a 0.0 17.1 0.00 2.2 23.0 7:50p WSW 18 78.4 83.6 3:00p 70.0 7:00a 0.0 13.4 0.00 3.2 22.0 1:00a SSW 19 75.2 84.5 1:30p 66.6 6:50a 0.0 10.2 0.00 3.1 17.0 12:20a S 20 78.3 89.2 4:20p 68.8 6:50a 0.0 13.3 0.00 5.0 23.0 2:10p SW 21 80.0 94.0 4:40p 62.0 5:50a 0.2 15.2 0.00 2.1 19.0 1:20p SW 22 81.8 95.3 3:00p 70.4 4:40a 0.0 16.8 0.03 3.6 33.0 8:20p E 23 73.0 84.7 2:30p 66.8 4:30p 0.0 8.0 1.06 0.9 22.0 1:00a S 24 76.3 90.6 2:30p 67.7 6:20a 0.0 11.3 0.00 1.9 34.0 5:40p NNW 25 81.2 94.3 3:50p 68.5 4:50a 0.0 16.2 0.00 2.2 23.0 1:30p SE 26 82.0 95.2 3:50p 67.4 5:30a 0.0 17.0 0.00 2.3 16.0 8:00p SW 27 80.9 92.8 4:20p 69.0 5:00a 0.0 15.9 0.00 5.0 23.0 5:40p N 28 78.7 89.5 5:10p 68.4 12:00m 0.0 13.6 0.01 4.0 32.0 4:00a E 29 76.9 89.2 5:40p 65.5 6:10a 0.0 11.9 0.01 0.9 14.0 11:20a SSW 30 77.9 90.2 5:00p 66.5 7:10a 0.0 12.9 0.04 3.2 26.0 8:00a E ------------------------------------------------------------------------------------- 78.7 95.8 14 56.3 1 3.5 413.8 1.15 3.6 46.0 11 SW Max >= 90.0: 19 Max <= 32.0: 0 Min <= 32.0: 0 Min <= 0.0: 0 Max Rain: 1.06 ON 06/23/09 Days of Rain: 3 (>.01 in) 1 (>.1 in) 1 (>1 in) Heat Base: 65.0 Cool Base: 65.0 Method: Integration