NOAA-style Climate Reports

- as reported from this site (LasCruces-Weather.com) beginning 04-03-07

2023: Jan | Feb | Mar | Apr | May | Jun | Jul | Aug | Sep | Oct | Nov | Dec 
2022: Jan | Feb | Mar | Apr | May | Jun | Jul | Aug | Sep | Oct | Nov | Dec 
2021: Jan | Feb | Mar | Apr | May | Jun | Jul | Aug | Sep | Oct | Nov | Dec 
2020: Jan | Feb | Mar | Apr | May | Jun | Jul | Aug | Sep | Oct | Nov | Dec 
2019: Jan | Feb | Mar | Apr | May | Jun | Jul | Aug | Sep | Oct | Nov | Dec 
2018: Jan | Feb | Mar | Apr | May | Jun | Jul | Aug | Sep | Oct | Nov | Dec 
2017: Jan | Feb | Mar | Apr | May | Jun | Jul | Aug | Sep | Oct | Nov | Dec 
2016: Jan | Feb | Mar | Apr | May | Jun | Jul | Aug | Sep | Oct | Nov | Dec 
2015: Jan | Feb | Mar | Apr | May | Jun | Jul | Aug | Sep | Oct | Nov | Dec 
2014: Jan | Feb | Mar | Apr | May | Jun | Jul | Aug | Sep | Oct | Nov | Dec 
2013: Jan | Feb | Mar | Apr | May | Jun | Jul | Aug | Sep | Oct | Nov | Dec 
2012: Jan | Feb | Mar | Apr | May | Jun | Jul | Aug | Sep | Oct | Nov | Dec 
2011: Jan | Feb | Mar | Apr | May | Jun | Jul | Aug | Sep | Oct | Nov | Dec 
2010: Jan | Feb | Mar | Apr | May | Jun | Jul | Aug | Sep | Oct | Nov | Dec 
2009: Jan | Feb | Mar | Apr | May | Jun | Jul | Aug | Sep | Oct | Nov | Dec 
2008: Jan | Feb | Mar | Apr | May | Jun | Jul | Aug | Sep | Oct | Nov | Dec 
2007: Jan | Feb | Mar | Apr | May | Jun | Jul | Aug | Sep | Oct | Nov | Dec 

Report for 2009 05
MONTHLY CLIMATOLOGICAL SUMMARY for MAY. 2009 NAME: C32 CITY: Las Cruces|East Mesa STATE: NM ELEV: 4474 ft LAT: 32 24' 08" N LONG: 106 41' 01" W TEMPERATURE (F), RAIN (in), WIND SPEED (mph) HEAT COOL AVG MEAN DEG DEG WIND DOM DAY TEMP HIGH TIME LOW TIME DAYS DAYS RAIN SPEED HIGH TIME DIR ------------------------------------------------------------------------------------ 1 74.1 90.0 3:50p 57.8 3:10a 1.4 10.6 0.00 3.3 19.0 2:50p WSW 2 74.9 83.4 2:30p 69.1 3:20a 0.0 9.9 0.00 8.4 31.0 3:10p WSW 3 72.2 85.1 4:40p 55.4 6:30a 1.5 8.7 0.00 2.7 18.0 12:30a E 4 75.3 88.6 3:40p 60.6 6:30a 0.4 10.7 0.00 4.4 24.0 2:30p WSW 5 76.0 87.4 4:00p 63.6 5:20a 0.1 11.1 0.00 6.4 25.0 3:00p WSW 6 77.1 91.7 3:50p 56.4 6:20a 0.7 12.8 0.00 1.8 18.0 4:10p SSW 7 80.8 96.6 4:00p 63.2 6:40a 0.1 15.9 0.00 3.6 24.0 5:50p WSW 8 81.0 96.4 3:20p 57.9 6:30a 0.4 16.4 0.00 4.1 25.0 6:00p WSW 9 78.2 92.5 4:40p 59.0 6:00a 0.5 13.7 0.00 1.9 20.0 4:40p E 10 81.4 95.0 4:20p 67.2 7:20a 0.0 16.4 0.00 3.5 19.0 3:50p SW 11 77.0 93.3 3:20p 55.4 5:50a 0.9 12.9 0.00 2.7 19.0 3:20p S 12 79.9 92.4 4:20p 66.5 6:30a 0.0 14.9 0.00 5.8 24.0 4:00p S 13 78.4 92.0 4:00p 61.5 6:00a 0.2 13.6 0.00 3.8 22.0 12:50p SW 14 75.3 90.3 4:00p 54.9 7:00a 1.0 11.3 0.00 1.5 20.0 4:50p SE 15 80.7 93.3 4:00p 67.7 6:50a 0.0 15.7 0.00 2.4 21.0 1:50p S 16 73.7 84.8 2:00p 63.7 6:00a 0.0 8.7 0.00 5.4 26.0 5:30p E 17 71.1 84.8 6:00p 55.9 6:20a 1.6 7.7 0.00 2.0 19.0 5:20p SE 18 76.8 89.6 3:40p 60.3 6:40a 0.4 12.2 0.00 2.4 20.0 4:40p S 19 77.9 88.6 3:30p 62.9 6:50a 0.1 13.0 0.00 3.4 33.0 5:40p SE 20 73.6 87.7 3:40p 60.6 6:40a 0.2 8.9 0.00 3.3 25.0 5:00p SW 21 66.7 78.7 2:00p 59.6 9:10a 1.4 3.0 0.19 3.0 22.0 5:00p SSW 22 62.6 70.2 5:10p 57.7 12:20p 2.9 0.5 0.37 0.9 19.0 5:50p ENE 23 66.6 79.2 5:20p 53.5 6:00a 3.2 4.8 0.00 2.0 16.0 2:40p SW 24 68.5 81.3 2:00p 58.7 6:50a 1.3 4.8 0.00 2.8 23.0 4:00p NE 25 71.4 85.7 4:40p 56.9 6:20a 1.7 8.1 0.00 3.7 17.0 5:30p N 26 70.2 83.2 2:50p 53.5 6:30a 2.0 7.2 0.00 3.0 19.0 6:50p NNE 27 72.1 85.4 4:20p 56.7 6:30a 1.2 8.3 0.00 3.0 22.0 7:10p N 28 72.2 88.6 3:50p 56.2 6:20a 1.1 8.3 0.00 4.0 26.0 4:10p N 29 70.2 86.5 3:10p 54.6 4:50a 1.7 6.9 0.03 2.2 23.0 9:20p NNW 30 73.3 86.5 4:20p 60.4 6:40a 0.6 9.0 0.02 2.9 25.0 9:40p ESE 31 73.4 88.1 4:00p 56.7 6:50a 1.2 9.6 0.18 4.1 21.0 2:50p SW ------------------------------------------------------------------------------------- 74.3 96.6 7 53.5 23 27.8 315.6 0.79 3.4 33.0 19 WSW Max >= 90.0: 11 Max <= 32.0: 0 Min <= 32.0: 0 Min <= 0.0: 0 Max Rain: 0.37 ON 05/22/09 Days of Rain: 5 (>.01 in) 3 (>.1 in) 0 (>1 in) Heat Base: 65.0 Cool Base: 65.0 Method: Integration