NOAA-style Climate Reports

- as reported from this site (LasCruces-Weather.com) beginning 04-03-07

2023: Jan | Feb | Mar | Apr | May | Jun | Jul | Aug | Sep | Oct | Nov | Dec 
2022: Jan | Feb | Mar | Apr | May | Jun | Jul | Aug | Sep | Oct | Nov | Dec 
2021: Jan | Feb | Mar | Apr | May | Jun | Jul | Aug | Sep | Oct | Nov | Dec 
2020: Jan | Feb | Mar | Apr | May | Jun | Jul | Aug | Sep | Oct | Nov | Dec 
2019: Jan | Feb | Mar | Apr | May | Jun | Jul | Aug | Sep | Oct | Nov | Dec 
2018: Jan | Feb | Mar | Apr | May | Jun | Jul | Aug | Sep | Oct | Nov | Dec 
2017: Jan | Feb | Mar | Apr | May | Jun | Jul | Aug | Sep | Oct | Nov | Dec 
2016: Jan | Feb | Mar | Apr | May | Jun | Jul | Aug | Sep | Oct | Nov | Dec 
2015: Jan | Feb | Mar | Apr | May | Jun | Jul | Aug | Sep | Oct | Nov | Dec 
2014: Jan | Feb | Mar | Apr | May | Jun | Jul | Aug | Sep | Oct | Nov | Dec 
2013: Jan | Feb | Mar | Apr | May | Jun | Jul | Aug | Sep | Oct | Nov | Dec 
2012: Jan | Feb | Mar | Apr | May | Jun | Jul | Aug | Sep | Oct | Nov | Dec 
2011: Jan | Feb | Mar | Apr | May | Jun | Jul | Aug | Sep | Oct | Nov | Dec 
2010: Jan | Feb | Mar | Apr | May | Jun | Jul | Aug | Sep | Oct | Nov | Dec 
2009: Jan | Feb | Mar | Apr | May | Jun | Jul | Aug | Sep | Oct | Nov | Dec 
2008: Jan | Feb | Mar | Apr | May | Jun | Jul | Aug | Sep | Oct | Nov | Dec 
2007: Jan | Feb | Mar | Apr | May | Jun | Jul | Aug | Sep | Oct | Nov | Dec 

Report for 2009 04
MONTHLY CLIMATOLOGICAL SUMMARY for APR. 2009 NAME: C32 CITY: Las Cruces|East Mesa STATE: NM ELEV: 4474 ft LAT: 32 24' 08" N LONG: 106 41' 01" W TEMPERATURE (F), RAIN (in), WIND SPEED (mph) HEAT COOL AVG MEAN DEG DEG WIND DOM DAY TEMP HIGH TIME LOW TIME DAYS DAYS RAIN SPEED HIGH TIME DIR ------------------------------------------------------------------------------------ 1 56.4 66.0 4:40p 44.8 6:50a 8.6 0.0 0.00 9.7 35.0 4:50p WSW 2 54.5 71.7 5:30p 36.2 7:00a 11.3 0.8 0.00 3.0 21.0 6:20p SW 3 63.6 77.5 3:50p 49.4 4:10a 4.7 3.4 0.00 9.0 34.0 11:50p SW 4 59.6 67.8 4:00p 51.5 12:00m 5.7 0.3 0.00 11.8 38.0 1:20p WSW 5 51.6 64.8 3:30p 37.1 7:10a 13.4 0.0 0.00 1.9 15.0 3:10p NE 6 52.2 66.1 4:00p 38.2 4:10a 12.8 0.0 0.00 2.0 18.0 1:00p SE 7 57.1 75.8 5:20p 34.1 5:40a 10.3 2.5 0.00 1.9 15.0 1:30p SW 8 68.3 82.5 4:00p 55.0 6:30a 2.9 6.2 0.00 9.1 35.0 3:20p WSW 9 60.5 71.4 4:10p 48.8 7:00a 5.7 1.2 0.00 9.0 28.0 2:00p SW 10 64.4 80.0 3:40p 51.8 3:40a 4.6 4.0 0.00 4.6 29.0 6:00p S 11 57.7 65.0 1:40a 45.1 12:00m 7.3 0.0 0.00 9.1 31.0 12:10p SW 12 53.7 69.3 5:00p 39.6 7:00a 11.7 0.4 0.00 6.2 27.0 5:00p WSW 13 59.8 74.1 5:20p 42.7 5:50a 7.4 2.1 0.00 1.6 16.0 1:20p SSE 14 67.6 82.2 3:20p 50.7 5:30a 3.9 6.5 0.00 5.2 35.0 3:50p SSW 15 66.6 76.5 4:30p 56.7 7:20a 1.6 3.2 0.00 8.6 33.0 3:40p SW 16 53.8 61.1 3:10p 43.2 12:00m 11.2 0.0 0.00 7.4 30.0 4:20p WSW 17 50.5 62.9 3:40p 32.9 6:40a 14.5 0.0 0.00 4.3 28.0 5:10p WSW 18 58.1 74.5 5:20p 38.8 5:10a 9.0 2.0 0.00 2.1 38.0 3:00p E 19 62.7 75.1 5:40p 45.4 6:50a 5.0 2.7 0.00 1.4 15.0 4:40p ESE 20 64.9 79.7 3:40p 45.3 5:30a 4.7 4.5 0.00 1.2 15.0 2:50p SSE 21 69.9 86.2 4:20p 48.3 7:00a 3.1 8.0 0.00 1.8 16.0 2:10p SW 22 71.8 85.8 1:50p 52.5 5:00a 2.0 8.8 0.00 2.9 22.0 4:00p SW 23 72.6 85.2 3:20p 61.3 5:50a 0.4 8.0 0.00 4.4 26.0 4:30p S 24 71.0 84.7 5:00p 56.7 5:10a 1.8 7.8 0.00 4.4 24.0 2:20p SW 25 72.4 84.2 3:40p 61.8 6:20a 0.4 7.9 0.00 6.3 28.0 5:50p SW 26 65.8 75.0 4:30p 55.5 7:30a 2.4 3.1 0.00 5.9 31.0 2:10p WSW 27 64.4 77.9 2:50p 46.2 6:50a 4.6 4.0 0.00 2.0 19.0 1:20p SW 28 71.4 85.6 3:20p 55.0 7:00a 1.6 8.0 0.00 2.7 19.0 3:00p SE 29 70.8 84.2 4:10p 54.5 6:10a 1.8 7.6 0.00 4.5 26.0 4:10p S 30 71.4 87.1 4:20p 54.5 7:00a 2.4 8.9 0.00 2.9 23.0 2:10p SW ------------------------------------------------------------------------------------- 62.8 87.1 30 32.9 17 176.8 111.9 0.00 4.9 38.0 4 SW Max >= 90.0: 0 Max <= 32.0: 0 Min <= 32.0: 0 Min <= 0.0: 0 Max Rain: 0.00 ON 04/01/09 Days of Rain: 0 (>.01 in) 0 (>.1 in) 0 (>1 in) Heat Base: 65.0 Cool Base: 65.0 Method: Integration