NOAA-style Climate Reports

- as reported from this site (LasCruces-Weather.com) beginning 04-03-07

2023: Jan | Feb | Mar | Apr | May | Jun | Jul | Aug | Sep | Oct | Nov | Dec 
2022: Jan | Feb | Mar | Apr | May | Jun | Jul | Aug | Sep | Oct | Nov | Dec 
2021: Jan | Feb | Mar | Apr | May | Jun | Jul | Aug | Sep | Oct | Nov | Dec 
2020: Jan | Feb | Mar | Apr | May | Jun | Jul | Aug | Sep | Oct | Nov | Dec 
2019: Jan | Feb | Mar | Apr | May | Jun | Jul | Aug | Sep | Oct | Nov | Dec 
2018: Jan | Feb | Mar | Apr | May | Jun | Jul | Aug | Sep | Oct | Nov | Dec 
2017: Jan | Feb | Mar | Apr | May | Jun | Jul | Aug | Sep | Oct | Nov | Dec 
2016: Jan | Feb | Mar | Apr | May | Jun | Jul | Aug | Sep | Oct | Nov | Dec 
2015: Jan | Feb | Mar | Apr | May | Jun | Jul | Aug | Sep | Oct | Nov | Dec 
2014: Jan | Feb | Mar | Apr | May | Jun | Jul | Aug | Sep | Oct | Nov | Dec 
2013: Jan | Feb | Mar | Apr | May | Jun | Jul | Aug | Sep | Oct | Nov | Dec 
2012: Jan | Feb | Mar | Apr | May | Jun | Jul | Aug | Sep | Oct | Nov | Dec 
2011: Jan | Feb | Mar | Apr | May | Jun | Jul | Aug | Sep | Oct | Nov | Dec 
2010: Jan | Feb | Mar | Apr | May | Jun | Jul | Aug | Sep | Oct | Nov | Dec 
2009: Jan | Feb | Mar | Apr | May | Jun | Jul | Aug | Sep | Oct | Nov | Dec 
2008: Jan | Feb | Mar | Apr | May | Jun | Jul | Aug | Sep | Oct | Nov | Dec 
2007: Jan | Feb | Mar | Apr | May | Jun | Jul | Aug | Sep | Oct | Nov | Dec 

Report for 2009 03
MONTHLY CLIMATOLOGICAL SUMMARY for MAR. 2009 NAME: C32 CITY: Las Cruces|East Mesa STATE: NM ELEV: 4474 ft LAT: 32 24' 08" N LONG: 106 41' 01" W TEMPERATURE (F), RAIN (in), WIND SPEED (mph) HEAT COOL AVG MEAN DEG DEG WIND DOM DAY TEMP HIGH TIME LOW TIME DAYS DAYS RAIN SPEED HIGH TIME DIR ------------------------------------------------------------------------------------ 1 48.6 65.4 4:30p 32.1 5:30a 16.4 0.0 0.00 0.9 11.0 12:50p ESE 2 54.8 75.5 3:20p 32.4 5:50a 12.3 2.1 0.00 1.3 11.0 2:10p ESE 3 61.9 80.9 3:00p 39.7 6:30a 7.6 4.5 0.00 2.1 16.0 4:20p SW 4 65.3 80.3 1:20p 46.2 6:20a 4.8 5.1 0.00 4.3 28.0 1:20p WSW 5 64.4 73.6 4:00p 53.6 6:50a 3.2 2.6 0.00 3.3 18.0 12:00p S 6 64.9 74.8 2:00p 54.8 7:10a 2.8 2.7 0.00 5.9 30.0 3:40p WSW 7 59.6 68.7 1:30p 45.1 12:00m 5.9 0.5 0.00 7.4 30.0 5:50p WSW 8 51.6 63.5 5:20p 34.4 6:40a 12.8 0.0 0.11 3.3 23.0 6:50p SSW 9 50.8 55.0 5:10p 46.9 7:40a 14.2 0.0 0.04 3.3 17.0 12:50p S 10 53.0 65.9 4:20p 41.2 6:40a 12.0 0.0 0.00 2.5 19.0 9:50a SSW 11 50.5 62.3 4:20p 39.9 6:10a 14.5 0.0 0.00 1.7 14.0 1:30p NNE 12 49.3 67.2 5:00p 32.8 7:50a 15.7 0.0 0.00 1.5 21.0 5:30p WSW 13 50.4 63.2 2:00p 38.1 7:10a 14.6 0.0 0.00 2.6 27.0 2:50p SW 14 46.3 62.1 4:50p 32.1 7:50a 18.7 0.0 0.00 2.2 19.0 7:40p SE 15 50.9 66.9 3:50p 33.4 7:40a 14.2 0.1 0.00 2.1 18.0 2:30p E 16 55.4 72.5 4:00p 36.3 7:30a 11.0 1.4 0.00 1.4 20.0 4:20p ESE 17 61.1 78.7 4:30p 42.1 7:50a 7.6 3.7 0.00 1.5 15.0 5:50p SSE 18 62.9 80.6 3:10p 43.5 6:10a 6.7 4.7 0.00 1.6 15.0 3:40p SE 19 62.7 81.2 4:30p 42.0 6:30a 6.5 4.2 0.00 3.0 20.0 9:20p E 20 65.3 78.3 3:10p 50.4 7:50a 3.9 4.2 0.00 1.9 18.0 2:20p SSW 21 66.7 80.8 4:40p 52.2 5:40a 3.5 5.2 0.00 2.6 18.0 3:20p SE 22 67.3 78.9 4:00p 56.3 7:40a 2.3 4.6 0.00 6.2 25.0 3:50p SSE 23 61.9 70.8 3:50p 51.6 12:00m 4.2 1.1 0.00 9.8 33.0 3:50p WSW 24 51.6 65.5 5:30p 35.6 7:40a 13.4 0.0 0.00 2.3 19.0 9:30a SW 25 58.2 70.4 3:20p 45.0 7:40a 7.7 0.9 0.00 5.5 32.0 3:50p WSW 26 58.3 71.8 4:30p 40.2 12:00m 7.9 1.1 0.00 10.7 40.0 11:10p WSW 27 42.2 51.7 4:20p 31.5 7:30a 22.8 0.0 0.00 6.5 26.0 12:10a N 28 47.8 64.2 5:10p 29.8 7:20a 17.2 0.0 0.00 1.3 17.0 4:00p NE 29 59.4 74.4 4:20p 45.9 7:00a 7.6 2.0 0.00 6.9 28.0 4:30p S 30 58.3 67.8 1:50p 45.4 12:00m 6.9 0.3 0.00 9.0 36.0 3:50p W 31 52.3 68.3 4:30p 32.9 6:50a 13.0 0.3 0.00 2.9 19.0 6:20p NNE ------------------------------------------------------------------------------------- 56.6 81.2 19 29.8 28 311.9 51.3 0.15 3.8 40.0 26 WSW Max >= 90.0: 0 Max <= 32.0: 0 Min <= 32.0: 2 Min <= 0.0: 0 Max Rain: 0.11 ON 03/08/09 Days of Rain: 2 (>.01 in) 1 (>.1 in) 0 (>1 in) Heat Base: 65.0 Cool Base: 65.0 Method: Integration