NOAA-style Climate Reports

- as reported from this site (LasCruces-Weather.com) beginning 04-03-07

2023: Jan | Feb | Mar | Apr | May | Jun | Jul | Aug | Sep | Oct | Nov | Dec 
2022: Jan | Feb | Mar | Apr | May | Jun | Jul | Aug | Sep | Oct | Nov | Dec 
2021: Jan | Feb | Mar | Apr | May | Jun | Jul | Aug | Sep | Oct | Nov | Dec 
2020: Jan | Feb | Mar | Apr | May | Jun | Jul | Aug | Sep | Oct | Nov | Dec 
2019: Jan | Feb | Mar | Apr | May | Jun | Jul | Aug | Sep | Oct | Nov | Dec 
2018: Jan | Feb | Mar | Apr | May | Jun | Jul | Aug | Sep | Oct | Nov | Dec 
2017: Jan | Feb | Mar | Apr | May | Jun | Jul | Aug | Sep | Oct | Nov | Dec 
2016: Jan | Feb | Mar | Apr | May | Jun | Jul | Aug | Sep | Oct | Nov | Dec 
2015: Jan | Feb | Mar | Apr | May | Jun | Jul | Aug | Sep | Oct | Nov | Dec 
2014: Jan | Feb | Mar | Apr | May | Jun | Jul | Aug | Sep | Oct | Nov | Dec 
2013: Jan | Feb | Mar | Apr | May | Jun | Jul | Aug | Sep | Oct | Nov | Dec 
2012: Jan | Feb | Mar | Apr | May | Jun | Jul | Aug | Sep | Oct | Nov | Dec 
2011: Jan | Feb | Mar | Apr | May | Jun | Jul | Aug | Sep | Oct | Nov | Dec 
2010: Jan | Feb | Mar | Apr | May | Jun | Jul | Aug | Sep | Oct | Nov | Dec 
2009: Jan | Feb | Mar | Apr | May | Jun | Jul | Aug | Sep | Oct | Nov | Dec 
2008: Jan | Feb | Mar | Apr | May | Jun | Jul | Aug | Sep | Oct | Nov | Dec 
2007: Jan | Feb | Mar | Apr | May | Jun | Jul | Aug | Sep | Oct | Nov | Dec 

Report for 2009 02
MONTHLY CLIMATOLOGICAL SUMMARY for FEB. 2009 NAME: C32 CITY: Las Cruces|East Mesa STATE: NM ELEV: 4474 ft LAT: 32 24' 08" N LONG: 106 41' 01" W TEMPERATURE (F), RAIN (in), WIND SPEED (mph) HEAT COOL AVG MEAN DEG DEG WIND DOM DAY TEMP HIGH TIME LOW TIME DAYS DAYS RAIN SPEED HIGH TIME DIR ------------------------------------------------------------------------------------ 1 48.1 64.0 3:30p 26.9 6:30a 16.9 0.0 0.00 3.4 26.0 12:00m NNW 2 44.6 58.8 4:20p 26.9 6:40a 20.4 0.0 0.00 1.5 23.0 12:10a SE 3 45.6 64.8 3:00p 24.2 5:00a 19.4 0.0 0.00 2.2 12.0 8:20a N 4 47.6 66.8 2:20p 27.8 6:10a 17.5 0.1 0.00 1.4 16.0 2:00p E 5 50.3 70.1 3:00p 31.8 3:00a 15.3 0.6 0.00 2.1 11.0 1:20p SE 6 58.9 73.8 3:20p 43.0 7:30a 7.9 1.9 0.00 3.8 22.0 1:50p S 7 61.5 75.5 3:40p 44.1 7:30a 6.5 3.0 0.00 3.0 24.0 12:10p SE 8 49.2 61.4 11:00a 36.2 11:40p 15.8 0.0 0.00 3.6 30.0 12:30p W 9 46.0 56.7 4:40p 37.1 12:30a 19.0 0.0 0.00 6.1 24.0 3:50p SSW 10 38.2 44.2 1:50p 29.6 12:00m 26.8 0.0 0.00 8.7 37.0 4:00p WSW 11 38.2 53.4 3:40p 20.9 5:20a 26.8 0.0 0.00 1.6 16.0 12:40p S 12 48.0 61.7 3:40p 35.8 3:20a 17.0 0.0 0.00 3.1 17.0 4:00p SSW 13 47.9 61.4 3:10p 34.4 7:10a 17.1 0.0 0.00 2.2 20.0 1:40p SE 14 47.4 61.6 3:20p 34.5 6:20a 17.6 0.0 0.00 3.5 22.0 12:40p SE 15 43.7 57.4 4:50p 27.4 6:40a 21.3 0.0 0.00 1.2 12.0 8:20a NNE 16 51.1 65.3 3:30p 34.0 5:50a 13.9 0.0 0.00 4.1 19.0 2:30p S 17 53.1 64.1 2:20p 41.6 5:20a 11.9 0.0 0.00 6.3 31.0 3:20p WSW 18 45.7 58.9 4:50p 31.0 12:00m 19.3 0.0 0.00 2.1 17.0 11:10a NE 19 41.1 59.0 3:40p 23.9 6:50a 23.9 0.0 0.00 3.3 15.0 12:20p NNE 20 45.1 64.0 4:00p 26.6 3:30a 19.9 0.0 0.00 1.9 10.0 8:10a SSE 21 46.5 64.1 3:30p 32.0 6:40a 18.5 0.0 0.00 1.6 28.0 3:30p NE 22 48.7 68.7 3:40p 27.9 6:50a 16.6 0.3 0.00 2.1 15.0 3:50p SSW 23 57.9 73.4 1:50p 39.4 6:00a 8.7 1.7 0.00 2.4 14.0 3:00p S 24 65.9 80.3 2:40p 52.2 3:20a 3.8 4.6 0.00 4.6 24.0 3:00p SSE 25 63.9 80.9 3:30p 47.7 7:30a 5.7 4.6 0.00 4.2 27.0 4:40p WSW 26 64.7 76.9 3:10p 53.5 6:00a 3.6 3.3 0.00 7.2 30.0 5:00p WSW 27 61.5 75.9 2:20p 45.3 7:10a 6.1 2.5 0.00 4.2 24.0 3:40p WSW 28 51.8 63.6 3:20p 39.3 7:00a 12.5 0.0 0.00 2.9 19.0 12:10p E ------------------------------------------------------------------------------------- 50.4 80.9 25 20.9 11 429.7 22.6 0.00 3.4 37.0 10 S Max >= 90.0: 0 Max <= 32.0: 0 Min <= 32.0: 13 Min <= 0.0: 0 Max Rain: 0.00 ON 02/01/09 Days of Rain: 0 (>.01 in) 0 (>.1 in) 0 (>1 in) Heat Base: 65.0 Cool Base: 65.0 Method: Integration