NOAA-style Climate Reports

- as reported from this site (LasCruces-Weather.com) beginning 04-03-07

2023: Jan | Feb | Mar | Apr | May | Jun | Jul | Aug | Sep | Oct | Nov | Dec 
2022: Jan | Feb | Mar | Apr | May | Jun | Jul | Aug | Sep | Oct | Nov | Dec 
2021: Jan | Feb | Mar | Apr | May | Jun | Jul | Aug | Sep | Oct | Nov | Dec 
2020: Jan | Feb | Mar | Apr | May | Jun | Jul | Aug | Sep | Oct | Nov | Dec 
2019: Jan | Feb | Mar | Apr | May | Jun | Jul | Aug | Sep | Oct | Nov | Dec 
2018: Jan | Feb | Mar | Apr | May | Jun | Jul | Aug | Sep | Oct | Nov | Dec 
2017: Jan | Feb | Mar | Apr | May | Jun | Jul | Aug | Sep | Oct | Nov | Dec 
2016: Jan | Feb | Mar | Apr | May | Jun | Jul | Aug | Sep | Oct | Nov | Dec 
2015: Jan | Feb | Mar | Apr | May | Jun | Jul | Aug | Sep | Oct | Nov | Dec 
2014: Jan | Feb | Mar | Apr | May | Jun | Jul | Aug | Sep | Oct | Nov | Dec 
2013: Jan | Feb | Mar | Apr | May | Jun | Jul | Aug | Sep | Oct | Nov | Dec 
2012: Jan | Feb | Mar | Apr | May | Jun | Jul | Aug | Sep | Oct | Nov | Dec 
2011: Jan | Feb | Mar | Apr | May | Jun | Jul | Aug | Sep | Oct | Nov | Dec 
2010: Jan | Feb | Mar | Apr | May | Jun | Jul | Aug | Sep | Oct | Nov | Dec 
2009: Jan | Feb | Mar | Apr | May | Jun | Jul | Aug | Sep | Oct | Nov | Dec 
2008: Jan | Feb | Mar | Apr | May | Jun | Jul | Aug | Sep | Oct | Nov | Dec 
2007: Jan | Feb | Mar | Apr | May | Jun | Jul | Aug | Sep | Oct | Nov | Dec 

Report for 2008 11
MONTHLY CLIMATOLOGICAL SUMMARY for NOV. 2008 NAME: C32 CITY: Las Cruces|East Mesa STATE: NM ELEV: 4474 ft LAT: 32 24' 08" N LONG: 106 41' 01" W TEMPERATURE (F), RAIN (in), WIND SPEED (mph) HEAT COOL AVG MEAN DEG DEG WIND DOM DAY TEMP HIGH TIME LOW TIME DAYS DAYS RAIN SPEED HIGH TIME DIR ------------------------------------------------------------------------------------ 1 60.9 79.4 3:45p 43.6 6:15a 7.8 3.7 0.00 1.8 15.0 1:30p SE 2 61.6 77.2 2:45p 41.6 7:00a 6.5 3.1 0.00 1.5 16.0 2:15p SE 3 65.3 77.7 2:00p 57.2 4:15a 3.4 3.7 0.00 2.9 20.0 2:45p S 4 65.1 75.6 2:00p 54.1 5:00a 3.1 3.2 0.00 6.4 27.0 1:45p SW 5 57.4 65.6 3:15p 39.3 12:00m 7.6 0.0 0.00 8.0 31.0 11:15a WSW 6 43.4 58.1 4:00p 27.9 7:00a 21.6 0.0 0.00 2.9 16.0 12:15p N 7 41.7 59.0 3:00p 27.0 5:00a 23.3 0.0 0.00 3.1 14.0 10:30a N 8 45.9 64.2 3:00p 29.5 6:15a 19.1 0.0 0.00 1.3 10.0 2:45p ESE 9 55.5 71.5 2:45p 31.1 6:45a 10.5 1.0 0.00 3.9 23.0 1:30p ESE 10 52.8 62.3 2:15p 39.3 12:00m 12.2 0.0 0.00 5.6 28.0 1:45p WSW 11 46.3 61.8 2:30p 32.5 6:30a 18.7 0.0 0.00 1.2 18.0 1:30p ESE 12 48.4 62.6 3:30p 31.8 6:45a 16.6 0.0 0.00 2.0 19.0 12:15p NNW 13 52.5 68.5 3:15p 36.1 1:45a 12.9 0.4 0.00 1.3 13.0 2:15p ENE 14 57.3 73.9 1:15p 41.1 3:30a 9.5 1.8 0.00 2.4 15.0 7:45p ENE 15 45.0 56.1 3:15p 34.4 6:00a 20.0 0.0 0.00 1.0 14.0 2:45a SE 16 43.7 63.0 3:45p 25.3 7:00a 21.3 0.0 0.00 0.9 12.0 2:45p N 17 48.5 69.9 3:30p 27.3 4:45a 17.1 0.6 0.00 1.5 14.0 9:00a ESE 18 51.6 69.7 2:30p 37.9 2:00a 14.1 0.7 0.00 0.9 13.0 2:30p ENE 19 49.6 69.0 3:30p 33.4 5:00a 15.9 0.5 0.00 0.9 7.0 1:15p ESE 20 47.7 67.5 2:00p 31.3 5:45a 17.4 0.1 0.00 2.0 16.0 6:00p E 21 39.4 53.0 3:15p 25.7 7:00a 25.6 0.0 0.00 0.7 12.0 11:45a ESE 22 44.0 61.3 3:30p 27.5 5:45a 21.0 0.0 0.00 0.8 10.0 9:15a S 23 51.9 69.9 3:45p 35.0 6:00a 13.6 0.5 0.00 1.0 12.0 3:15p S 24 47.0 63.2 4:00p 31.7 6:00a 18.0 0.0 0.00 1.1 15.0 4:45a E 25 46.1 57.1 12:45p 32.2 2:15a 18.9 0.0 0.00 1.1 12.0 2:00p NE 26 54.4 64.3 3:15p 46.2 7:30a 10.6 0.0 0.00 0.8 9.0 2:15p SE 27 52.2 60.9 12:30p 47.4 10:45p 12.8 0.0 0.37 2.2 22.0 1:45p S 28 49.1 58.1 2:15p 39.6 12:00m 15.9 0.0 0.00 4.2 20.0 1:45p WSW 29 46.5 58.2 4:00p 34.4 7:00a 18.5 0.0 0.00 1.8 20.0 1:30p NNW 30 49.7 65.8 3:15p 32.7 5:30a 15.4 0.0 0.00 2.3 23.0 7:15p NNW ------------------------------------------------------------------------------------- 50.7 79.4 1 25.3 16 448.9 19.3 0.37 2.3 31.0 5 ESE Max >= 90.0: 0 Max <= 32.0: 0 Min <= 32.0: 11 Min <= 0.0: 0 Max Rain: 0.37 ON 11/27/08 Days of Rain: 1 (>.01 in) 1 (>.1 in) 0 (>1 in) Heat Base: 65.0 Cool Base: 65.0 Method: Integration