NOAA-style Climate Reports

- as reported from this site (LasCruces-Weather.com) beginning 04-03-07

2023: Jan | Feb | Mar | Apr | May | Jun | Jul | Aug | Sep | Oct | Nov | Dec 
2022: Jan | Feb | Mar | Apr | May | Jun | Jul | Aug | Sep | Oct | Nov | Dec 
2021: Jan | Feb | Mar | Apr | May | Jun | Jul | Aug | Sep | Oct | Nov | Dec 
2020: Jan | Feb | Mar | Apr | May | Jun | Jul | Aug | Sep | Oct | Nov | Dec 
2019: Jan | Feb | Mar | Apr | May | Jun | Jul | Aug | Sep | Oct | Nov | Dec 
2018: Jan | Feb | Mar | Apr | May | Jun | Jul | Aug | Sep | Oct | Nov | Dec 
2017: Jan | Feb | Mar | Apr | May | Jun | Jul | Aug | Sep | Oct | Nov | Dec 
2016: Jan | Feb | Mar | Apr | May | Jun | Jul | Aug | Sep | Oct | Nov | Dec 
2015: Jan | Feb | Mar | Apr | May | Jun | Jul | Aug | Sep | Oct | Nov | Dec 
2014: Jan | Feb | Mar | Apr | May | Jun | Jul | Aug | Sep | Oct | Nov | Dec 
2013: Jan | Feb | Mar | Apr | May | Jun | Jul | Aug | Sep | Oct | Nov | Dec 
2012: Jan | Feb | Mar | Apr | May | Jun | Jul | Aug | Sep | Oct | Nov | Dec 
2011: Jan | Feb | Mar | Apr | May | Jun | Jul | Aug | Sep | Oct | Nov | Dec 
2010: Jan | Feb | Mar | Apr | May | Jun | Jul | Aug | Sep | Oct | Nov | Dec 
2009: Jan | Feb | Mar | Apr | May | Jun | Jul | Aug | Sep | Oct | Nov | Dec 
2008: Jan | Feb | Mar | Apr | May | Jun | Jul | Aug | Sep | Oct | Nov | Dec 
2007: Jan | Feb | Mar | Apr | May | Jun | Jul | Aug | Sep | Oct | Nov | Dec 

Report for 2008 10
MONTHLY CLIMATOLOGICAL SUMMARY for OCT. 2008 NAME: C32 CITY: Las Cruces|East Mesa STATE: NM ELEV: 4474 ft LAT: 32 24' 08" N LONG: 106 41' 01" W TEMPERATURE (F), RAIN (in), WIND SPEED (mph) HEAT COOL AVG MEAN DEG DEG WIND DOM DAY TEMP HIGH TIME LOW TIME DAYS DAYS RAIN SPEED HIGH TIME DIR ------------------------------------------------------------------------------------ 1 66.1 82.4 4:00p 50.6 8:00a 4.2 5.3 0.00 1.0 12.0 6:00p NE 2 65.9 82.2 4:00p 49.4 8:00a 4.8 5.7 0.00 1.5 18.0 4:00p ESE 3 68.8 84.5 4:00p 51.4 8:00a 3.4 7.2 0.00 1.7 14.0 4:00p SSW 4 71.8 82.2 4:00p 62.2 8:00a 0.4 7.3 0.00 4.8 23.0 2:00p S 5 60.8 68.7 2:00a 52.1 12:00m 4.5 0.3 0.40 2.7 28.0 10:00a S 6 59.6 72.8 6:00p 47.1 6:00a 7.1 1.7 0.00 2.2 21.0 2:00p N 7 61.1 76.3 6:00p 46.1 8:00a 6.8 2.9 0.00 1.6 12.0 12:00p N 8 64.3 79.3 6:00p 47.5 8:00a 4.7 4.0 0.00 0.9 11.0 4:00p WSW 9 68.6 84.9 4:00p 52.0 8:00a 3.0 6.7 0.00 3.0 21.0 6:00p SE 10 71.3 82.9 4:00p 58.9 6:00a 1.2 7.4 0.00 6.0 31.0 4:00p S 11 69.4 76.7 4:00p 62.1 8:00a 0.4 4.8 0.08 4.7 20.0 4:00p S 12 69.0 80.9 4:00p 56.9 12:00m 0.9 4.9 0.00 5.2 27.0 4:00p S 13 61.0 77.1 4:00p 43.5 8:00a 6.9 2.8 0.00 2.6 16.0 4:00p E 14 54.8 64.5 2:00a 45.3 12:00m 10.2 0.0 0.02 4.7 19.0 10:00a N 15 55.6 71.3 6:00p 38.4 8:00a 10.4 0.9 0.00 3.5 19.0 12:00m N 16 59.4 72.1 4:00p 45.3 8:00a 7.2 1.5 0.00 1.4 18.0 2:00a ESE 17 61.8 78.2 4:00p 42.9 8:00a 6.4 3.2 0.00 1.8 12.0 2:00p ESE 18 61.9 77.8 4:00p 44.5 8:00a 6.4 3.3 0.00 1.4 15.0 4:00p S 19 65.0 82.0 4:00p 47.8 8:00a 4.9 4.9 0.00 1.2 13.0 2:00p ENE 20 67.3 82.0 6:00p 53.1 8:00a 2.8 5.1 0.00 2.3 24.0 6:00p ESE 21 66.2 81.6 4:00p 52.0 8:00a 3.7 4.8 0.00 2.8 19.0 4:00p N 22 56.8 68.0 4:00p 44.2 8:00a 8.7 0.5 0.00 5.1 33.0 4:00p E 23 49.9 66.1 6:00p 30.6 8:00a 15.2 0.0 0.00 0.8 15.0 4:00p E 24 56.7 75.6 4:00p 35.4 6:00a 10.5 2.2 0.00 1.3 14.0 4:00p SE 25 59.3 78.9 4:00p 40.6 8:00a 9.3 3.5 0.00 2.4 16.0 4:00p NNE 26 64.3 84.8 4:00p 39.8 8:00a 6.8 6.2 0.00 6.0 40.0 12:00m E 27 57.4 67.0 4:00p 47.2 12:00m 7.7 0.2 0.00 3.6 31.0 4:00a E 28 55.7 72.8 4:00p 40.0 8:00a 10.4 1.3 0.00 1.1 10.0 2:00p E 29 59.3 75.8 4:00p 44.1 8:00a 8.2 2.5 0.00 1.2 13.0 2:15p S 30 61.6 77.8 3:15p 48.4 6:15a 6.7 3.3 0.00 1.3 12.0 12:15p SE 31 61.5 79.8 3:00p 44.6 7:30a 7.3 3.9 0.00 1.8 12.0 2:15p SE ------------------------------------------------------------------------------------- 62.3 84.9 9 30.6 23 191.1 108.3 0.50 2.6 40.0 26 S Max >= 90.0: 0 Max <= 32.0: 0 Min <= 32.0: 1 Min <= 0.0: 0 Max Rain: 0.40 ON 10/05/08 Days of Rain: 3 (>.01 in) 1 (>.1 in) 0 (>1 in) Heat Base: 65.0 Cool Base: 65.0 Method: Integration